{"id":1469,"date":"2025-07-02T12:45:48","date_gmt":"2025-07-02T10:45:48","guid":{"rendered":"https:\/\/www.muzeum.klodzko.pl\/n\/?page_id=1469"},"modified":"2026-01-24T15:30:08","modified_gmt":"2026-01-24T14:30:08","slug":"aktualne-wydarzenia","status":"publish","type":"page","link":"https:\/\/www.muzeum.klodzko.pl\/n\/wydarzenia\/aktualne-wydarzenia\/","title":{"rendered":"Aktualno\u015bci"},"content":{"rendered":"\n<h2 class=\"wp-block-heading\">Aktualno\u015bci<\/h2>\n\n\n\n<p><\/p>\n\n\n\n<p>.  <\/p>\n\n\n\n<figure class=\"wp-block-image size-large\"><a href=\"https:\/\/www.muzeum.klodzko.pl\/n\/czasowe\/krzysztof-okon-i-ptaki-niebieskie-i-malarstwo-i-rzezba\/\"><img loading=\"lazy\" decoding=\"async\" width=\"1024\" height=\"768\" src=\"https:\/\/www.muzeum.klodzko.pl\/n\/wp-content\/uploads\/2026\/01\/51-1024x768.jpg\" alt=\"\" class=\"wp-image-3388\" srcset=\"https:\/\/www.muzeum.klodzko.pl\/n\/wp-content\/uploads\/2026\/01\/51-1024x768.jpg 1024w, https:\/\/www.muzeum.klodzko.pl\/n\/wp-content\/uploads\/2026\/01\/51-300x225.jpg 300w, https:\/\/www.muzeum.klodzko.pl\/n\/wp-content\/uploads\/2026\/01\/51-150x113.jpg 150w, https:\/\/www.muzeum.klodzko.pl\/n\/wp-content\/uploads\/2026\/01\/51-768x576.jpg 768w, https:\/\/www.muzeum.klodzko.pl\/n\/wp-content\/uploads\/2026\/01\/51-1536x1152.jpg 1536w, https:\/\/www.muzeum.klodzko.pl\/n\/wp-content\/uploads\/2026\/01\/51-2048x1536.jpg 2048w\" sizes=\"auto, (max-width: 1024px) 100vw, 1024px\" \/><\/a><\/figure>\n\n\n\n<p><a href=\"https:\/\/www.muzeum.klodzko.pl\/n\/czasowe\/krzysztof-okon-i-ptaki-niebieskie-i-malarstwo-i-rzezba\/\" data-type=\"link\" data-id=\"https:\/\/www.muzeum.klodzko.pl\/n\/czasowe\/krzysztof-okon-i-ptaki-niebieskie-i-malarstwo-i-rzezba\/\" target=\"_blank\" rel=\"noreferrer noopener\">Krzysztof Oko\u0144 I Ptaki Niebieskie I Malarstwo I Rze\u017aba<\/a><br>Zapraszamy na wystaw\u0119 czasow\u0105 od 20 grudnia 2025 do 28 lutego 2026<\/p>\n\n\n\n<figure class=\"wp-block-image\"><a href=\"https:\/\/www.muzeum.klodzko.pl\/n\/ferie-w-muzeum-2\/\"><img decoding=\"async\" src=\"https:\/\/www.muzeum.klodzko.pl\/n\/wp-content\/uploads\/2026\/01\/Ferie-2026-belka-na-strone-1024x351.jpg\" alt=\"\"\/><\/a><\/figure>\n\n\n\n<p><a href=\"https:\/\/www.muzeum.klodzko.pl\/n\/ferie-w-muzeum-2\/\">Ferie w Muzeum<\/a><\/p>\n\n\n\n<p><strong>Ferie 2026 w Muzeum Ziemi K\u0142odzkiej w K\u0142odzku<\/strong> Serdecznie zapraszamy dzieci i m\u0142odzie\u017c we wtorki i czwartki na zaj\u0119cia  edukacyjne: 3 lutego 2026 r., godz. 10.00-12.00 Bal karnawa\u0142owy u Marianny Ora\u0144skiej \u2013 warsztaty modniarskie dla dzieci. Zaj\u0119cia\u2026\u00a0<a href=\"https:\/\/www.muzeum.klodzko.pl\/n\/ferie-w-muzeum-2\/\">Dowiedz si\u0119 wi\u0119cej \u00bbFerie w Muzeum<\/a><\/p>\n\n\n\n<figure class=\"wp-block-image\"><a href=\"https:\/\/www.muzeum.klodzko.pl\/n\/o-sole-mio-od-granady-do-sorrento-koncert\/\"><img decoding=\"async\" src=\"https:\/\/www.muzeum.klodzko.pl\/n\/wp-content\/uploads\/2026\/01\/Belka-3-1024x422.jpg\" alt=\"\"\/><\/a><\/figure>\n\n\n\n<p><a href=\"https:\/\/www.muzeum.klodzko.pl\/n\/o-sole-mio-od-granady-do-sorrento-koncert\/\">O sole mio \u2013 Od Granady do Sorrento \u2013 koncert<\/a><\/p>\n\n\n\n<p>Zapraszamy na<strong> koncert walentynkowy <\/strong>duetu ma\u0142\u017ce\u0144skiego Doroty Ujdy-Jankiewicz i Andrzeja Jankiewicza <strong>\u201eO sole mio \u2013 Od Granady do Sorrento\u201d<\/strong>&#8211; <strong>15 lutego 2026<\/strong> o godzinie <strong>17:00<\/strong> w Muzeum Ziemi K\u0142odzkiej w K\u0142odzku\u2026\u00a0<a href=\"https:\/\/www.muzeum.klodzko.pl\/n\/o-sole-mio-od-granady-do-sorrento-koncert\/\">Dowiedz si\u0119 wi\u0119cej \u00bb<\/a><\/p>\n\n\n\n<figure class=\"wp-block-image\"><a href=\"https:\/\/www.muzeum.klodzko.pl\/n\/cultural-carnival\/\"><img decoding=\"async\" src=\"https:\/\/www.muzeum.klodzko.pl\/n\/wp-content\/uploads\/2026\/01\/Post-Facebook-Flyer-Cultural-Carnival-1024x1024.png\" alt=\"\"\/><\/a><\/figure>\n\n\n\n<p><a href=\"https:\/\/www.muzeum.klodzko.pl\/n\/cultural-carnival\/\">Cultural Carnival<\/a><\/p>\n\n\n\n<p><strong>Cultural Carnival<\/strong> <br>Zapraszamy 25 lutego 2025 o godzinie 12.00 do Muzeum. Prezentacje, kultura, tradycje, muzyka, gry, przek\u0105ski, ciekawostki .Spotkanie przygotowane przez Wolontariuszy z Europejskiego Forum M\u0142odzie\u017cy. \u2026\u00a0<a href=\"https:\/\/www.muzeum.klodzko.pl\/n\/cultural-carnival\/\">Dowiedz si\u0119 wi\u0119cej<\/a><\/p>\n","protected":false},"excerpt":{"rendered":"<p>Aktualno\u015bci . Krzysztof Oko\u0144 I Ptaki Niebieskie I Malarstwo I Rze\u017abaZapraszamy na wystaw\u0119 czasow\u0105 od 20 grudnia 2025 do 28 lutego 2026 Ferie w Muzeum Ferie 2026 w Muzeum Ziemi K\u0142odzkiej w K\u0142odzku Serdecznie zapraszamy dzieci i m\u0142odzie\u017c we wtorki i czwartki na zaj\u0119cia edukacyjne: 3 lutego 2026 r., godz. 10.00-12.00 Bal karnawa\u0142owy u Marianny&hellip;&nbsp;<a href=\"https:\/\/www.muzeum.klodzko.pl\/n\/wydarzenia\/aktualne-wydarzenia\/\" rel=\"bookmark\">Dowiedz si\u0119 wi\u0119cej &raquo;<span class=\"screen-reader-text\">Aktualno\u015bci<\/span><\/a><\/p>\n","protected":false},"author":3,"featured_media":1475,"parent":1082,"menu_order":0,"comment_status":"closed","ping_status":"closed","template":"","meta":{"neve_meta_sidebar":"","neve_meta_container":"","neve_meta_enable_content_width":"","neve_meta_content_width":0,"neve_meta_title_alignment":"left","neve_meta_author_avatar":"","neve_post_elements_order":"","neve_meta_disable_header":"","neve_meta_disable_footer":"","neve_meta_disable_title":"","footnotes":""},"class_list":["post-1469","page","type-page","status-publish","has-post-thumbnail","hentry"],"_links":{"self":[{"href":"https:\/\/www.muzeum.klodzko.pl\/n\/wp-json\/wp\/v2\/pages\/1469","targetHints":{"allow":["GET"]}}],"collection":[{"href":"https:\/\/www.muzeum.klodzko.pl\/n\/wp-json\/wp\/v2\/pages"}],"about":[{"href":"https:\/\/www.muzeum.klodzko.pl\/n\/wp-json\/wp\/v2\/types\/page"}],"author":[{"embeddable":true,"href":"https:\/\/www.muzeum.klodzko.pl\/n\/wp-json\/wp\/v2\/users\/3"}],"replies":[{"embeddable":true,"href":"https:\/\/www.muzeum.klodzko.pl\/n\/wp-json\/wp\/v2\/comments?post=1469"}],"version-history":[{"count":62,"href":"https:\/\/www.muzeum.klodzko.pl\/n\/wp-json\/wp\/v2\/pages\/1469\/revisions"}],"predecessor-version":[{"id":3497,"href":"https:\/\/www.muzeum.klodzko.pl\/n\/wp-json\/wp\/v2\/pages\/1469\/revisions\/3497"}],"up":[{"embeddable":true,"href":"https:\/\/www.muzeum.klodzko.pl\/n\/wp-json\/wp\/v2\/pages\/1082"}],"wp:featuredmedia":[{"embeddable":true,"href":"https:\/\/www.muzeum.klodzko.pl\/n\/wp-json\/wp\/v2\/media\/1475"}],"wp:attachment":[{"href":"https:\/\/www.muzeum.klodzko.pl\/n\/wp-json\/wp\/v2\/media?parent=1469"}],"curies":[{"name":"wp","href":"https:\/\/api.w.org\/{rel}","templated":true}]}}

Aktualności

<h2 class="wp-block-heading">Aktualności</h2>



<p></p>



<p>.  </p>



<figure class="wp-block-image size-large"><a href="https://www.muzeum.klodzko.pl/n/czasowe/krzysztof-okon-i-ptaki-niebieskie-i-malarstwo-i-rzezba/"><img loading="lazy" decoding="async" width="1024" height="768" src="https://www.muzeum.klodzko.pl/n/wp-content/uploads/2026/01/51-1024x768.jpg" alt="" class="wp-image-3388" srcset="https://www.muzeum.klodzko.pl/n/wp-content/uploads/2026/01/51-1024x768.jpg 1024w, https://www.muzeum.klodzko.pl/n/wp-content/uploads/2026/01/51-300x225.jpg 300w, https://www.muzeum.klodzko.pl/n/wp-content/uploads/2026/01/51-150x113.jpg 150w, https://www.muzeum.klodzko.pl/n/wp-content/uploads/2026/01/51-768x576.jpg 768w, https://www.muzeum.klodzko.pl/n/wp-content/uploads/2026/01/51-1536x1152.jpg 1536w, https://www.muzeum.klodzko.pl/n/wp-content/uploads/2026/01/51-2048x1536.jpg 2048w" sizes="auto, (max-width: 1024px) 100vw, 1024px" /></a></figure>



<p><a href="https://www.muzeum.klodzko.pl/n/czasowe/krzysztof-okon-i-ptaki-niebieskie-i-malarstwo-i-rzezba/" data-type="link" data-id="https://www.muzeum.klodzko.pl/n/czasowe/krzysztof-okon-i-ptaki-niebieskie-i-malarstwo-i-rzezba/" target="_blank" rel="noreferrer noopener">Krzysztof Okoń I Ptaki Niebieskie I Malarstwo I Rzeźba</a><br>Zapraszamy na wystawę czasową od 20 grudnia 2025 do 28 lutego 2026</p>



<figure class="wp-block-image"><a href="https://www.muzeum.klodzko.pl/n/ferie-w-muzeum-2/"><img decoding="async" src="https://www.muzeum.klodzko.pl/n/wp-content/uploads/2026/01/Ferie-2026-belka-na-strone-1024x351.jpg" alt=""/></a></figure>



<p><a href="https://www.muzeum.klodzko.pl/n/ferie-w-muzeum-2/">Ferie w Muzeum</a></p>



<p><strong>Ferie 2026 w Muzeum Ziemi Kłodzkiej w Kłodzku</strong> Serdecznie zapraszamy dzieci i młodzież we wtorki i czwartki na zajęcia  edukacyjne: 3 lutego 2026 r., godz. 10.00-12.00 Bal karnawałowy u Marianny Orańskiej – warsztaty modniarskie dla dzieci. Zajęcia… <a href="https://www.muzeum.klodzko.pl/n/ferie-w-muzeum-2/">Dowiedz się więcej »Ferie w Muzeum</a></p>



<figure class="wp-block-image"><a href="https://www.muzeum.klodzko.pl/n/o-sole-mio-od-granady-do-sorrento-koncert/"><img decoding="async" src="https://www.muzeum.klodzko.pl/n/wp-content/uploads/2026/01/Belka-3-1024x422.jpg" alt=""/></a></figure>



<p><a href="https://www.muzeum.klodzko.pl/n/o-sole-mio-od-granady-do-sorrento-koncert/">O sole mio – Od Granady do Sorrento – koncert</a></p>



<p>Zapraszamy na<strong> koncert walentynkowy </strong>duetu małżeńskiego Doroty Ujdy-Jankiewicz i Andrzeja Jankiewicza <strong>„O sole mio – Od Granady do Sorrento”</strong>&#8211; <strong>15 lutego 2026</strong> o godzinie <strong>17:00</strong> w Muzeum Ziemi Kłodzkiej w Kłodzku… <a href="https://www.muzeum.klodzko.pl/n/o-sole-mio-od-granady-do-sorrento-koncert/">Dowiedz się więcej »</a></p>



<figure class="wp-block-image"><a href="https://www.muzeum.klodzko.pl/n/cultural-carnival/"><img decoding="async" src="https://www.muzeum.klodzko.pl/n/wp-content/uploads/2026/01/Post-Facebook-Flyer-Cultural-Carnival-1024x1024.png" alt=""/></a></figure>



<p><a href="https://www.muzeum.klodzko.pl/n/cultural-carnival/">Cultural Carnival</a></p>



<p><strong>Cultural Carnival</strong> <br>Zapraszamy 25 lutego 2025 o godzinie 12.00 do Muzeum. Prezentacje, kultura, tradycje, muzyka, gry, przekąski, ciekawostki .Spotkanie przygotowane przez Wolontariuszy z Europejskiego Forum Młodzieży. … <a href="https://www.muzeum.klodzko.pl/n/cultural-carnival/">Dowiedz się więcej</a></p>

<p>Aktualności . Krzysztof Okoń I Ptaki Niebieskie I Malarstwo I RzeźbaZapraszamy na wystawę czasową od 20 grudnia 2025 do 28 lutego 2026 Ferie w Muzeum Ferie 2026 w Muzeum Ziemi Kłodzkiej w Kłodzku Serdecznie zapraszamy dzieci i młodzież we wtorki i czwartki na zajęcia edukacyjne: 3 lutego 2026 r., godz. 10.00-12.00 Bal karnawałowy u Marianny&hellip;&nbsp;<a href="https://www.muzeum.klodzko.pl/n/wydarzenia/aktualne-wydarzenia/" rel="bookmark">Dowiedz się więcej &raquo;<span class="screen-reader-text">Aktualności</span></a></p>
