{"id":293,"date":"2025-08-12T10:04:02","date_gmt":"2025-08-12T08:04:02","guid":{"rendered":"https:\/\/www.muzeum.klodzko.pl\/n\/?page_id=293"},"modified":"2025-08-12T10:04:44","modified_gmt":"2025-08-12T08:04:44","slug":"kacik-malego-jubilera","status":"publish","type":"page","link":"https:\/\/www.muzeum.klodzko.pl\/n\/kacik-malego-jubilera\/","title":{"rendered":"K\u0105cik ma\u0142ego jubilera"},"content":{"rendered":"\n<p>Warsztaty tworzenia bi\u017cuterii i dekoracji z motywem K\u0142odzka, przy u\u017cyciu gliny.<br>Wst\u0119p \u2013 <strong>30 z\u0142<\/strong>. <br>Czas trwania: 60 \u2013 120 minut.<br><\/p>\n\n\n\n<figure class=\"wp-block-image size-large is-resized\"><img loading=\"lazy\" decoding=\"async\" width=\"1024\" height=\"791\" src=\"https:\/\/www.muzeum.klodzko.pl\/n\/wp-content\/uploads\/2025\/08\/327510700_538633138254742_5481865789429160045_n-1536x1186-1-1024x791.jpg\" alt=\"\" class=\"wp-image-1987\" style=\"width:402px;height:auto\" srcset=\"https:\/\/www.muzeum.klodzko.pl\/n\/wp-content\/uploads\/2025\/08\/327510700_538633138254742_5481865789429160045_n-1536x1186-1-1024x791.jpg 1024w, https:\/\/www.muzeum.klodzko.pl\/n\/wp-content\/uploads\/2025\/08\/327510700_538633138254742_5481865789429160045_n-1536x1186-1-300x232.jpg 300w, https:\/\/www.muzeum.klodzko.pl\/n\/wp-content\/uploads\/2025\/08\/327510700_538633138254742_5481865789429160045_n-1536x1186-1-768x593.jpg 768w, https:\/\/www.muzeum.klodzko.pl\/n\/wp-content\/uploads\/2025\/08\/327510700_538633138254742_5481865789429160045_n-1536x1186-1.jpg 1536w\" sizes=\"auto, (max-width: 1024px) 100vw, 1024px\" \/><\/figure>\n","protected":false},"excerpt":{"rendered":"<p>Warsztaty tworzenia bi\u017cuterii i dekoracji z motywem K\u0142odzka, przy u\u017cyciu gliny.Wst\u0119p \u2013 30 z\u0142. Czas trwania: 60 \u2013 120 minut.<\/p>\n","protected":false},"author":3,"featured_media":1985,"parent":0,"menu_order":0,"comment_status":"closed","ping_status":"closed","template":"","meta":{"neve_meta_sidebar":"","neve_meta_container":"","neve_meta_enable_content_width":"","neve_meta_content_width":0,"neve_meta_title_alignment":"","neve_meta_author_avatar":"","neve_post_elements_order":"","neve_meta_disable_header":"","neve_meta_disable_footer":"","neve_meta_disable_title":"","footnotes":""},"class_list":["post-293","page","type-page","status-publish","has-post-thumbnail","hentry"],"_links":{"self":[{"href":"https:\/\/www.muzeum.klodzko.pl\/n\/wp-json\/wp\/v2\/pages\/293","targetHints":{"allow":["GET"]}}],"collection":[{"href":"https:\/\/www.muzeum.klodzko.pl\/n\/wp-json\/wp\/v2\/pages"}],"about":[{"href":"https:\/\/www.muzeum.klodzko.pl\/n\/wp-json\/wp\/v2\/types\/page"}],"author":[{"embeddable":true,"href":"https:\/\/www.muzeum.klodzko.pl\/n\/wp-json\/wp\/v2\/users\/3"}],"replies":[{"embeddable":true,"href":"https:\/\/www.muzeum.klodzko.pl\/n\/wp-json\/wp\/v2\/comments?post=293"}],"version-history":[{"count":2,"href":"https:\/\/www.muzeum.klodzko.pl\/n\/wp-json\/wp\/v2\/pages\/293\/revisions"}],"predecessor-version":[{"id":1988,"href":"https:\/\/www.muzeum.klodzko.pl\/n\/wp-json\/wp\/v2\/pages\/293\/revisions\/1988"}],"wp:featuredmedia":[{"embeddable":true,"href":"https:\/\/www.muzeum.klodzko.pl\/n\/wp-json\/wp\/v2\/media\/1985"}],"wp:attachment":[{"href":"https:\/\/www.muzeum.klodzko.pl\/n\/wp-json\/wp\/v2\/media?parent=293"}],"curies":[{"name":"wp","href":"https:\/\/api.w.org\/{rel}","templated":true}]}}