{"id":625,"date":"2025-03-27T09:27:31","date_gmt":"2025-03-27T08:27:31","guid":{"rendered":"https:\/\/www.muzeum.klodzko.pl\/n\/?page_id=625"},"modified":"2025-04-02T13:45:49","modified_gmt":"2025-04-02T11:45:49","slug":"duszek-maksio-i-tajemnica-muzealnego-dziedzinca","status":"publish","type":"page","link":"https:\/\/www.muzeum.klodzko.pl\/n\/duszek-maksio-i-tajemnica-muzealnego-dziedzinca\/","title":{"rendered":"Duszek Maksio i tajemnica muzealnego dziedzi\u0144ca"},"content":{"rendered":"\n<p><em><strong>Duszek Maksio i tajemnica muzealnego dziedzi\u0144ca<\/strong><\/em>.<strong> <em>Stra\u0161id\u00fdlko Max\u00edk a tajemstv\u00ed muzejn\u00edho n\u00e1dvo\u0159\u00ed<\/em>. <\/strong>K\u0142odzko, 2017, s. 70. 21 x 21 cm.<\/p>\n\n\n\n<p>Kolejna cz\u0119\u015b\u0107 bajeczki o przygodach muzealnych skrzat\u00f3w i ich przyjaci\u00f3\u0142.<br>\u201eNoc by\u0142a przepi\u0119kna \u2013 mro\u017ana, skrz\u0105ca si\u0119 milionami gwiazd na niebie\u2026\u2026\u201d \u2013 tak zaczyna si\u0119 najnowsza ksi\u0105\u017ceczka, a dalej b\u0119dzie ju\u017c tylko bardziej tajemniczo i ciekawie.<br>Bajka jest dwuj\u0119zyczna: z jednej strony mo\u017cemy czyta\u0107 po polsku, a z drugiej po czesku. <br>Ksi\u0105\u017ck\u0119 wyda\u0142o Muzeum Ziemi K\u0142odzkiej dzi\u0119ki dofinansowaniu ze \u015brodk\u00f3w Europejskiego Funduszu Rozwoju Regionalnego w ramach Programu Intereg V-A Republika Czeska \u2013 Polska 2014-2020 oraz bud\u017cetu pa\u0144stwa za po\u015brednictwem Euroregionu Glacensis.<\/p>\n\n\n\n<p>Nak\u0142ad wyczerpany<\/p>\n\n\n\n<p>Autor:<strong> Irena Klimaszewska<\/strong><br>ilustracje: <strong>Malwina Karp <\/strong><br>zdj\u0119cia <strong>Tomasz Gmerek<\/strong> i <strong>Tadeusz Ja\u017cd\u017cewski<\/strong><br>T\u0142umaczenie: <strong>Petr Neuman<\/strong><br><\/p>\n\n\n\n<figure class=\"wp-block-image size-full is-resized\"><img loading=\"lazy\" decoding=\"async\" width=\"445\" height=\"429\" src=\"https:\/\/www.muzeum.klodzko.pl\/n\/wp-content\/uploads\/2025\/03\/2021-04-14-2.jpg\" alt=\"\" class=\"wp-image-626\" style=\"width:402px;height:auto\" srcset=\"https:\/\/www.muzeum.klodzko.pl\/n\/wp-content\/uploads\/2025\/03\/2021-04-14-2.jpg 445w, https:\/\/www.muzeum.klodzko.pl\/n\/wp-content\/uploads\/2025\/03\/2021-04-14-2-300x289.jpg 300w\" sizes=\"auto, (max-width: 445px) 100vw, 445px\" \/><\/figure>\n","protected":false},"excerpt":{"rendered":"<p>Duszek Maksio i tajemnica muzealnego dziedzi\u0144ca. Stra\u0161id\u00fdlko Max\u00edk a tajemstv\u00ed muzejn\u00edho n\u00e1dvo\u0159\u00ed. K\u0142odzko, 2017, s. 70. 21 x 21 cm. Kolejna cz\u0119\u015b\u0107 bajeczki o przygodach muzealnych skrzat\u00f3w i ich przyjaci\u00f3\u0142.\u201eNoc by\u0142a przepi\u0119kna \u2013 mro\u017ana, skrz\u0105ca si\u0119 milionami gwiazd na niebie\u2026\u2026\u201d \u2013 tak zaczyna si\u0119 najnowsza ksi\u0105\u017ceczka, a dalej b\u0119dzie ju\u017c tylko bardziej tajemniczo i ciekawie.Bajka&hellip;&nbsp;<a href=\"https:\/\/www.muzeum.klodzko.pl\/n\/duszek-maksio-i-tajemnica-muzealnego-dziedzinca\/\" rel=\"bookmark\">Dowiedz si\u0119 wi\u0119cej &raquo;<span class=\"screen-reader-text\">Duszek Maksio i tajemnica muzealnego dziedzi\u0144ca<\/span><\/a><\/p>\n","protected":false},"author":3,"featured_media":628,"parent":0,"menu_order":0,"comment_status":"closed","ping_status":"closed","template":"","meta":{"neve_meta_sidebar":"","neve_meta_container":"","neve_meta_enable_content_width":"","neve_meta_content_width":0,"neve_meta_title_alignment":"","neve_meta_author_avatar":"","neve_post_elements_order":"","neve_meta_disable_header":"","neve_meta_disable_footer":"","neve_meta_disable_title":"","footnotes":""},"class_list":["post-625","page","type-page","status-publish","has-post-thumbnail","hentry"],"_links":{"self":[{"href":"https:\/\/www.muzeum.klodzko.pl\/n\/wp-json\/wp\/v2\/pages\/625","targetHints":{"allow":["GET"]}}],"collection":[{"href":"https:\/\/www.muzeum.klodzko.pl\/n\/wp-json\/wp\/v2\/pages"}],"about":[{"href":"https:\/\/www.muzeum.klodzko.pl\/n\/wp-json\/wp\/v2\/types\/page"}],"author":[{"embeddable":true,"href":"https:\/\/www.muzeum.klodzko.pl\/n\/wp-json\/wp\/v2\/users\/3"}],"replies":[{"embeddable":true,"href":"https:\/\/www.muzeum.klodzko.pl\/n\/wp-json\/wp\/v2\/comments?post=625"}],"version-history":[{"count":3,"href":"https:\/\/www.muzeum.klodzko.pl\/n\/wp-json\/wp\/v2\/pages\/625\/revisions"}],"predecessor-version":[{"id":778,"href":"https:\/\/www.muzeum.klodzko.pl\/n\/wp-json\/wp\/v2\/pages\/625\/revisions\/778"}],"wp:featuredmedia":[{"embeddable":true,"href":"https:\/\/www.muzeum.klodzko.pl\/n\/wp-json\/wp\/v2\/media\/628"}],"wp:attachment":[{"href":"https:\/\/www.muzeum.klodzko.pl\/n\/wp-json\/wp\/v2\/media?parent=625"}],"curies":[{"name":"wp","href":"https:\/\/api.w.org\/{rel}","templated":true}]}}

Duszek Maksio i tajemnica muzealnego dziedzińca

<p><em><strong>Duszek Maksio i tajemnica muzealnego dziedzińca</strong></em>.<strong> <em>Strašidýlko Maxík a tajemství muzejního nádvoří</em>. </strong>Kłodzko, 2017, s. 70. 21 x 21 cm.</p>



<p>Kolejna część bajeczki o przygodach muzealnych skrzatów i ich przyjaciół.<br>„Noc była przepiękna – mroźna, skrząca się milionami gwiazd na niebie……” – tak zaczyna się najnowsza książeczka, a dalej będzie już tylko bardziej tajemniczo i ciekawie.<br>Bajka jest dwujęzyczna: z jednej strony możemy czytać po polsku, a z drugiej po czesku. <br>Książkę wydało Muzeum Ziemi Kłodzkiej dzięki dofinansowaniu ze środków Europejskiego Funduszu Rozwoju Regionalnego w ramach Programu Intereg V-A Republika Czeska – Polska 2014-2020 oraz budżetu państwa za pośrednictwem Euroregionu Glacensis.</p>



<p>Nakład wyczerpany</p>



<p>Autor:<strong> Irena Klimaszewska</strong><br>ilustracje: <strong>Malwina Karp </strong><br>zdjęcia <strong>Tomasz Gmerek</strong> i <strong>Tadeusz Jażdżewski</strong><br>Tłumaczenie: <strong>Petr Neuman</strong><br></p>



<figure class="wp-block-image size-full is-resized"><img loading="lazy" decoding="async" width="445" height="429" src="https://www.muzeum.klodzko.pl/n/wp-content/uploads/2025/03/2021-04-14-2.jpg" alt="" class="wp-image-626" style="width:402px;height:auto" srcset="https://www.muzeum.klodzko.pl/n/wp-content/uploads/2025/03/2021-04-14-2.jpg 445w, https://www.muzeum.klodzko.pl/n/wp-content/uploads/2025/03/2021-04-14-2-300x289.jpg 300w" sizes="auto, (max-width: 445px) 100vw, 445px" /></figure>

<p>Duszek Maksio i tajemnica muzealnego dziedzińca. Strašidýlko Maxík a tajemství muzejního nádvoří. Kłodzko, 2017, s. 70. 21 x 21 cm. Kolejna część bajeczki o przygodach muzealnych skrzatów i ich przyjaciół.„Noc była przepiękna – mroźna, skrząca się milionami gwiazd na niebie……” – tak zaczyna się najnowsza książeczka, a dalej będzie już tylko bardziej tajemniczo i ciekawie.Bajka&hellip;&nbsp;<a href="https://www.muzeum.klodzko.pl/n/duszek-maksio-i-tajemnica-muzealnego-dziedzinca/" rel="bookmark">Dowiedz się więcej &raquo;<span class="screen-reader-text">Duszek Maksio i tajemnica muzealnego dziedzińca</span></a></p>
