{"id":635,"date":"2025-03-27T09:49:20","date_gmt":"2025-03-27T08:49:20","guid":{"rendered":"https:\/\/www.muzeum.klodzko.pl\/n\/?page_id=635"},"modified":"2025-04-02T13:52:26","modified_gmt":"2025-04-02T11:52:26","slug":"stefan-sadowski-szklane-swiaty","status":"publish","type":"page","link":"https:\/\/www.muzeum.klodzko.pl\/n\/stefan-sadowski-szklane-swiaty\/","title":{"rendered":"Stefan Sadowski: Szklane \u015awiaty"},"content":{"rendered":"\n<p><strong><em>Stefan Sadowski: Szklane \u015awiaty. Wystawa szk\u0142a artystycznego<\/em><\/strong> <br>Muzeum Ziemi K\u0142odzkiej w K\u0142odzku 2016, s. 24, 21&#215;21 cm<\/p>\n\n\n\n<p>Katalog towarzysz\u0105cy wystawie Stefan Sadowski: Szklane \u015awiaty, prezentowanej w Muzeum Ziemi K\u0142odzkiej w K\u0142odzku od 17 grudnia 2016 r. do 5 marca 2017 r. Publikacja prezentuje sylwetk\u0119 artysty oraz jego obecn\u0105 tw\u00f3rczo\u015b\u0107. Stefan Sadowski: Szklane \u015awiaty. Wystawa szk\u0142a artystycznego. <\/p>\n\n\n\n<p>Autorzy: <strong>Andrzej Klimczak-Dobrzaniecki<\/strong>. <strong>Lucyna \u015awist<\/strong><br>fot:<strong> Rudolf Rykr<\/strong>, <strong>Stefan Sadowski<\/strong><\/p>\n\n\n\n<p>cena:  10 z\u0142<\/p>\n\n\n\n<figure class=\"wp-block-image size-full\"><img loading=\"lazy\" decoding=\"async\" width=\"300\" height=\"300\" src=\"https:\/\/www.muzeum.klodzko.pl\/n\/wp-content\/uploads\/2025\/03\/Szklane-Swiaty-katalog-mini.thumbnail.jpg\" alt=\"\" class=\"wp-image-570\" srcset=\"https:\/\/www.muzeum.klodzko.pl\/n\/wp-content\/uploads\/2025\/03\/Szklane-Swiaty-katalog-mini.thumbnail.jpg 300w, https:\/\/www.muzeum.klodzko.pl\/n\/wp-content\/uploads\/2025\/03\/Szklane-Swiaty-katalog-mini.thumbnail-150x150.jpg 150w\" sizes=\"auto, (max-width: 300px) 100vw, 300px\" \/><\/figure>\n","protected":false},"excerpt":{"rendered":"<p>Stefan Sadowski: Szklane \u015awiaty. Wystawa szk\u0142a artystycznego Muzeum Ziemi K\u0142odzkiej w K\u0142odzku 2016, s. 24, 21&#215;21 cm Katalog towarzysz\u0105cy wystawie Stefan Sadowski: Szklane \u015awiaty, prezentowanej w Muzeum Ziemi K\u0142odzkiej w K\u0142odzku od 17 grudnia 2016 r. do 5 marca 2017 r. Publikacja prezentuje sylwetk\u0119 artysty oraz jego obecn\u0105 tw\u00f3rczo\u015b\u0107. Stefan Sadowski: Szklane \u015awiaty. Wystawa szk\u0142a&hellip;&nbsp;<a href=\"https:\/\/www.muzeum.klodzko.pl\/n\/stefan-sadowski-szklane-swiaty\/\" rel=\"bookmark\">Dowiedz si\u0119 wi\u0119cej &raquo;<span class=\"screen-reader-text\">Stefan Sadowski: Szklane \u015awiaty<\/span><\/a><\/p>\n","protected":false},"author":3,"featured_media":638,"parent":0,"menu_order":0,"comment_status":"closed","ping_status":"closed","template":"","meta":{"neve_meta_sidebar":"","neve_meta_container":"","neve_meta_enable_content_width":"","neve_meta_content_width":0,"neve_meta_title_alignment":"","neve_meta_author_avatar":"","neve_post_elements_order":"","neve_meta_disable_header":"","neve_meta_disable_footer":"","neve_meta_disable_title":"","footnotes":""},"class_list":["post-635","page","type-page","status-publish","has-post-thumbnail","hentry"],"_links":{"self":[{"href":"https:\/\/www.muzeum.klodzko.pl\/n\/wp-json\/wp\/v2\/pages\/635","targetHints":{"allow":["GET"]}}],"collection":[{"href":"https:\/\/www.muzeum.klodzko.pl\/n\/wp-json\/wp\/v2\/pages"}],"about":[{"href":"https:\/\/www.muzeum.klodzko.pl\/n\/wp-json\/wp\/v2\/types\/page"}],"author":[{"embeddable":true,"href":"https:\/\/www.muzeum.klodzko.pl\/n\/wp-json\/wp\/v2\/users\/3"}],"replies":[{"embeddable":true,"href":"https:\/\/www.muzeum.klodzko.pl\/n\/wp-json\/wp\/v2\/comments?post=635"}],"version-history":[{"count":2,"href":"https:\/\/www.muzeum.klodzko.pl\/n\/wp-json\/wp\/v2\/pages\/635\/revisions"}],"predecessor-version":[{"id":782,"href":"https:\/\/www.muzeum.klodzko.pl\/n\/wp-json\/wp\/v2\/pages\/635\/revisions\/782"}],"wp:featuredmedia":[{"embeddable":true,"href":"https:\/\/www.muzeum.klodzko.pl\/n\/wp-json\/wp\/v2\/media\/638"}],"wp:attachment":[{"href":"https:\/\/www.muzeum.klodzko.pl\/n\/wp-json\/wp\/v2\/media?parent=635"}],"curies":[{"name":"wp","href":"https:\/\/api.w.org\/{rel}","templated":true}]}}

Stefan Sadowski: Szklane Światy

<p><strong><em>Stefan Sadowski: Szklane Światy. Wystawa szkła artystycznego</em></strong> <br>Muzeum Ziemi Kłodzkiej w Kłodzku 2016, s. 24, 21&#215;21 cm</p>



<p>Katalog towarzyszący wystawie Stefan Sadowski: Szklane Światy, prezentowanej w Muzeum Ziemi Kłodzkiej w Kłodzku od 17 grudnia 2016 r. do 5 marca 2017 r. Publikacja prezentuje sylwetkę artysty oraz jego obecną twórczość. Stefan Sadowski: Szklane Światy. Wystawa szkła artystycznego. </p>



<p>Autorzy: <strong>Andrzej Klimczak-Dobrzaniecki</strong>. <strong>Lucyna Świst</strong><br>fot:<strong> Rudolf Rykr</strong>, <strong>Stefan Sadowski</strong></p>



<p>cena:  10 zł</p>



<figure class="wp-block-image size-full"><img loading="lazy" decoding="async" width="300" height="300" src="https://www.muzeum.klodzko.pl/n/wp-content/uploads/2025/03/Szklane-Swiaty-katalog-mini.thumbnail.jpg" alt="" class="wp-image-570" srcset="https://www.muzeum.klodzko.pl/n/wp-content/uploads/2025/03/Szklane-Swiaty-katalog-mini.thumbnail.jpg 300w, https://www.muzeum.klodzko.pl/n/wp-content/uploads/2025/03/Szklane-Swiaty-katalog-mini.thumbnail-150x150.jpg 150w" sizes="auto, (max-width: 300px) 100vw, 300px" /></figure>

<p>Stefan Sadowski: Szklane Światy. Wystawa szkła artystycznego Muzeum Ziemi Kłodzkiej w Kłodzku 2016, s. 24, 21&#215;21 cm Katalog towarzyszący wystawie Stefan Sadowski: Szklane Światy, prezentowanej w Muzeum Ziemi Kłodzkiej w Kłodzku od 17 grudnia 2016 r. do 5 marca 2017 r. Publikacja prezentuje sylwetkę artysty oraz jego obecną twórczość. Stefan Sadowski: Szklane Światy. Wystawa szkła&hellip;&nbsp;<a href="https://www.muzeum.klodzko.pl/n/stefan-sadowski-szklane-swiaty/" rel="bookmark">Dowiedz się więcej &raquo;<span class="screen-reader-text">Stefan Sadowski: Szklane Światy</span></a></p>
