{"id":718,"date":"2025-04-01T15:39:55","date_gmt":"2025-04-01T13:39:55","guid":{"rendered":"https:\/\/www.muzeum.klodzko.pl\/n\/?page_id=718"},"modified":"2025-04-09T08:51:37","modified_gmt":"2025-04-09T06:51:37","slug":"kruche-piekno-szklo-klodzkie-2-polowy-xx-w-kolekcja-muzeum-ziemi-klodzkiej-w-klodzku","status":"publish","type":"page","link":"https:\/\/www.muzeum.klodzko.pl\/n\/nasze-publikacje-2\/kruche-piekno-szklo-klodzkie-2-polowy-xx-w-kolekcja-muzeum-ziemi-klodzkiej-w-klodzku\/","title":{"rendered":"Kruche pi\u0119kno. Szk\u0142o k\u0142odzkie 2 po\u0142owy XX w. Kolekcja Muzeum Ziemi K\u0142odzkiej w K\u0142odzku."},"content":{"rendered":"\n<p><strong><em>Kruche pi\u0119kno. Szk\u0142o k\u0142odzkie 2 po\u0142owy XX w. Kolekcja Muzeum Ziemi K\u0142odzkiej w K\u0142odzku. <\/em><\/strong><\/p>\n\n\n\n<p>Autor: <strong>Lucyna \u015awist<\/strong>, <br>Muzeum Ziemi K\u0142odzkiej w K\u0142odzku,\u00a0 K\u0142odzko 2023<\/p>\n\n\n\n<p>ISBN 978-83-950160-4-2<\/p>\n\n\n\n<p><strong>Publikacja <\/strong>obejmuje om\u00f3wienie kolekcji szk\u0142a k\u0142odzkiego 2 po\u0142. XX w. ze zbior\u00f3w Muzeum Ziemi K\u0142odzkiej \u2013 nabytki z l. 1963-2023, prezentowane na sta\u0142ej wystawie w siedzibie Muzeum w K\u0142odzku. Zawiera bibliografi\u0119, noty biograficzne artyst\u00f3w i opisy 320 reprezentatywnych prac z kolekcji, kt\u00f3rych wizerunki przedstawiono&nbsp; na ponad 90 barwnych fotografiach ( wydawnictwo albumowe s.200, nak\u0142ad: 3000 sztuk).&nbsp;&nbsp;&nbsp;&nbsp;&nbsp;&nbsp;&nbsp;&nbsp;&nbsp;&nbsp;&nbsp;&nbsp;&nbsp;&nbsp;&nbsp;&nbsp;&nbsp;&nbsp;&nbsp;&nbsp;&nbsp;&nbsp;&nbsp;&nbsp;&nbsp;&nbsp;&nbsp;&nbsp;&nbsp;&nbsp;&nbsp;&nbsp;&nbsp; &nbsp;&nbsp;&nbsp;&nbsp;&nbsp;&nbsp;&nbsp;&nbsp;&nbsp;&nbsp;&nbsp;&nbsp;&nbsp;&nbsp;&nbsp;&nbsp;&nbsp;&nbsp;&nbsp;&nbsp;&nbsp;&nbsp;&nbsp;&nbsp;&nbsp;&nbsp;&nbsp;&nbsp;&nbsp;&nbsp;&nbsp;&nbsp;&nbsp;&nbsp;&nbsp;&nbsp;&nbsp;&nbsp;&nbsp;&nbsp;&nbsp;&nbsp;&nbsp;&nbsp;&nbsp;&nbsp;&nbsp;&nbsp;&nbsp;&nbsp;&nbsp;&nbsp;&nbsp;&nbsp;&nbsp;&nbsp;&nbsp;&nbsp;&nbsp;&nbsp;&nbsp;&nbsp;&nbsp;&nbsp;&nbsp;&nbsp;&nbsp;&nbsp;&nbsp;&nbsp;&nbsp;&nbsp;&nbsp;&nbsp;&nbsp;&nbsp;&nbsp;&nbsp;&nbsp;&nbsp;&nbsp;&nbsp;&nbsp;&nbsp;<\/p>\n\n\n\n<p>K\u0142odzki zbi\u00f3r szk\u0142a \u2013 licz\u0105cy ponad 600 obiekt\u00f3w \u2212 obrazuje znacz\u0105ce etapy w rozwoju polskiego szk\u0142a u\u017cytkowego i artystycznego ostatnich 40 lat XX w., a wybitni arty\u015bci-projektanci \u2013&nbsp; prof. Z. Horbowy, S. Sadowski, W. Turkiewicz, Z. Janota, E. Gerczuk-Moskaluk, J. Robaszewski \u2013 reprezentowani s\u0105 interesuj\u0105cymi zestawami dzie\u0142. Obok prac unikatowych z warstwowego, barwnego szk\u0142a sodowego, formowanego odr\u0119cznie \u201ena gor\u0105co\u201d \u2013 w katalogu i na wystawie -zobaczymy tak\u017ce naczynia ze szk\u0142a kryszta\u0142owego, dekorowane rytem i rze\u017abieniem. Uzupe\u0142nienie ekspozycji i publikacji stanowi materia\u0142 opisowy&nbsp; i ilustracyjny, prezentuj\u0105cy histori\u0119 miejscowych hut szk\u0142a w Szczytnej, Stroniu \u015al\u0105skim i Polanicy-Zdroju.<\/p>\n\n\n\n<p>Autor katalogu<em> \u2013 <\/em>Lucyna \u015awist, Korekty \u2013 Renata Ku\u017ami\u0144ska. Opracowanie graficzne\/ Przygotowanie do druku\u2013 Cezary Twardowski. Fotografie \u2013 Tomasz Gmerek. T\u0142umaczenie na j\u0119zyk czeski \u2013 Petr Neuman. T\u0142umaczenie na j\u0119zyk angielski \u2013BTS S.C. Pozna\u0144. T\u0142umaczenie na j\u0119zyk niemiecki \u2013 BTS S.C. Pozna\u0144. Druk \u2013 GRAFPOL sp. z o.o. Wroc\u0142aw. Wydawca \u2212 <em>Muzeum Ziemi K\u0142odzkiej w K\u0142odzku,<\/em> <em>ul .I. \u0141ukasiewicza 4, 57-300 K\u0142odzko<\/em><\/p>\n\n\n\n<p><strong>Publikacj\u0119 mo\u017cna otrzyma\u0107 bezp\u0142atnie odwiedzaj\u0105c wystaw\u0119 \u201eKruche Piekno\u201d.<\/strong><\/p>\n\n\n\n<figure class=\"wp-block-image is-resized\"><img loading=\"lazy\" decoding=\"async\" width=\"813\" height=\"1024\" src=\"https:\/\/www.muzeum.klodzko.pl\/n\/wp-content\/uploads\/2025\/03\/DSC7910-813x1024.jpg\" alt=\"\" class=\"wp-image-696\" style=\"width:404px;height:auto\" srcset=\"https:\/\/www.muzeum.klodzko.pl\/n\/wp-content\/uploads\/2025\/03\/DSC7910-813x1024.jpg 813w, https:\/\/www.muzeum.klodzko.pl\/n\/wp-content\/uploads\/2025\/03\/DSC7910-238x300.jpg 238w, https:\/\/www.muzeum.klodzko.pl\/n\/wp-content\/uploads\/2025\/03\/DSC7910-768x967.jpg 768w, https:\/\/www.muzeum.klodzko.pl\/n\/wp-content\/uploads\/2025\/03\/DSC7910-1220x1536.jpg 1220w, https:\/\/www.muzeum.klodzko.pl\/n\/wp-content\/uploads\/2025\/03\/DSC7910-1627x2048.jpg 1627w, https:\/\/www.muzeum.klodzko.pl\/n\/wp-content\/uploads\/2025\/03\/DSC7910.jpg 1749w\" sizes=\"auto, (max-width: 813px) 100vw, 813px\" \/><\/figure>\n\n\n\n<p><\/p>\n","protected":false},"excerpt":{"rendered":"<p>Kruche pi\u0119kno. Szk\u0142o k\u0142odzkie 2 po\u0142owy XX w. Kolekcja Muzeum Ziemi K\u0142odzkiej w K\u0142odzku. Autor: Lucyna \u015awist, Muzeum Ziemi K\u0142odzkiej w K\u0142odzku,\u00a0 K\u0142odzko 2023 ISBN 978-83-950160-4-2 Publikacja obejmuje om\u00f3wienie kolekcji szk\u0142a k\u0142odzkiego 2 po\u0142. XX w. ze zbior\u00f3w Muzeum Ziemi K\u0142odzkiej \u2013 nabytki z l. 1963-2023, prezentowane na sta\u0142ej wystawie w siedzibie Muzeum w K\u0142odzku.&hellip;&nbsp;<a href=\"https:\/\/www.muzeum.klodzko.pl\/n\/nasze-publikacje-2\/kruche-piekno-szklo-klodzkie-2-polowy-xx-w-kolekcja-muzeum-ziemi-klodzkiej-w-klodzku\/\" rel=\"bookmark\">Dowiedz si\u0119 wi\u0119cej &raquo;<span class=\"screen-reader-text\">Kruche pi\u0119kno. Szk\u0142o k\u0142odzkie 2 po\u0142owy XX w. Kolekcja Muzeum Ziemi K\u0142odzkiej w K\u0142odzku.<\/span><\/a><\/p>\n","protected":false},"author":3,"featured_media":765,"parent":655,"menu_order":0,"comment_status":"closed","ping_status":"closed","template":"","meta":{"neve_meta_sidebar":"","neve_meta_container":"","neve_meta_enable_content_width":"","neve_meta_content_width":0,"neve_meta_title_alignment":"","neve_meta_author_avatar":"","neve_post_elements_order":"","neve_meta_disable_header":"","neve_meta_disable_footer":"","neve_meta_disable_title":"","footnotes":""},"class_list":["post-718","page","type-page","status-publish","has-post-thumbnail","hentry"],"_links":{"self":[{"href":"https:\/\/www.muzeum.klodzko.pl\/n\/wp-json\/wp\/v2\/pages\/718","targetHints":{"allow":["GET"]}}],"collection":[{"href":"https:\/\/www.muzeum.klodzko.pl\/n\/wp-json\/wp\/v2\/pages"}],"about":[{"href":"https:\/\/www.muzeum.klodzko.pl\/n\/wp-json\/wp\/v2\/types\/page"}],"author":[{"embeddable":true,"href":"https:\/\/www.muzeum.klodzko.pl\/n\/wp-json\/wp\/v2\/users\/3"}],"replies":[{"embeddable":true,"href":"https:\/\/www.muzeum.klodzko.pl\/n\/wp-json\/wp\/v2\/comments?post=718"}],"version-history":[{"count":2,"href":"https:\/\/www.muzeum.klodzko.pl\/n\/wp-json\/wp\/v2\/pages\/718\/revisions"}],"predecessor-version":[{"id":1015,"href":"https:\/\/www.muzeum.klodzko.pl\/n\/wp-json\/wp\/v2\/pages\/718\/revisions\/1015"}],"up":[{"embeddable":true,"href":"https:\/\/www.muzeum.klodzko.pl\/n\/wp-json\/wp\/v2\/pages\/655"}],"wp:featuredmedia":[{"embeddable":true,"href":"https:\/\/www.muzeum.klodzko.pl\/n\/wp-json\/wp\/v2\/media\/765"}],"wp:attachment":[{"href":"https:\/\/www.muzeum.klodzko.pl\/n\/wp-json\/wp\/v2\/media?parent=718"}],"curies":[{"name":"wp","href":"https:\/\/api.w.org\/{rel}","templated":true}]}}