{"id":722,"date":"2025-04-02T08:29:42","date_gmt":"2025-04-02T06:29:42","guid":{"rendered":"https:\/\/www.muzeum.klodzko.pl\/n\/?page_id=722"},"modified":"2025-04-03T12:55:35","modified_gmt":"2025-04-03T10:55:35","slug":"michal-klahr-starszy-i-jego-theatrum-sacrum","status":"publish","type":"page","link":"https:\/\/www.muzeum.klodzko.pl\/n\/nasze-publikacje-2\/michal-klahr-starszy-i-jego-theatrum-sacrum\/","title":{"rendered":"Micha\u0142 Klahr Starszy i jego theatrum sacrum"},"content":{"rendered":"\n<p><strong><em>Micha\u0142 Klahr Starszy i jego theatrum sacrum. <\/em><\/strong><\/p>\n\n\n\n<p>Autor<strong> Romuald Nowak<\/strong>. K\u0142odzko 1992, ss. 48, 21&#215;26 cm.<\/p>\n\n\n\n<p>cena: 4,50 z\u0142<\/p>\n\n\n\n<p>Katalog wystawy przygotowanej w 300-lecie urodzin i 250-lecie \u015bmierci jednego z czo\u0142owych \u015bl\u0105skich artyst\u00f3w 1. po\u0142owy XVIII stulecia prezentuje posta\u0107 i dorobek tw\u00f3rczy artysty oraz opis wraz z materia\u0142em ikonograficznym eksponowanych na wystawie dzie\u0142. <\/p>\n\n\n\n<figure class=\"wp-block-image size-full\"><img loading=\"lazy\" decoding=\"async\" width=\"351\" height=\"445\" src=\"https:\/\/www.muzeum.klodzko.pl\/n\/wp-content\/uploads\/2025\/04\/2021-04-21.jpg\" alt=\"\" class=\"wp-image-723\" srcset=\"https:\/\/www.muzeum.klodzko.pl\/n\/wp-content\/uploads\/2025\/04\/2021-04-21.jpg 351w, https:\/\/www.muzeum.klodzko.pl\/n\/wp-content\/uploads\/2025\/04\/2021-04-21-237x300.jpg 237w\" sizes=\"auto, (max-width: 351px) 100vw, 351px\" \/><\/figure>\n","protected":false},"excerpt":{"rendered":"<p>Micha\u0142 Klahr Starszy i jego theatrum sacrum. Autor Romuald Nowak. K\u0142odzko 1992, ss. 48, 21&#215;26 cm. cena: 4,50 z\u0142 Katalog wystawy przygotowanej w 300-lecie urodzin i 250-lecie \u015bmierci jednego z czo\u0142owych \u015bl\u0105skich artyst\u00f3w 1. po\u0142owy XVIII stulecia prezentuje posta\u0107 i dorobek tw\u00f3rczy artysty oraz opis wraz z materia\u0142em ikonograficznym eksponowanych na wystawie dzie\u0142.<\/p>\n","protected":false},"author":3,"featured_media":723,"parent":655,"menu_order":0,"comment_status":"closed","ping_status":"closed","template":"","meta":{"neve_meta_sidebar":"","neve_meta_container":"","neve_meta_enable_content_width":"","neve_meta_content_width":0,"neve_meta_title_alignment":"","neve_meta_author_avatar":"","neve_post_elements_order":"","neve_meta_disable_header":"","neve_meta_disable_footer":"","neve_meta_disable_title":"","footnotes":""},"class_list":["post-722","page","type-page","status-publish","has-post-thumbnail","hentry"],"_links":{"self":[{"href":"https:\/\/www.muzeum.klodzko.pl\/n\/wp-json\/wp\/v2\/pages\/722","targetHints":{"allow":["GET"]}}],"collection":[{"href":"https:\/\/www.muzeum.klodzko.pl\/n\/wp-json\/wp\/v2\/pages"}],"about":[{"href":"https:\/\/www.muzeum.klodzko.pl\/n\/wp-json\/wp\/v2\/types\/page"}],"author":[{"embeddable":true,"href":"https:\/\/www.muzeum.klodzko.pl\/n\/wp-json\/wp\/v2\/users\/3"}],"replies":[{"embeddable":true,"href":"https:\/\/www.muzeum.klodzko.pl\/n\/wp-json\/wp\/v2\/comments?post=722"}],"version-history":[{"count":2,"href":"https:\/\/www.muzeum.klodzko.pl\/n\/wp-json\/wp\/v2\/pages\/722\/revisions"}],"predecessor-version":[{"id":904,"href":"https:\/\/www.muzeum.klodzko.pl\/n\/wp-json\/wp\/v2\/pages\/722\/revisions\/904"}],"up":[{"embeddable":true,"href":"https:\/\/www.muzeum.klodzko.pl\/n\/wp-json\/wp\/v2\/pages\/655"}],"wp:featuredmedia":[{"embeddable":true,"href":"https:\/\/www.muzeum.klodzko.pl\/n\/wp-json\/wp\/v2\/media\/723"}],"wp:attachment":[{"href":"https:\/\/www.muzeum.klodzko.pl\/n\/wp-json\/wp\/v2\/media?parent=722"}],"curies":[{"name":"wp","href":"https:\/\/api.w.org\/{rel}","templated":true}]}}

Michał Klahr Starszy i jego theatrum sacrum

<p><strong><em>Michał Klahr Starszy i jego theatrum sacrum. </em></strong></p>



<p>Autor<strong> Romuald Nowak</strong>. Kłodzko 1992, ss. 48, 21&#215;26 cm.</p>



<p>cena: 4,50 zł</p>



<p>Katalog wystawy przygotowanej w 300-lecie urodzin i 250-lecie śmierci jednego z czołowych śląskich artystów 1. połowy XVIII stulecia prezentuje postać i dorobek twórczy artysty oraz opis wraz z materiałem ikonograficznym eksponowanych na wystawie dzieł. </p>



<figure class="wp-block-image size-full"><img loading="lazy" decoding="async" width="351" height="445" src="https://www.muzeum.klodzko.pl/n/wp-content/uploads/2025/04/2021-04-21.jpg" alt="" class="wp-image-723" srcset="https://www.muzeum.klodzko.pl/n/wp-content/uploads/2025/04/2021-04-21.jpg 351w, https://www.muzeum.klodzko.pl/n/wp-content/uploads/2025/04/2021-04-21-237x300.jpg 237w" sizes="auto, (max-width: 351px) 100vw, 351px" /></figure>

<p>Michał Klahr Starszy i jego theatrum sacrum. Autor Romuald Nowak. Kłodzko 1992, ss. 48, 21&#215;26 cm. cena: 4,50 zł Katalog wystawy przygotowanej w 300-lecie urodzin i 250-lecie śmierci jednego z czołowych śląskich artystów 1. połowy XVIII stulecia prezentuje postać i dorobek twórczy artysty oraz opis wraz z materiałem ikonograficznym eksponowanych na wystawie dzieł.</p>
