{"id":728,"date":"2025-04-02T08:37:20","date_gmt":"2025-04-02T06:37:20","guid":{"rendered":"https:\/\/www.muzeum.klodzko.pl\/n\/?page_id=728"},"modified":"2025-04-03T13:01:19","modified_gmt":"2025-04-03T11:01:19","slug":"zeszyty-muzeum-ziemi-klodzkiej-nr-3","status":"publish","type":"page","link":"https:\/\/www.muzeum.klodzko.pl\/n\/nasze-publikacje-2\/zeszyty-muzeum-ziemi-klodzkiej-nr-3\/","title":{"rendered":"Zeszyty Muzeum Ziemi K\u0142odzkiej nr 3."},"content":{"rendered":"\n<p><strong><em>Zeszyty Muzeum Ziemi K\u0142odzkiej nr 3<\/em><\/strong>.  K\u0142odzko 1990, ss. 171, 17&#215;24 cm.<\/p>\n\n\n\n<p>cena: 10 z\u0142<\/p>\n\n\n\n<p>W 3 tomie <strong>Zeszyt\u00f3w Muzeum Ziemi K\u0142odzkiej<\/strong> znajdziemy mi\u0119dzy innymi:&nbsp;<\/p>\n\n\n\n<p>ARTYKU\u0141Y:<br>-Trzeciorz\u0119d i czwartorz\u0119d na obszarze Kotliny K\u0142odzkiej (Andrzej Grodzicki)&nbsp;<br>-Stosunki wyznaniowe na Ziemi K\u0142odzkiej w okresie reformacji i ich wp\u0142yw na sztuk\u0119 ko\u015bcieln\u0105 regionu (Jan Harasimowicz)<br>-Tragedia dw\u00f3ch polskich pielgrzym\u00f3w w K\u0142odzku (Janina Piechoci\u0144ska)<br>-\u201eListy o Hrabstwie K\u0142odzkim\u201d Krystiana Bogumi\u0142a Hallmanna, 1823 Jacek Doliwa, Towarzystwa czechos\u0142owacko-polskiej wzajemno\u015bci na terenie kraju Morawsko-\u015bl\u0105skiego w okresie mi\u0119dzywojennym, cz. II (1934-1939\/40). (Grzegorz Pisarsk)<br>-Sto lat k\u0142odzkich poczyna\u0144 muzealnych, cz. II (1945-1963) (Krystyna Toczy\u0144ska-Rudysz)<\/p>\n\n\n\n<p>MATERIA\u0141Y I DOKUMENTY:<br>-Pasje z biblioteki klasztoru jezuickiego w K\u0142odzku (Jitka Sn\u00ed\u017ekov\u00e1)<br>-Drewniane budownictwo sakralne na terenie Ziemi K\u0142odzkiej (Leszek Itman)<br>-Znalezisko przedmiot\u00f3w kultury greckiej i rzymskiej (Czes\u0142aw Francke)<\/p>\n\n\n\n<figure class=\"wp-block-image size-full\"><img loading=\"lazy\" decoding=\"async\" width=\"322\" height=\"445\" src=\"https:\/\/www.muzeum.klodzko.pl\/n\/wp-content\/uploads\/2025\/04\/2021-04-21-1.jpg\" alt=\"\" class=\"wp-image-729\" srcset=\"https:\/\/www.muzeum.klodzko.pl\/n\/wp-content\/uploads\/2025\/04\/2021-04-21-1.jpg 322w, https:\/\/www.muzeum.klodzko.pl\/n\/wp-content\/uploads\/2025\/04\/2021-04-21-1-217x300.jpg 217w\" sizes=\"auto, (max-width: 322px) 100vw, 322px\" \/><\/figure>\n","protected":false},"excerpt":{"rendered":"<p>Zeszyty Muzeum Ziemi K\u0142odzkiej nr 3. K\u0142odzko 1990, ss. 171, 17&#215;24 cm. cena: 10 z\u0142 W 3 tomie Zeszyt\u00f3w Muzeum Ziemi K\u0142odzkiej znajdziemy mi\u0119dzy innymi:&nbsp; ARTYKU\u0141Y:-Trzeciorz\u0119d i czwartorz\u0119d na obszarze Kotliny K\u0142odzkiej (Andrzej Grodzicki)&nbsp;-Stosunki wyznaniowe na Ziemi K\u0142odzkiej w okresie reformacji i ich wp\u0142yw na sztuk\u0119 ko\u015bcieln\u0105 regionu (Jan Harasimowicz)-Tragedia dw\u00f3ch polskich pielgrzym\u00f3w w K\u0142odzku&hellip;&nbsp;<a href=\"https:\/\/www.muzeum.klodzko.pl\/n\/nasze-publikacje-2\/zeszyty-muzeum-ziemi-klodzkiej-nr-3\/\" rel=\"bookmark\">Dowiedz si\u0119 wi\u0119cej &raquo;<span class=\"screen-reader-text\">Zeszyty Muzeum Ziemi K\u0142odzkiej nr 3.<\/span><\/a><\/p>\n","protected":false},"author":3,"featured_media":874,"parent":655,"menu_order":0,"comment_status":"closed","ping_status":"closed","template":"","meta":{"neve_meta_sidebar":"","neve_meta_container":"","neve_meta_enable_content_width":"","neve_meta_content_width":0,"neve_meta_title_alignment":"","neve_meta_author_avatar":"","neve_post_elements_order":"","neve_meta_disable_header":"","neve_meta_disable_footer":"","neve_meta_disable_title":"","footnotes":""},"class_list":["post-728","page","type-page","status-publish","has-post-thumbnail","hentry"],"_links":{"self":[{"href":"https:\/\/www.muzeum.klodzko.pl\/n\/wp-json\/wp\/v2\/pages\/728","targetHints":{"allow":["GET"]}}],"collection":[{"href":"https:\/\/www.muzeum.klodzko.pl\/n\/wp-json\/wp\/v2\/pages"}],"about":[{"href":"https:\/\/www.muzeum.klodzko.pl\/n\/wp-json\/wp\/v2\/types\/page"}],"author":[{"embeddable":true,"href":"https:\/\/www.muzeum.klodzko.pl\/n\/wp-json\/wp\/v2\/users\/3"}],"replies":[{"embeddable":true,"href":"https:\/\/www.muzeum.klodzko.pl\/n\/wp-json\/wp\/v2\/comments?post=728"}],"version-history":[{"count":2,"href":"https:\/\/www.muzeum.klodzko.pl\/n\/wp-json\/wp\/v2\/pages\/728\/revisions"}],"predecessor-version":[{"id":880,"href":"https:\/\/www.muzeum.klodzko.pl\/n\/wp-json\/wp\/v2\/pages\/728\/revisions\/880"}],"up":[{"embeddable":true,"href":"https:\/\/www.muzeum.klodzko.pl\/n\/wp-json\/wp\/v2\/pages\/655"}],"wp:featuredmedia":[{"embeddable":true,"href":"https:\/\/www.muzeum.klodzko.pl\/n\/wp-json\/wp\/v2\/media\/874"}],"wp:attachment":[{"href":"https:\/\/www.muzeum.klodzko.pl\/n\/wp-json\/wp\/v2\/media?parent=728"}],"curies":[{"name":"wp","href":"https:\/\/api.w.org\/{rel}","templated":true}]}}