{"id":734,"date":"2025-04-02T08:48:03","date_gmt":"2025-04-02T06:48:03","guid":{"rendered":"https:\/\/www.muzeum.klodzko.pl\/n\/?page_id=734"},"modified":"2025-04-03T10:46:40","modified_gmt":"2025-04-03T08:46:40","slug":"zeszyty-muzeum-ziemi-klodzkiej-nr-10","status":"publish","type":"page","link":"https:\/\/www.muzeum.klodzko.pl\/n\/nasze-publikacje-2\/zeszyty-muzeum-ziemi-klodzkiej-nr-10\/","title":{"rendered":"Zeszyty Muzeum Ziemi K\u0142odzkiej nr 10"},"content":{"rendered":"\n<p><strong><em>Zeszyty Muzeum Ziemi K\u0142odzkiej nr 10<\/em><\/strong>, Red. Grzegorz Pisarski, wsp\u00f3\u0142praca Irena Klimaszewska, Renata Ku\u017ami\u0144ska. K\u0142odzko 2009, ss. 400, 17&#215;24 cm.<\/p>\n\n\n\n<p><\/p>\n\n\n\n<p>Na bardzo bogat\u0105 tre\u015b\u0107 (ponad 400 stron), sk\u0142ada si\u0119 blok niepublikowanych dotychczas artyku\u0142\u00f3w, kt\u00f3re w k\u0142odzkim muzeum, w sierpniu 2007 r., w formie wyst\u0105pie\u0144, zaprezentowane zosta\u0142y podczas konferencji po\u015bwi\u0119conej twierdzy k\u0142odzkiej. Tu m.in. t\u0142umaczenie kilku \u017ar\u00f3de\u0142, pochodz\u0105cych ze zbioru Biblioteki Pa\u0144stwowej w Berlinie, istotnych dla badaczy dziej\u00f3w k\u0142odzkich fortyfikacji, materia\u0142 o obl\u0119\u017ceniu twierdzy k\u0142odzkiej w 1807 r.<br>&nbsp;i o komendantach srebrnog\u00f3rskiej twierdzy z okresu napoleo\u0144skiego.W dziale \u201eArtyku\u0142y. Materia\u0142y\u201d znajdziemy materia\u0142 po\u015bwi\u0119cony budownictwu organowemu w K\u0142odzku, pocz\u0105wszy od \u015bredniowiecza a\u017c po czasy wsp\u00f3\u0142czesne, a tak\u017ce dziejom organ\u00f3w w ko\u015bcio\u0142ach Bystrzycy K\u0142odzkiej. Na kolejnych stronach mo\u017cna zapozna\u0107 si\u0119 z drug\u0105 cz\u0119\u015bci\u0105 artyku\u0142u dotycz\u0105cego pocz\u0105tk\u00f3w fotografii na ziemi k\u0142odzkiej, jak r\u00f3wnie\u017c z materia\u0142em o sympatiach politycznych mieszka\u0144c\u00f3w powiatu noworudzkiego i zwi\u0105zanych z tym wynikach wybor\u00f3w do Reichstagu i Sejmu Pruskiego w okresie mi\u0119dzywojennym. &nbsp; &nbsp; &nbsp; &nbsp; &nbsp; &nbsp; &nbsp; &nbsp; &nbsp; &nbsp; &nbsp; &nbsp; &nbsp; &nbsp; &nbsp; &nbsp; &nbsp; &nbsp; &nbsp; &nbsp;&nbsp;<\/p>\n\n\n\n<p>&nbsp;W ramach prezentacji&nbsp; zbior\u00f3w k\u0142odzkiego muzeum obszernie om\u00f3wiono pozyskane przez muzeum katalogi hut szk\u0142a z terenu K\u0142odzczyzny, dokonano przegl\u0105du pierwszych, powojennych publikacji na temat ziemi k\u0142odzkiej, znajduj\u0105cych si\u0119 w zbiorach muzeum, jak r\u00f3wnie\u017c, wydanych w latach 2005-2008 i pozyskanych do zbior\u00f3w, publikacji regionalnych. Dalej znajdziemy adnotowan\u0105 bibliografi\u0119 artyku\u0142\u00f3w na temat ziemi k\u0142odzkiej, drukowanych w ci\u0105gu minionych 60. lat na \u0142amach \u015al\u0105skiego Kwartalnika Historycznego \u201eSob\u00f3tka\u201d. W tomie zamieszczono r\u00f3wnie\u017c sprawozdanie z dokona\u0144 muzeum w ci\u0105gu ostatnich lat (2005-2008) i kalendarium wybranych wydarze\u0144 spo\u0142eczno-kulturalnych na terenie K\u0142odzczyzny. Tradycyjnie ko\u0144czy \u201eZeszyty\u201d dzia\u0142 \u201eNekrologi\u201d prezentuj\u0105cy sylwetki zas\u0142u\u017conych dla K\u0142odzczyzny postaci.<\/p>\n\n\n\n<figure class=\"wp-block-image size-full\"><img loading=\"lazy\" decoding=\"async\" width=\"323\" height=\"445\" src=\"https:\/\/www.muzeum.klodzko.pl\/n\/wp-content\/uploads\/2025\/04\/2021-04-21-3.jpg\" alt=\"\" class=\"wp-image-735\" srcset=\"https:\/\/www.muzeum.klodzko.pl\/n\/wp-content\/uploads\/2025\/04\/2021-04-21-3.jpg 323w, https:\/\/www.muzeum.klodzko.pl\/n\/wp-content\/uploads\/2025\/04\/2021-04-21-3-218x300.jpg 218w\" sizes=\"auto, (max-width: 323px) 100vw, 323px\" \/><\/figure>\n","protected":false},"excerpt":{"rendered":"<p>Zeszyty Muzeum Ziemi K\u0142odzkiej nr 10, Red. Grzegorz Pisarski, wsp\u00f3\u0142praca Irena Klimaszewska, Renata Ku\u017ami\u0144ska. K\u0142odzko 2009, ss. 400, 17&#215;24 cm. Na bardzo bogat\u0105 tre\u015b\u0107 (ponad 400 stron), sk\u0142ada si\u0119 blok niepublikowanych dotychczas artyku\u0142\u00f3w, kt\u00f3re w k\u0142odzkim muzeum, w sierpniu 2007 r., w formie wyst\u0105pie\u0144, zaprezentowane zosta\u0142y podczas konferencji po\u015bwi\u0119conej twierdzy k\u0142odzkiej. Tu m.in. t\u0142umaczenie kilku&hellip;&nbsp;<a href=\"https:\/\/www.muzeum.klodzko.pl\/n\/nasze-publikacje-2\/zeszyty-muzeum-ziemi-klodzkiej-nr-10\/\" rel=\"bookmark\">Dowiedz si\u0119 wi\u0119cej &raquo;<span class=\"screen-reader-text\">Zeszyty Muzeum Ziemi K\u0142odzkiej nr 10<\/span><\/a><\/p>\n","protected":false},"author":3,"featured_media":874,"parent":655,"menu_order":0,"comment_status":"closed","ping_status":"closed","template":"","meta":{"neve_meta_sidebar":"","neve_meta_container":"","neve_meta_enable_content_width":"","neve_meta_content_width":0,"neve_meta_title_alignment":"","neve_meta_author_avatar":"","neve_post_elements_order":"","neve_meta_disable_header":"","neve_meta_disable_footer":"","neve_meta_disable_title":"","footnotes":""},"class_list":["post-734","page","type-page","status-publish","has-post-thumbnail","hentry"],"_links":{"self":[{"href":"https:\/\/www.muzeum.klodzko.pl\/n\/wp-json\/wp\/v2\/pages\/734","targetHints":{"allow":["GET"]}}],"collection":[{"href":"https:\/\/www.muzeum.klodzko.pl\/n\/wp-json\/wp\/v2\/pages"}],"about":[{"href":"https:\/\/www.muzeum.klodzko.pl\/n\/wp-json\/wp\/v2\/types\/page"}],"author":[{"embeddable":true,"href":"https:\/\/www.muzeum.klodzko.pl\/n\/wp-json\/wp\/v2\/users\/3"}],"replies":[{"embeddable":true,"href":"https:\/\/www.muzeum.klodzko.pl\/n\/wp-json\/wp\/v2\/comments?post=734"}],"version-history":[{"count":2,"href":"https:\/\/www.muzeum.klodzko.pl\/n\/wp-json\/wp\/v2\/pages\/734\/revisions"}],"predecessor-version":[{"id":877,"href":"https:\/\/www.muzeum.klodzko.pl\/n\/wp-json\/wp\/v2\/pages\/734\/revisions\/877"}],"up":[{"embeddable":true,"href":"https:\/\/www.muzeum.klodzko.pl\/n\/wp-json\/wp\/v2\/pages\/655"}],"wp:featuredmedia":[{"embeddable":true,"href":"https:\/\/www.muzeum.klodzko.pl\/n\/wp-json\/wp\/v2\/media\/874"}],"wp:attachment":[{"href":"https:\/\/www.muzeum.klodzko.pl\/n\/wp-json\/wp\/v2\/media?parent=734"}],"curies":[{"name":"wp","href":"https:\/\/api.w.org\/{rel}","templated":true}]}}

Zeszyty Muzeum Ziemi Kłodzkiej nr 10

<p><strong><em>Zeszyty Muzeum Ziemi Kłodzkiej nr 10</em></strong>, Red. Grzegorz Pisarski, współpraca Irena Klimaszewska, Renata Kuźmińska. Kłodzko 2009, ss. 400, 17&#215;24 cm.</p>



<p></p>



<p>Na bardzo bogatą treść (ponad 400 stron), składa się blok niepublikowanych dotychczas artykułów, które w kłodzkim muzeum, w sierpniu 2007 r., w formie wystąpień, zaprezentowane zostały podczas konferencji poświęconej twierdzy kłodzkiej. Tu m.in. tłumaczenie kilku źródeł, pochodzących ze zbioru Biblioteki Państwowej w Berlinie, istotnych dla badaczy dziejów kłodzkich fortyfikacji, materiał o oblężeniu twierdzy kłodzkiej w 1807 r.<br>&nbsp;i o komendantach srebrnogórskiej twierdzy z okresu napoleońskiego.W dziale „Artykuły. Materiały” znajdziemy materiał poświęcony budownictwu organowemu w Kłodzku, począwszy od średniowiecza aż po czasy współczesne, a także dziejom organów w kościołach Bystrzycy Kłodzkiej. Na kolejnych stronach można zapoznać się z drugą częścią artykułu dotyczącego początków fotografii na ziemi kłodzkiej, jak również z materiałem o sympatiach politycznych mieszkańców powiatu noworudzkiego i związanych z tym wynikach wyborów do Reichstagu i Sejmu Pruskiego w okresie międzywojennym. &nbsp; &nbsp; &nbsp; &nbsp; &nbsp; &nbsp; &nbsp; &nbsp; &nbsp; &nbsp; &nbsp; &nbsp; &nbsp; &nbsp; &nbsp; &nbsp; &nbsp; &nbsp; &nbsp; &nbsp;&nbsp;</p>



<p>&nbsp;W ramach prezentacji&nbsp; zbiorów kłodzkiego muzeum obszernie omówiono pozyskane przez muzeum katalogi hut szkła z terenu Kłodzczyzny, dokonano przeglądu pierwszych, powojennych publikacji na temat ziemi kłodzkiej, znajdujących się w zbiorach muzeum, jak również, wydanych w latach 2005-2008 i pozyskanych do zbiorów, publikacji regionalnych. Dalej znajdziemy adnotowaną bibliografię artykułów na temat ziemi kłodzkiej, drukowanych w ciągu minionych 60. lat na łamach Śląskiego Kwartalnika Historycznego „Sobótka”. W tomie zamieszczono również sprawozdanie z dokonań muzeum w ciągu ostatnich lat (2005-2008) i kalendarium wybranych wydarzeń społeczno-kulturalnych na terenie Kłodzczyzny. Tradycyjnie kończy „Zeszyty” dział „Nekrologi” prezentujący sylwetki zasłużonych dla Kłodzczyzny postaci.</p>



<figure class="wp-block-image size-full"><img loading="lazy" decoding="async" width="323" height="445" src="https://www.muzeum.klodzko.pl/n/wp-content/uploads/2025/04/2021-04-21-3.jpg" alt="" class="wp-image-735" srcset="https://www.muzeum.klodzko.pl/n/wp-content/uploads/2025/04/2021-04-21-3.jpg 323w, https://www.muzeum.klodzko.pl/n/wp-content/uploads/2025/04/2021-04-21-3-218x300.jpg 218w" sizes="auto, (max-width: 323px) 100vw, 323px" /></figure>

<p>Zeszyty Muzeum Ziemi Kłodzkiej nr 10, Red. Grzegorz Pisarski, współpraca Irena Klimaszewska, Renata Kuźmińska. Kłodzko 2009, ss. 400, 17&#215;24 cm. Na bardzo bogatą treść (ponad 400 stron), składa się blok niepublikowanych dotychczas artykułów, które w kłodzkim muzeum, w sierpniu 2007 r., w formie wystąpień, zaprezentowane zostały podczas konferencji poświęconej twierdzy kłodzkiej. Tu m.in. tłumaczenie kilku&hellip;&nbsp;<a href="https://www.muzeum.klodzko.pl/n/nasze-publikacje-2/zeszyty-muzeum-ziemi-klodzkiej-nr-10/" rel="bookmark">Dowiedz się więcej &raquo;<span class="screen-reader-text">Zeszyty Muzeum Ziemi Kłodzkiej nr 10</span></a></p>
