{"id":745,"date":"2025-04-02T08:57:08","date_gmt":"2025-04-02T06:57:08","guid":{"rendered":"https:\/\/www.muzeum.klodzko.pl\/n\/?page_id=745"},"modified":"2025-04-03T13:37:21","modified_gmt":"2025-04-03T11:37:21","slug":"ryszard-bilan-powroty-malarstwo-grafika-rzezba","status":"publish","type":"page","link":"https:\/\/www.muzeum.klodzko.pl\/n\/nasze-publikacje-2\/ryszard-bilan-powroty-malarstwo-grafika-rzezba\/","title":{"rendered":"Ryszard Bilan. Powroty. Malarstwo, grafika, rze\u017aba."},"content":{"rendered":"\n<p><strong><em>Ryszard Bilan. Powroty. Malarstwo, grafika, rze\u017aba.<\/em><\/strong> <\/p>\n\n\n\n<p>Oprac. <strong>Joanna Jakubowicz. Korekta: Irena Klimaszewska<\/strong>. <br>Fotografie: <strong>Tomasz Gmerek<\/strong>. Opracowanie graficzne, <br>sk\u0142ad: <strong>Aleksandra Zimoch<\/strong>. K\u0142odzko: <br>Muzeum Ziemi K\u0142odzkiej 2014, ss. 42, 21&#215;30 cm.<\/p>\n\n\n\n<p>cena: 20 z\u0142<\/p>\n\n\n\n<p>Katalog jest publikacj\u0105 towarzysz\u0105c\u0105 wystawie otwartej 12.09.2014 r. w Muzeum Ziemi K\u0142odzkiej w K\u0142odzku. W katalogu znalaz\u0142 si\u0119 biogram Ryszarda Bilana, fragmenty wywiadu z artyst\u0105 oraz kr\u00f3tkie podsumowania jego tw\u00f3rczo\u015bci malarskiej, graficznej oraz rze\u017abiarskiej. Bogato ilustrowane wydawnictwo ukazuje przekr\u00f3j dorobku artystycznego z ostatnich 40. lat. <\/p>\n\n\n\n<figure class=\"wp-block-image size-full\"><img loading=\"lazy\" decoding=\"async\" width=\"318\" height=\"445\" src=\"https:\/\/www.muzeum.klodzko.pl\/n\/wp-content\/uploads\/2025\/04\/2021-04-21-6.jpg\" alt=\"\" class=\"wp-image-746\" srcset=\"https:\/\/www.muzeum.klodzko.pl\/n\/wp-content\/uploads\/2025\/04\/2021-04-21-6.jpg 318w, https:\/\/www.muzeum.klodzko.pl\/n\/wp-content\/uploads\/2025\/04\/2021-04-21-6-214x300.jpg 214w\" sizes=\"auto, (max-width: 318px) 100vw, 318px\" \/><\/figure>\n","protected":false},"excerpt":{"rendered":"<p>Ryszard Bilan. Powroty. Malarstwo, grafika, rze\u017aba. Oprac. Joanna Jakubowicz. Korekta: Irena Klimaszewska. Fotografie: Tomasz Gmerek. Opracowanie graficzne, sk\u0142ad: Aleksandra Zimoch. K\u0142odzko: Muzeum Ziemi K\u0142odzkiej 2014, ss. 42, 21&#215;30 cm. cena: 20 z\u0142 Katalog jest publikacj\u0105 towarzysz\u0105c\u0105 wystawie otwartej 12.09.2014 r. w Muzeum Ziemi K\u0142odzkiej w K\u0142odzku. W katalogu znalaz\u0142 si\u0119 biogram Ryszarda Bilana, fragmenty wywiadu&hellip;&nbsp;<a href=\"https:\/\/www.muzeum.klodzko.pl\/n\/nasze-publikacje-2\/ryszard-bilan-powroty-malarstwo-grafika-rzezba\/\" rel=\"bookmark\">Dowiedz si\u0119 wi\u0119cej &raquo;<span class=\"screen-reader-text\">Ryszard Bilan. Powroty. Malarstwo, grafika, rze\u017aba.<\/span><\/a><\/p>\n","protected":false},"author":3,"featured_media":939,"parent":655,"menu_order":0,"comment_status":"closed","ping_status":"closed","template":"","meta":{"neve_meta_sidebar":"","neve_meta_container":"","neve_meta_enable_content_width":"","neve_meta_content_width":0,"neve_meta_title_alignment":"","neve_meta_author_avatar":"","neve_post_elements_order":"","neve_meta_disable_header":"","neve_meta_disable_footer":"","neve_meta_disable_title":"","footnotes":""},"class_list":["post-745","page","type-page","status-publish","has-post-thumbnail","hentry"],"_links":{"self":[{"href":"https:\/\/www.muzeum.klodzko.pl\/n\/wp-json\/wp\/v2\/pages\/745","targetHints":{"allow":["GET"]}}],"collection":[{"href":"https:\/\/www.muzeum.klodzko.pl\/n\/wp-json\/wp\/v2\/pages"}],"about":[{"href":"https:\/\/www.muzeum.klodzko.pl\/n\/wp-json\/wp\/v2\/types\/page"}],"author":[{"embeddable":true,"href":"https:\/\/www.muzeum.klodzko.pl\/n\/wp-json\/wp\/v2\/users\/3"}],"replies":[{"embeddable":true,"href":"https:\/\/www.muzeum.klodzko.pl\/n\/wp-json\/wp\/v2\/comments?post=745"}],"version-history":[{"count":5,"href":"https:\/\/www.muzeum.klodzko.pl\/n\/wp-json\/wp\/v2\/pages\/745\/revisions"}],"predecessor-version":[{"id":941,"href":"https:\/\/www.muzeum.klodzko.pl\/n\/wp-json\/wp\/v2\/pages\/745\/revisions\/941"}],"up":[{"embeddable":true,"href":"https:\/\/www.muzeum.klodzko.pl\/n\/wp-json\/wp\/v2\/pages\/655"}],"wp:featuredmedia":[{"embeddable":true,"href":"https:\/\/www.muzeum.klodzko.pl\/n\/wp-json\/wp\/v2\/media\/939"}],"wp:attachment":[{"href":"https:\/\/www.muzeum.klodzko.pl\/n\/wp-json\/wp\/v2\/media?parent=745"}],"curies":[{"name":"wp","href":"https:\/\/api.w.org\/{rel}","templated":true}]}}

Ryszard Bilan. Powroty. Malarstwo, grafika, rzeźba.

<p><strong><em>Ryszard Bilan. Powroty. Malarstwo, grafika, rzeźba.</em></strong> </p>



<p>Oprac. <strong>Joanna Jakubowicz. Korekta: Irena Klimaszewska</strong>. <br>Fotografie: <strong>Tomasz Gmerek</strong>. Opracowanie graficzne, <br>skład: <strong>Aleksandra Zimoch</strong>. Kłodzko: <br>Muzeum Ziemi Kłodzkiej 2014, ss. 42, 21&#215;30 cm.</p>



<p>cena: 20 zł</p>



<p>Katalog jest publikacją towarzyszącą wystawie otwartej 12.09.2014 r. w Muzeum Ziemi Kłodzkiej w Kłodzku. W katalogu znalazł się biogram Ryszarda Bilana, fragmenty wywiadu z artystą oraz krótkie podsumowania jego twórczości malarskiej, graficznej oraz rzeźbiarskiej. Bogato ilustrowane wydawnictwo ukazuje przekrój dorobku artystycznego z ostatnich 40. lat. </p>



<figure class="wp-block-image size-full"><img loading="lazy" decoding="async" width="318" height="445" src="https://www.muzeum.klodzko.pl/n/wp-content/uploads/2025/04/2021-04-21-6.jpg" alt="" class="wp-image-746" srcset="https://www.muzeum.klodzko.pl/n/wp-content/uploads/2025/04/2021-04-21-6.jpg 318w, https://www.muzeum.klodzko.pl/n/wp-content/uploads/2025/04/2021-04-21-6-214x300.jpg 214w" sizes="auto, (max-width: 318px) 100vw, 318px" /></figure>

<p>Ryszard Bilan. Powroty. Malarstwo, grafika, rzeźba. Oprac. Joanna Jakubowicz. Korekta: Irena Klimaszewska. Fotografie: Tomasz Gmerek. Opracowanie graficzne, skład: Aleksandra Zimoch. Kłodzko: Muzeum Ziemi Kłodzkiej 2014, ss. 42, 21&#215;30 cm. cena: 20 zł Katalog jest publikacją towarzyszącą wystawie otwartej 12.09.2014 r. w Muzeum Ziemi Kłodzkiej w Kłodzku. W katalogu znalazł się biogram Ryszarda Bilana, fragmenty wywiadu&hellip;&nbsp;<a href="https://www.muzeum.klodzko.pl/n/nasze-publikacje-2/ryszard-bilan-powroty-malarstwo-grafika-rzezba/" rel="bookmark">Dowiedz się więcej &raquo;<span class="screen-reader-text">Ryszard Bilan. Powroty. Malarstwo, grafika, rzeźba.</span></a></p>
