{"id":760,"date":"2025-04-02T09:10:32","date_gmt":"2025-04-02T07:10:32","guid":{"rendered":"https:\/\/www.muzeum.klodzko.pl\/n\/?page_id=760"},"modified":"2025-04-02T15:10:55","modified_gmt":"2025-04-02T13:10:55","slug":"marianna-oranska-a-ziemia-klodzka","status":"publish","type":"page","link":"https:\/\/www.muzeum.klodzko.pl\/n\/nasze-publikacje-2\/marianna-oranska-a-ziemia-klodzka\/","title":{"rendered":"Marianna Ora\u0144ska a Ziemia K\u0142odzka"},"content":{"rendered":"\n<p><strong><em>Marianna Ora\u0144ska a Ziemia K\u0142odzka<\/em><\/strong>, <br>Red. Irena Klimaszewska. K\u0142odzko 2010, ss. 90, [20 s. il.], 15&#215;21 cm.<\/p>\n\n\n\n<p>cena 18 z\u0142.\u00a0<\/p>\n\n\n\n<p>Rok 2010, og\u0142oszony Rokiem Marianny Ora\u0144skiej, sta\u0142 si\u0119 okazj\u0105 do podj\u0119cia przez r\u00f3\u017cnego rodzaju dolno\u015bl\u0105skie instytucje szeregu dzia\u0142a\u0144 promuj\u0105cych osob\u0119 kr\u00f3lewny. Bardzo aktywnie w\u0142\u0105czy\u0142o si\u0119 w te przedsi\u0119wzi\u0119cia k\u0142odzkie muzeum,organizuj\u0105c sympozjum naukowe <em>Marianna Ora\u0144ska a ziemia k\u0142odzka,<\/em> przygotowuj\u0105c wystaw\u0119 planszow\u0105, kt\u00f3ra prezentowa\u0142a dokonania Marianny Ora\u0144skiej na ziemi k\u0142odzkiej, jak r\u00f3wnie\u017c publikuj\u0105c materia\u0142y z sympozjum.<\/p>\n\n\n\n<p>Wydana p\u00f3\u017an\u0105 jesieni\u0105 ubieg\u0142ego roku praca zawiera wszystkie wyg\u0142oszone podczas czerwcowego sympozjum referaty, a ich r\u00f3\u017cnorodno\u015b\u0107, cho\u0107 skromna ilo\u015bciowo, u\u015bwiadamia du\u017ce bogactwo w\u0105tk\u00f3w tematycznych zwi\u0105zanych z osob\u0105 niderlandzkiej kr\u00f3lewny.Publikacj\u0119 otwiera artyku\u0142 Krzysztofa Mazurskiego na temat osoby i dokona\u0144 Marianny Ora\u0144skiej, &nbsp;dalej Wojciech Ci\u0119\u017ckowski pisze o zwi\u0105zkach niderlandzkiej kr\u00f3lewny z L\u0105dkiem Zdr\u00f3j, &nbsp;a Jerzy Organi\u015bciak podsumowuje dzia\u0142alno\u015b\u0107 gospodarcz\u0105 i charytatywn\u0105 Marianny w rejonie Z\u0142otego Stoku. Kolejny artyku\u0142, pi\u00f3ra Krystyny Oniszczuk-Awi\u017ce\u0144, prezentuje genez\u0119 huty w Stroniu \u015al\u0105skim, kt\u00f3rej budow\u0119 finansowo wspar\u0142a Marianna Ora\u0144ska, natomiast o wynikach kwerendy przeprowadzonej w archiwach krajowych i zagranicznych, kt\u00f3re umo\u017cliwiaj\u0105 pe\u0142niejsze poznanie r\u00f3\u017cnych aspekt\u00f3w dzia\u0142alno\u015bci gospodarczej Marianny na terenie ziemi kamienieckiej i k\u0142odzkiej, jak r\u00f3wnie\u017c uzupe\u0142niaj\u0105 wiele wa\u017cnych w\u0105tk\u00f3w jej \u017cyciorysu, napisa\u0142 Bartosz Grygorcewicz. Kolejny artyku\u0142, autorstwa Adriany Miko\u0142ajczyk, dotyczy historii przechowywanych w Muzeum w Nysie portret\u00f3w Marianny, a tak\u017cenale\u017c\u0105cych do kr\u00f3lewny wedut Hagi, za\u015b nast\u0119pny informuje okoncepcji zagospodarowania turystycznego Transgranicznego Szlaku Kr\u00f3lewny Marianny Ora\u0144skiej, kt\u00f3ry ma upami\u0119tni\u0107 jej \u017cycie i dokonania i sta\u0107 si\u0119 jedn\u0105 z ciekawszych ofert turystycznych. Jego autork\u0105 jest Ma\u0142gorzata Krajnik.&nbsp; Ostatni artyku\u0142, wopracowaniu Janiny Piegzy reprezentuj\u0105cej Oddzia\u0142 PTTK w Mi\u0119dzyg\u00f3rzu, dotyczy powstania i organizacji cyklicznego Mi\u0119dzyg\u00f3rskiego Rajdu Marianny Ora\u0144skiej.<\/p>\n\n\n\n<p>Mamy nadziej\u0119, \u017ce publikacja, obok ju\u017c istniej\u0105cych, aczkolwiek do\u015b\u0107 rozproszonych materia\u0142\u00f3w,&nbsp;w istotny spos\u00f3b uzupe\u0142ni w\u0105tki dotycz\u0105ce tak niezwyk\u0142ej postaci jak\u0105 niew\u0105tpliwie by\u0142a Marianna Ora\u0144ska,&nbsp; c\u00f3rka Wilhelma I Ora\u0144skiego, kr\u00f3la Niderland\u00f3w, kt\u00f3ra cz\u0119\u015b\u0107 swego \u017cycia sp\u0119dzi\u0142a na terenie Dolnego \u015al\u0105ska, przyczyniaj\u0105c si\u0119 znacznie do jego rozwoju.<\/p>\n\n\n\n<figure class=\"wp-block-image size-full\"><img loading=\"lazy\" decoding=\"async\" width=\"332\" height=\"445\" src=\"https:\/\/www.muzeum.klodzko.pl\/n\/wp-content\/uploads\/2025\/04\/2021-04-21-9.jpg\" alt=\"\" class=\"wp-image-761\" srcset=\"https:\/\/www.muzeum.klodzko.pl\/n\/wp-content\/uploads\/2025\/04\/2021-04-21-9.jpg 332w, https:\/\/www.muzeum.klodzko.pl\/n\/wp-content\/uploads\/2025\/04\/2021-04-21-9-224x300.jpg 224w\" sizes=\"auto, (max-width: 332px) 100vw, 332px\" \/><\/figure>\n","protected":false},"excerpt":{"rendered":"<p>Marianna Ora\u0144ska a Ziemia K\u0142odzka, Red. Irena Klimaszewska. K\u0142odzko 2010, ss. 90, [20 s. il.], 15&#215;21 cm. cena 18 z\u0142.\u00a0 Rok 2010, og\u0142oszony Rokiem Marianny Ora\u0144skiej, sta\u0142 si\u0119 okazj\u0105 do podj\u0119cia przez r\u00f3\u017cnego rodzaju dolno\u015bl\u0105skie instytucje szeregu dzia\u0142a\u0144 promuj\u0105cych osob\u0119 kr\u00f3lewny. Bardzo aktywnie w\u0142\u0105czy\u0142o si\u0119 w te przedsi\u0119wzi\u0119cia k\u0142odzkie muzeum,organizuj\u0105c sympozjum naukowe Marianna Ora\u0144ska a&hellip;&nbsp;<a href=\"https:\/\/www.muzeum.klodzko.pl\/n\/nasze-publikacje-2\/marianna-oranska-a-ziemia-klodzka\/\" rel=\"bookmark\">Dowiedz si\u0119 wi\u0119cej &raquo;<span class=\"screen-reader-text\">Marianna Ora\u0144ska a Ziemia K\u0142odzka<\/span><\/a><\/p>\n","protected":false},"author":3,"featured_media":761,"parent":655,"menu_order":0,"comment_status":"closed","ping_status":"closed","template":"","meta":{"neve_meta_sidebar":"","neve_meta_container":"","neve_meta_enable_content_width":"","neve_meta_content_width":0,"neve_meta_title_alignment":"","neve_meta_author_avatar":"","neve_post_elements_order":"","neve_meta_disable_header":"","neve_meta_disable_footer":"","neve_meta_disable_title":"","footnotes":""},"class_list":["post-760","page","type-page","status-publish","has-post-thumbnail","hentry"],"_links":{"self":[{"href":"https:\/\/www.muzeum.klodzko.pl\/n\/wp-json\/wp\/v2\/pages\/760","targetHints":{"allow":["GET"]}}],"collection":[{"href":"https:\/\/www.muzeum.klodzko.pl\/n\/wp-json\/wp\/v2\/pages"}],"about":[{"href":"https:\/\/www.muzeum.klodzko.pl\/n\/wp-json\/wp\/v2\/types\/page"}],"author":[{"embeddable":true,"href":"https:\/\/www.muzeum.klodzko.pl\/n\/wp-json\/wp\/v2\/users\/3"}],"replies":[{"embeddable":true,"href":"https:\/\/www.muzeum.klodzko.pl\/n\/wp-json\/wp\/v2\/comments?post=760"}],"version-history":[{"count":2,"href":"https:\/\/www.muzeum.klodzko.pl\/n\/wp-json\/wp\/v2\/pages\/760\/revisions"}],"predecessor-version":[{"id":806,"href":"https:\/\/www.muzeum.klodzko.pl\/n\/wp-json\/wp\/v2\/pages\/760\/revisions\/806"}],"up":[{"embeddable":true,"href":"https:\/\/www.muzeum.klodzko.pl\/n\/wp-json\/wp\/v2\/pages\/655"}],"wp:featuredmedia":[{"embeddable":true,"href":"https:\/\/www.muzeum.klodzko.pl\/n\/wp-json\/wp\/v2\/media\/761"}],"wp:attachment":[{"href":"https:\/\/www.muzeum.klodzko.pl\/n\/wp-json\/wp\/v2\/media?parent=760"}],"curies":[{"name":"wp","href":"https:\/\/api.w.org\/{rel}","templated":true}]}}

Marianna Orańska a Ziemia Kłodzka

<p><strong><em>Marianna Orańska a Ziemia Kłodzka</em></strong>, <br>Red. Irena Klimaszewska. Kłodzko 2010, ss. 90, [20 s. il.], 15&#215;21 cm.</p>



<p>cena 18 zł. </p>



<p>Rok 2010, ogłoszony Rokiem Marianny Orańskiej, stał się okazją do podjęcia przez różnego rodzaju dolnośląskie instytucje szeregu działań promujących osobę królewny. Bardzo aktywnie włączyło się w te przedsięwzięcia kłodzkie muzeum,organizując sympozjum naukowe <em>Marianna Orańska a ziemia kłodzka,</em> przygotowując wystawę planszową, która prezentowała dokonania Marianny Orańskiej na ziemi kłodzkiej, jak również publikując materiały z sympozjum.</p>



<p>Wydana późną jesienią ubiegłego roku praca zawiera wszystkie wygłoszone podczas czerwcowego sympozjum referaty, a ich różnorodność, choć skromna ilościowo, uświadamia duże bogactwo wątków tematycznych związanych z osobą niderlandzkiej królewny.Publikację otwiera artykuł Krzysztofa Mazurskiego na temat osoby i dokonań Marianny Orańskiej, &nbsp;dalej Wojciech Ciężkowski pisze o związkach niderlandzkiej królewny z Lądkiem Zdrój, &nbsp;a Jerzy Organiściak podsumowuje działalność gospodarczą i charytatywną Marianny w rejonie Złotego Stoku. Kolejny artykuł, pióra Krystyny Oniszczuk-Awiżeń, prezentuje genezę huty w Stroniu Śląskim, której budowę finansowo wsparła Marianna Orańska, natomiast o wynikach kwerendy przeprowadzonej w archiwach krajowych i zagranicznych, które umożliwiają pełniejsze poznanie różnych aspektów działalności gospodarczej Marianny na terenie ziemi kamienieckiej i kłodzkiej, jak również uzupełniają wiele ważnych wątków jej życiorysu, napisał Bartosz Grygorcewicz. Kolejny artykuł, autorstwa Adriany Mikołajczyk, dotyczy historii przechowywanych w Muzeum w Nysie portretów Marianny, a takżenależących do królewny wedut Hagi, zaś następny informuje okoncepcji zagospodarowania turystycznego Transgranicznego Szlaku Królewny Marianny Orańskiej, który ma upamiętnić jej życie i dokonania i stać się jedną z ciekawszych ofert turystycznych. Jego autorką jest Małgorzata Krajnik.&nbsp; Ostatni artykuł, wopracowaniu Janiny Piegzy reprezentującej Oddział PTTK w Międzygórzu, dotyczy powstania i organizacji cyklicznego Międzygórskiego Rajdu Marianny Orańskiej.</p>



<p>Mamy nadzieję, że publikacja, obok już istniejących, aczkolwiek dość rozproszonych materiałów,&nbsp;w istotny sposób uzupełni wątki dotyczące tak niezwykłej postaci jaką niewątpliwie była Marianna Orańska,&nbsp; córka Wilhelma I Orańskiego, króla Niderlandów, która część swego życia spędziła na terenie Dolnego Śląska, przyczyniając się znacznie do jego rozwoju.</p>



<figure class="wp-block-image size-full"><img loading="lazy" decoding="async" width="332" height="445" src="https://www.muzeum.klodzko.pl/n/wp-content/uploads/2025/04/2021-04-21-9.jpg" alt="" class="wp-image-761" srcset="https://www.muzeum.klodzko.pl/n/wp-content/uploads/2025/04/2021-04-21-9.jpg 332w, https://www.muzeum.klodzko.pl/n/wp-content/uploads/2025/04/2021-04-21-9-224x300.jpg 224w" sizes="auto, (max-width: 332px) 100vw, 332px" /></figure>

<p>Marianna Orańska a Ziemia Kłodzka, Red. Irena Klimaszewska. Kłodzko 2010, ss. 90, [20 s. il.], 15&#215;21 cm. cena 18 zł.  Rok 2010, ogłoszony Rokiem Marianny Orańskiej, stał się okazją do podjęcia przez różnego rodzaju dolnośląskie instytucje szeregu działań promujących osobę królewny. Bardzo aktywnie włączyło się w te przedsięwzięcia kłodzkie muzeum,organizując sympozjum naukowe Marianna Orańska a&hellip;&nbsp;<a href="https://www.muzeum.klodzko.pl/n/nasze-publikacje-2/marianna-oranska-a-ziemia-klodzka/" rel="bookmark">Dowiedz się więcej &raquo;<span class="screen-reader-text">Marianna Orańska a Ziemia Kłodzka</span></a></p>
