{"id":789,"date":"2025-04-02T14:30:56","date_gmt":"2025-04-02T12:30:56","guid":{"rendered":"https:\/\/www.muzeum.klodzko.pl\/n\/?page_id=789"},"modified":"2025-04-02T14:30:57","modified_gmt":"2025-04-02T12:30:57","slug":"z-dziejow-klodzka","status":"publish","type":"page","link":"https:\/\/www.muzeum.klodzko.pl\/n\/nasze-publikacje-2\/z-dziejow-klodzka\/","title":{"rendered":"Z dziej\u00f3w K\u0142odzka"},"content":{"rendered":"\n<p><strong><em>Z dziej\u00f3w K\u0142odzka. Katalog wystawy<\/em>. <\/strong><br>Autorzy <strong>Irena Klimaszewska, Krystyna Oniszczuk-Awi\u017ce\u0144, Joanna Stoklasek-Michalak <\/strong><br>fot. <strong>Tomasz Gmerek, Tadeusz Ja\u017cd\u017cewski<\/strong><br>K\u0142odzko \u00a02012, s. 106, 21,5\u00d721,5 cm., <br><br>cena: 25 z\u0142<\/p>\n\n\n\n<p>Ilustrowana publikacja towarzysz\u0105ca wystawie pod tym samym tytu\u0142em, w polskiej, czeskiej i angielskiej wersji j\u0119zykowej, zawiera szkic dziej\u00f3w K\u0142odzka oraz opis prezentowanych na wystawie eksponat\u00f3w. Dzi\u0119ki zastosowaniu w cz\u0119\u015bci katalogowej uk\u0142adu chronologicznego, zgodnego z przyj\u0119tym na wystawie podzia\u0142em na kilkana\u015bcie sal ekspozycyjnych, publikacja stanowi doskona\u0142y przewodnik po wystawie.<\/p>\n\n\n\n<figure class=\"wp-block-image size-full\"><img decoding=\"async\" src=\"https:\/\/www.muzeum.klodzko.pl\/n\/wp-content\/uploads\/2025\/03\/Z-dziejow-Klodzka.thumbnail.jpg\" alt=\"\" class=\"wp-image-533\"\/><\/figure>\n","protected":false},"excerpt":{"rendered":"<p>Z dziej\u00f3w K\u0142odzka. Katalog wystawy. Autorzy Irena Klimaszewska, Krystyna Oniszczuk-Awi\u017ce\u0144, Joanna Stoklasek-Michalak fot. Tomasz Gmerek, Tadeusz Ja\u017cd\u017cewskiK\u0142odzko \u00a02012, s. 106, 21,5\u00d721,5 cm., cena: 25 z\u0142 Ilustrowana publikacja towarzysz\u0105ca wystawie pod tym samym tytu\u0142em, w polskiej, czeskiej i angielskiej wersji j\u0119zykowej, zawiera szkic dziej\u00f3w K\u0142odzka oraz opis prezentowanych na wystawie eksponat\u00f3w. Dzi\u0119ki zastosowaniu w cz\u0119\u015bci katalogowej&hellip;&nbsp;<a href=\"https:\/\/www.muzeum.klodzko.pl\/n\/nasze-publikacje-2\/z-dziejow-klodzka\/\" rel=\"bookmark\">Dowiedz si\u0119 wi\u0119cej &raquo;<span class=\"screen-reader-text\">Z dziej\u00f3w K\u0142odzka<\/span><\/a><\/p>\n","protected":false},"author":3,"featured_media":790,"parent":655,"menu_order":0,"comment_status":"closed","ping_status":"closed","template":"","meta":{"neve_meta_sidebar":"","neve_meta_container":"","neve_meta_enable_content_width":"","neve_meta_content_width":0,"neve_meta_title_alignment":"","neve_meta_author_avatar":"","neve_post_elements_order":"","neve_meta_disable_header":"","neve_meta_disable_footer":"","neve_meta_disable_title":"","footnotes":""},"class_list":["post-789","page","type-page","status-publish","has-post-thumbnail","hentry"],"_links":{"self":[{"href":"https:\/\/www.muzeum.klodzko.pl\/n\/wp-json\/wp\/v2\/pages\/789","targetHints":{"allow":["GET"]}}],"collection":[{"href":"https:\/\/www.muzeum.klodzko.pl\/n\/wp-json\/wp\/v2\/pages"}],"about":[{"href":"https:\/\/www.muzeum.klodzko.pl\/n\/wp-json\/wp\/v2\/types\/page"}],"author":[{"embeddable":true,"href":"https:\/\/www.muzeum.klodzko.pl\/n\/wp-json\/wp\/v2\/users\/3"}],"replies":[{"embeddable":true,"href":"https:\/\/www.muzeum.klodzko.pl\/n\/wp-json\/wp\/v2\/comments?post=789"}],"version-history":[{"count":1,"href":"https:\/\/www.muzeum.klodzko.pl\/n\/wp-json\/wp\/v2\/pages\/789\/revisions"}],"predecessor-version":[{"id":791,"href":"https:\/\/www.muzeum.klodzko.pl\/n\/wp-json\/wp\/v2\/pages\/789\/revisions\/791"}],"up":[{"embeddable":true,"href":"https:\/\/www.muzeum.klodzko.pl\/n\/wp-json\/wp\/v2\/pages\/655"}],"wp:featuredmedia":[{"embeddable":true,"href":"https:\/\/www.muzeum.klodzko.pl\/n\/wp-json\/wp\/v2\/media\/790"}],"wp:attachment":[{"href":"https:\/\/www.muzeum.klodzko.pl\/n\/wp-json\/wp\/v2\/media?parent=789"}],"curies":[{"name":"wp","href":"https:\/\/api.w.org\/{rel}","templated":true}]}}

Z dziejów Kłodzka

<p><strong><em>Z dziejów Kłodzka. Katalog wystawy</em>. </strong><br>Autorzy <strong>Irena Klimaszewska, Krystyna Oniszczuk-Awiżeń, Joanna Stoklasek-Michalak </strong><br>fot. <strong>Tomasz Gmerek, Tadeusz Jażdżewski</strong><br>Kłodzko  2012, s. 106, 21,5×21,5 cm., <br><br>cena: 25 zł</p>



<p>Ilustrowana publikacja towarzysząca wystawie pod tym samym tytułem, w polskiej, czeskiej i angielskiej wersji językowej, zawiera szkic dziejów Kłodzka oraz opis prezentowanych na wystawie eksponatów. Dzięki zastosowaniu w części katalogowej układu chronologicznego, zgodnego z przyjętym na wystawie podziałem na kilkanaście sal ekspozycyjnych, publikacja stanowi doskonały przewodnik po wystawie.</p>



<figure class="wp-block-image size-full"><img decoding="async" src="https://www.muzeum.klodzko.pl/n/wp-content/uploads/2025/03/Z-dziejow-Klodzka.thumbnail.jpg" alt="" class="wp-image-533"/></figure>

<p>Z dziejów Kłodzka. Katalog wystawy. Autorzy Irena Klimaszewska, Krystyna Oniszczuk-Awiżeń, Joanna Stoklasek-Michalak fot. Tomasz Gmerek, Tadeusz JażdżewskiKłodzko  2012, s. 106, 21,5×21,5 cm., cena: 25 zł Ilustrowana publikacja towarzysząca wystawie pod tym samym tytułem, w polskiej, czeskiej i angielskiej wersji językowej, zawiera szkic dziejów Kłodzka oraz opis prezentowanych na wystawie eksponatów. Dzięki zastosowaniu w części katalogowej&hellip;&nbsp;<a href="https://www.muzeum.klodzko.pl/n/nasze-publikacje-2/z-dziejow-klodzka/" rel="bookmark">Dowiedz się więcej &raquo;<span class="screen-reader-text">Z dziejów Kłodzka</span></a></p>
