{"id":797,"date":"2025-04-02T15:01:20","date_gmt":"2025-04-02T13:01:20","guid":{"rendered":"https:\/\/www.muzeum.klodzko.pl\/n\/?page_id=797"},"modified":"2025-04-02T15:06:51","modified_gmt":"2025-04-02T13:06:51","slug":"jak-skrzat-teofil-zwiedzal-muzeum-w-klodzku","status":"publish","type":"page","link":"https:\/\/www.muzeum.klodzko.pl\/n\/nasze-publikacje-2\/jak-skrzat-teofil-zwiedzal-muzeum-w-klodzku\/","title":{"rendered":"Jak skrzat Teofil zwiedza\u0142 muzeum w K\u0142odzku"},"content":{"rendered":"\n<p><strong><em>Jak skrzat Teofil zwiedza\u0142 muzeum w K\u0142odzku<\/em><\/strong> <br>Autor:<strong> Irena Klimaszewska<\/strong><br>ilustracje : <strong>Sylwia Mucha<\/strong><\/p>\n\n\n\n<p>Przewodnik po Muzeum Ziemi K\u0142odzkiej, adresowany do dzieci w wieku 7-11 lat. Intencj\u0105 wydania publikacji, opracowanej w formie bajeczki, by\u0142a ch\u0119\u0107 dotarcia do najm\u0142odszych go\u015bci naszej plac\u00f3wki, w celu dostarczenia dzieciom podstawowych, dostosowanych do ich percepcji, wiadomo\u015bci na temat muzeum i jego zbior\u00f3w. Chcemy tak\u017ce, aby ksi\u0105\u017ceczka by\u0142a wykorzystywana jako materia\u0142 pomocniczy do organizowanych przez nasz\u0105 plac\u00f3wk\u0119 lekcji muzealnych i warsztat\u00f3w dla najm\u0142odszych. Mamy nadziej\u0119, \u017ce pos\u0142u\u017cy ona r\u00f3wnie\u017c rodzicom zwiedzaj\u0105cym k\u0142odzkie muzeum wraz ze swoimi pociechami.<\/p>\n\n\n\n<p>Bohaterem bajeczki-przewodnika jest skrzat Teo\u015b. Sympatyczny, ciekawy wszystkiego skrzacik, pewnego razu postanawia obejrze\u0107 zgromadzone w k\u0142odzkim muzeum eksponaty. Towarzyszy mu, jako opiekun, skrzat Teodor, obu za\u015b po plac\u00f3wce oprowadza jej wieloletni rezydent \u2013 skrzat Tymoteusz, zwany Klucznikiem. Skrzaty zwiedzaj\u0105 kolejne pomieszczenia muzealne, zagl\u0105daj\u0105 nawet do, zamkni\u0119tych dla zwiedzaj\u0105cych, muzealnych magazyn\u00f3w.<\/p>\n\n\n\n<p>Ksi\u0105\u017ceczka zawiera kolorowe fotografie wystaw i pomieszcze\u0144 muzealnych, barwne rysunki oraz zagadki, kt\u00f3re nawi\u0105zuj\u0105c do zawartych w przewodniku wiadomo\u015bci, pozwalaj\u0105 rozszerzy\u0107 i utrwali\u0107 poznane w trakcie lektury informacje.<\/p>\n\n\n\n<p>Publikacja mog\u0142a powsta\u0107 dzi\u0119ki dofinansowaniu przez Zarz\u0105d Wojew\u00f3dztwa Dolno\u015bl\u0105skiego.\u00a0<\/p>\n\n\n\n<p>Nak\u0142ad wyczerpany<\/p>\n\n\n\n<figure class=\"wp-block-image size-full is-resized\"><img loading=\"lazy\" decoding=\"async\" width=\"229\" height=\"220\" src=\"https:\/\/www.muzeum.klodzko.pl\/n\/wp-content\/uploads\/2025\/04\/images.jpg\" alt=\"\" class=\"wp-image-798\" style=\"width:291px;height:auto\"\/><\/figure>\n","protected":false},"excerpt":{"rendered":"<p>Jak skrzat Teofil zwiedza\u0142 muzeum w K\u0142odzku Autor: Irena Klimaszewskailustracje : Sylwia Mucha Przewodnik po Muzeum Ziemi K\u0142odzkiej, adresowany do dzieci w wieku 7-11 lat. Intencj\u0105 wydania publikacji, opracowanej w formie bajeczki, by\u0142a ch\u0119\u0107 dotarcia do najm\u0142odszych go\u015bci naszej plac\u00f3wki, w celu dostarczenia dzieciom podstawowych, dostosowanych do ich percepcji, wiadomo\u015bci na temat muzeum i jego&hellip;&nbsp;<a href=\"https:\/\/www.muzeum.klodzko.pl\/n\/nasze-publikacje-2\/jak-skrzat-teofil-zwiedzal-muzeum-w-klodzku\/\" rel=\"bookmark\">Dowiedz si\u0119 wi\u0119cej &raquo;<span class=\"screen-reader-text\">Jak skrzat Teofil zwiedza\u0142 muzeum w K\u0142odzku<\/span><\/a><\/p>\n","protected":false},"author":3,"featured_media":804,"parent":655,"menu_order":0,"comment_status":"closed","ping_status":"closed","template":"","meta":{"neve_meta_sidebar":"","neve_meta_container":"","neve_meta_enable_content_width":"","neve_meta_content_width":0,"neve_meta_title_alignment":"","neve_meta_author_avatar":"","neve_post_elements_order":"","neve_meta_disable_header":"","neve_meta_disable_footer":"","neve_meta_disable_title":"","footnotes":""},"class_list":["post-797","page","type-page","status-publish","has-post-thumbnail","hentry"],"_links":{"self":[{"href":"https:\/\/www.muzeum.klodzko.pl\/n\/wp-json\/wp\/v2\/pages\/797","targetHints":{"allow":["GET"]}}],"collection":[{"href":"https:\/\/www.muzeum.klodzko.pl\/n\/wp-json\/wp\/v2\/pages"}],"about":[{"href":"https:\/\/www.muzeum.klodzko.pl\/n\/wp-json\/wp\/v2\/types\/page"}],"author":[{"embeddable":true,"href":"https:\/\/www.muzeum.klodzko.pl\/n\/wp-json\/wp\/v2\/users\/3"}],"replies":[{"embeddable":true,"href":"https:\/\/www.muzeum.klodzko.pl\/n\/wp-json\/wp\/v2\/comments?post=797"}],"version-history":[{"count":1,"href":"https:\/\/www.muzeum.klodzko.pl\/n\/wp-json\/wp\/v2\/pages\/797\/revisions"}],"predecessor-version":[{"id":800,"href":"https:\/\/www.muzeum.klodzko.pl\/n\/wp-json\/wp\/v2\/pages\/797\/revisions\/800"}],"up":[{"embeddable":true,"href":"https:\/\/www.muzeum.klodzko.pl\/n\/wp-json\/wp\/v2\/pages\/655"}],"wp:featuredmedia":[{"embeddable":true,"href":"https:\/\/www.muzeum.klodzko.pl\/n\/wp-json\/wp\/v2\/media\/804"}],"wp:attachment":[{"href":"https:\/\/www.muzeum.klodzko.pl\/n\/wp-json\/wp\/v2\/media?parent=797"}],"curies":[{"name":"wp","href":"https:\/\/api.w.org\/{rel}","templated":true}]}}