{"id":80,"date":"2025-01-08T17:40:59","date_gmt":"2025-01-08T16:40:59","guid":{"rendered":"https:\/\/www.muzeum.klodzko.pl\/n\/?page_id=80"},"modified":"2025-01-30T13:57:58","modified_gmt":"2025-01-30T12:57:58","slug":"wystawa-stala-kruche-piekno","status":"publish","type":"page","link":"https:\/\/www.muzeum.klodzko.pl\/n\/wystawa-stala-kruche-piekno\/","title":{"rendered":"Kruche Pi\u0119kno"},"content":{"rendered":"\n<h4 class=\"wp-block-heading\"><strong>Kruche Pi\u0119kno <\/strong><br>Szk\u0142o k\u0142odzkie z 2 po\u0142owy XX wieku. Kolekcja Muzeum Ziemi K\u0142odzkiej w K\u0142odzku<\/h4>\n\n\n\n<p>Przechowywane w Muzeum Ziemi K\u0142odzkiej w K\u0142odzku zbiory szk\u0142a unikatowego i u\u017cytkowego s\u0105 \u015bwiadectwem minionych lat i stanowi\u0105 obecnie jedn\u0105 z bogatszych w kraju &#8211; dzi\u015b ju\u017c historyczn\u0105 kolekcj\u0119 szk\u0142a polskiego 2 po\u0142owy XX w. W dziejach najnowszych k\u0142odzkiego szklarstwa szczeg\u00f3lna rola przypad\u0142a, przyby\u0142ym tu w latach 50. i 60., pierwszym absolwentom Wydzia\u0142u Szk\u0142a Pa\u0144stwowej Wy\u017cszej Szko\u0142y Sztuk Plastycznych we Wroc\u0142awiu (obecnie Akademia Sztuk Pi\u0119knych). Z ziemi\u0105 k\u0142odzk\u0105 i hutami szk\u0142a w Stroniu \u015al\u0105skim i Szczytnej zwi\u0105zali si\u0119 w\u00f3wczas: Zygmunt Janota, Witold Turkiewicz, Zbigniew Horbowy, Lucjan Gajos, Stanis\u0142awa Paczos, Stefan Sadowski i na kilka lat Edward Kmiecik &#8211; uczniowie prof. Stanis\u0142awa Dawskiego (1905-1990) &#8211; tw\u00f3rcy wroc\u0142awskiej Katedry Szk\u0142a. W latach 70. do grona projektant\u00f3w do\u0142\u0105czyli m.in.: Ewa Gerczuk-Moskaluk, Maria Dombrowska-Robaszewska i Janusz Robaszewski, a w latach 80. Jolanta i Krzysztof Ceglarkowie &#8211; pierwsi wychowankowie prof. Zbigniewa Horbowego (1935-2019), Ludwika Kiczury (1934-2015) i Henryka Wilkowskiego (1933-1996).<\/p>\n\n\n\n<figure class=\"wp-block-image size-large\"><img loading=\"lazy\" decoding=\"async\" width=\"1024\" height=\"407\" src=\"https:\/\/www.muzeum.klodzko.pl\/n\/wp-content\/uploads\/2025\/01\/IMG_20240424_144312-02-1024x407.jpg\" alt=\"\" class=\"wp-image-192\" srcset=\"https:\/\/www.muzeum.klodzko.pl\/n\/wp-content\/uploads\/2025\/01\/IMG_20240424_144312-02-1024x407.jpg 1024w, https:\/\/www.muzeum.klodzko.pl\/n\/wp-content\/uploads\/2025\/01\/IMG_20240424_144312-02-300x119.jpg 300w, https:\/\/www.muzeum.klodzko.pl\/n\/wp-content\/uploads\/2025\/01\/IMG_20240424_144312-02-768x306.jpg 768w, https:\/\/www.muzeum.klodzko.pl\/n\/wp-content\/uploads\/2025\/01\/IMG_20240424_144312-02-1536x611.jpg 1536w, https:\/\/www.muzeum.klodzko.pl\/n\/wp-content\/uploads\/2025\/01\/IMG_20240424_144312-02.jpg 1900w\" sizes=\"auto, (max-width: 1024px) 100vw, 1024px\" \/><\/figure>\n\n\n\n<p><\/p>\n\n\n\n<p>Dzia\u0142alno\u015b\u0107 tych dw\u00f3ch generacji projektant\u00f3w na wiele lat okre\u015bli\u0142a specyfik\u0119 niewielkiego, regionalnego \u015brodowiska artystycznego, a pr\u0119\u017cno\u015b\u0107 i ambicje tw\u00f3rc\u00f3w zaowocowa\u0142y dzie\u0142ami o walorach artystycznych, uzasadniaj\u0105cych organizowanie wystaw i tworzenie sta\u0142ego, muzealnego zbioru. W 1976 \u0433. K\u0142odzko by\u0142o miejscem I Og\u00f3lnopolskiego Triennale Szk\u0142a, a w latach 1977- -1988 odby\u0142o si\u0119 blisko 20 krajowych i zagranicznych pokaz\u00f3w \u201eK\u0142odzkiego Szk\u0142a artystycznego&#8221; oraz liczne \u015brodowiskowe i indywidualne prezentacje dorobku artyst\u00f3w.<\/p>\n\n\n\n<figure class=\"wp-block-image size-large\"><img loading=\"lazy\" decoding=\"async\" width=\"1024\" height=\"683\" src=\"https:\/\/www.muzeum.klodzko.pl\/n\/wp-content\/uploads\/2025\/01\/Kruche-Piekno-_DSC9717-1024x683.jpg\" alt=\"\" class=\"wp-image-193\" srcset=\"https:\/\/www.muzeum.klodzko.pl\/n\/wp-content\/uploads\/2025\/01\/Kruche-Piekno-_DSC9717-1024x683.jpg 1024w, https:\/\/www.muzeum.klodzko.pl\/n\/wp-content\/uploads\/2025\/01\/Kruche-Piekno-_DSC9717-300x200.jpg 300w, https:\/\/www.muzeum.klodzko.pl\/n\/wp-content\/uploads\/2025\/01\/Kruche-Piekno-_DSC9717-768x512.jpg 768w, https:\/\/www.muzeum.klodzko.pl\/n\/wp-content\/uploads\/2025\/01\/Kruche-Piekno-_DSC9717-930x620.jpg 930w, https:\/\/www.muzeum.klodzko.pl\/n\/wp-content\/uploads\/2025\/01\/Kruche-Piekno-_DSC9717.jpg 1500w\" sizes=\"auto, (max-width: 1024px) 100vw, 1024px\" \/><\/figure>\n\n\n\n<p><\/p>\n\n\n\n<p>Zasadnicz\u0105 metod\u0105 pozyskiwania eksponat\u00f3w by\u0142y zakupy dokonywane bezpo\u015brednio od autor\u00f3w prac. Wi\u0119kszo\u015b\u0107 z nich poczyniono w latach 80. i 90. ubieg\u0142ego wieku, kiedy to huty szk\u0142a w Szczytnej i Stroniu \u015al\u0105skim najlepiej prosperowa\u0142y, a w hucie Barbara&#8221; w Polanicy-Zdroju, a nast\u0119pnie w stro\u0144skiej, \u201eViolettcie&#8221;, organizowane by\u0142y plenery szklarskie. K\u0142odzki zbi\u00f3r szk\u0142a &#8211; licz\u0105cy obecnie ponad 600 obiekt\u00f3w &#8211; ilustruje kilka znacz\u0105cych etap\u00f3w w rozwoju polskiego szk\u0142a u\u017cytkowego i artystycznego ostatnich 40 lat XX w., a wybitni tw\u00f3rcy, kt\u00f3rych prace znajduj\u0105 si\u0119 w wielu kolekcjach prywatnych i muzealnych, reprezentowani s\u0105 interesuj\u0105cymi zestawami dzie\u0142. Obok prac unikatowych z warstwowego, barwnego szk\u0142a sodowego formowanego przez hutnik\u00f3w odr\u0119cznie \u201ena gor\u0105co&#8221;, zobaczymy na wystawie r\u00f3wnie\u017c naczynia ze szk\u0142a kryszta\u0142owego z dekoracj\u0105 rytowan\u0105, szlifowana i rze\u017abion\u0105, wykonywan\u0105 przez grawer\u00f3w \u201ena zimno&#8221;. Warto przypomnie\u0107 \u017ce ka\u017cde naczynie czy obiekt o walorach artystycznych jest efektem wsp\u00f3lnych jednakowo wa\u017cnych dzia\u0142a\u0144 artysty-projektanta, technologa i hutnika bez wzgl\u0119du na to z jakim rodzajem szk\u0142a mamy do czynienia.<\/p>\n\n\n\n<p>Koncepcja i scenariusz wystawy: Lucyna \u015awist<\/p>\n\n\n\n<figure class=\"wp-block-image size-large\"><img loading=\"lazy\" decoding=\"async\" width=\"1024\" height=\"683\" src=\"https:\/\/www.muzeum.klodzko.pl\/n\/wp-content\/uploads\/2025\/01\/DSC9702-1024x683.jpg\" alt=\"\" class=\"wp-image-194\" srcset=\"https:\/\/www.muzeum.klodzko.pl\/n\/wp-content\/uploads\/2025\/01\/DSC9702-1024x683.jpg 1024w, https:\/\/www.muzeum.klodzko.pl\/n\/wp-content\/uploads\/2025\/01\/DSC9702-300x200.jpg 300w, https:\/\/www.muzeum.klodzko.pl\/n\/wp-content\/uploads\/2025\/01\/DSC9702-768x512.jpg 768w, https:\/\/www.muzeum.klodzko.pl\/n\/wp-content\/uploads\/2025\/01\/DSC9702-930x620.jpg 930w, https:\/\/www.muzeum.klodzko.pl\/n\/wp-content\/uploads\/2025\/01\/DSC9702.jpg 1500w\" sizes=\"auto, (max-width: 1024px) 100vw, 1024px\" \/><\/figure>\n\n\n\n<p><\/p>\n\n\n\n<p class=\"has-text-align-center\"><em>Wystawa szk\u0142a artystycznego zrealizowana w ramach projektu:<br>Centra dawnych rzemios\u0142 na szlaku Via Fabrilis &#8211; uruchomienie Centrum Dawnego Szklarstwa w K\u0142odzku.<br>Projekt wsp\u00f3\u0142finansowany ze \u015brodk\u00f3w: Europejskiego Funduszu Rozwoju Regionalnego, w ramach Programu Interreg V-A Republika Czeska &#8211; Polska, nr projektu CZ.11.2.45\/0.0\/0.0\/18_029\/0001837<br>Dofinansowanie z programu Promesa Ministra Kultury i Dziedzictwa Narodowego ze \u015brodk\u00f3w finansowych Ministra Kultury i Dziedzictwa Narodowego, pochodz\u0105cych z Funduszu Promocji Kultury.<\/em><\/p>\n\n\n\n<figure class=\"wp-block-image size-large\"><img loading=\"lazy\" decoding=\"async\" width=\"1024\" height=\"74\" src=\"https:\/\/www.muzeum.klodzko.pl\/n\/wp-content\/uploads\/2025\/01\/logotypy-Kruche-piekno-awers-1024x74.jpg\" alt=\"\" class=\"wp-image-191\" srcset=\"https:\/\/www.muzeum.klodzko.pl\/n\/wp-content\/uploads\/2025\/01\/logotypy-Kruche-piekno-awers-1024x74.jpg 1024w, https:\/\/www.muzeum.klodzko.pl\/n\/wp-content\/uploads\/2025\/01\/logotypy-Kruche-piekno-awers-300x22.jpg 300w, https:\/\/www.muzeum.klodzko.pl\/n\/wp-content\/uploads\/2025\/01\/logotypy-Kruche-piekno-awers-768x55.jpg 768w, https:\/\/www.muzeum.klodzko.pl\/n\/wp-content\/uploads\/2025\/01\/logotypy-Kruche-piekno-awers-1536x111.jpg 1536w, https:\/\/www.muzeum.klodzko.pl\/n\/wp-content\/uploads\/2025\/01\/logotypy-Kruche-piekno-awers.jpg 1900w\" sizes=\"auto, (max-width: 1024px) 100vw, 1024px\" \/><\/figure>\n\n\n\n<p><\/p>\n\n\n\n<div class=\"wp-block-group is-nowrap is-layout-flex wp-container-core-group-is-layout-ad2f72ca wp-block-group-is-layout-flex\">\n<figure class=\"wp-block-image size-medium is-resized\"><img loading=\"lazy\" decoding=\"async\" width=\"200\" height=\"300\" src=\"https:\/\/www.muzeum.klodzko.pl\/n\/wp-content\/uploads\/2025\/01\/DSC9690-200x300.jpg\" alt=\"\" class=\"wp-image-195\" style=\"width:266px;height:auto\" srcset=\"https:\/\/www.muzeum.klodzko.pl\/n\/wp-content\/uploads\/2025\/01\/DSC9690-200x300.jpg 200w, https:\/\/www.muzeum.klodzko.pl\/n\/wp-content\/uploads\/2025\/01\/DSC9690-683x1024.jpg 683w, https:\/\/www.muzeum.klodzko.pl\/n\/wp-content\/uploads\/2025\/01\/DSC9690-768x1152.jpg 768w, https:\/\/www.muzeum.klodzko.pl\/n\/wp-content\/uploads\/2025\/01\/DSC9690.jpg 1000w\" sizes=\"auto, (max-width: 200px) 100vw, 200px\" \/><\/figure>\n\n\n\n<figure class=\"wp-block-image size-medium is-resized\"><img loading=\"lazy\" decoding=\"async\" width=\"300\" height=\"225\" src=\"https:\/\/www.muzeum.klodzko.pl\/n\/wp-content\/uploads\/2025\/01\/wystawa-kruche-piekno-300x225.jpg\" alt=\"\" class=\"wp-image-81\" style=\"width:531px;height:auto\" srcset=\"https:\/\/www.muzeum.klodzko.pl\/n\/wp-content\/uploads\/2025\/01\/wystawa-kruche-piekno-300x225.jpg 300w, https:\/\/www.muzeum.klodzko.pl\/n\/wp-content\/uploads\/2025\/01\/wystawa-kruche-piekno-1024x768.jpg 1024w, https:\/\/www.muzeum.klodzko.pl\/n\/wp-content\/uploads\/2025\/01\/wystawa-kruche-piekno-768x576.jpg 768w, https:\/\/www.muzeum.klodzko.pl\/n\/wp-content\/uploads\/2025\/01\/wystawa-kruche-piekno-1536x1152.jpg 1536w, https:\/\/www.muzeum.klodzko.pl\/n\/wp-content\/uploads\/2025\/01\/wystawa-kruche-piekno.jpg 1920w\" sizes=\"auto, (max-width: 300px) 100vw, 300px\" \/><\/figure>\n<\/div>\n","protected":false},"excerpt":{"rendered":"<p>Kruche Pi\u0119kno Szk\u0142o k\u0142odzkie z 2 po\u0142owy XX wieku. Kolekcja Muzeum Ziemi K\u0142odzkiej w K\u0142odzku Przechowywane w Muzeum Ziemi K\u0142odzkiej w K\u0142odzku zbiory szk\u0142a unikatowego i u\u017cytkowego s\u0105 \u015bwiadectwem minionych lat i stanowi\u0105 obecnie jedn\u0105 z bogatszych w kraju &#8211; dzi\u015b ju\u017c historyczn\u0105 kolekcj\u0119 szk\u0142a polskiego 2 po\u0142owy XX w. W dziejach najnowszych k\u0142odzkiego szklarstwa&hellip;&nbsp;<a href=\"https:\/\/www.muzeum.klodzko.pl\/n\/wystawa-stala-kruche-piekno\/\" rel=\"bookmark\">Dowiedz si\u0119 wi\u0119cej &raquo;<span class=\"screen-reader-text\">Kruche Pi\u0119kno<\/span><\/a><\/p>\n","protected":false},"author":1,"featured_media":81,"parent":0,"menu_order":0,"comment_status":"closed","ping_status":"closed","template":"","meta":{"neve_meta_sidebar":"","neve_meta_container":"","neve_meta_enable_content_width":"","neve_meta_content_width":0,"neve_meta_title_alignment":"","neve_meta_author_avatar":"","neve_post_elements_order":"","neve_meta_disable_header":"","neve_meta_disable_footer":"","neve_meta_disable_title":"","footnotes":""},"class_list":["post-80","page","type-page","status-publish","has-post-thumbnail","hentry"],"_links":{"self":[{"href":"https:\/\/www.muzeum.klodzko.pl\/n\/wp-json\/wp\/v2\/pages\/80","targetHints":{"allow":["GET"]}}],"collection":[{"href":"https:\/\/www.muzeum.klodzko.pl\/n\/wp-json\/wp\/v2\/pages"}],"about":[{"href":"https:\/\/www.muzeum.klodzko.pl\/n\/wp-json\/wp\/v2\/types\/page"}],"author":[{"embeddable":true,"href":"https:\/\/www.muzeum.klodzko.pl\/n\/wp-json\/wp\/v2\/users\/1"}],"replies":[{"embeddable":true,"href":"https:\/\/www.muzeum.klodzko.pl\/n\/wp-json\/wp\/v2\/comments?post=80"}],"version-history":[{"count":9,"href":"https:\/\/www.muzeum.klodzko.pl\/n\/wp-json\/wp\/v2\/pages\/80\/revisions"}],"predecessor-version":[{"id":203,"href":"https:\/\/www.muzeum.klodzko.pl\/n\/wp-json\/wp\/v2\/pages\/80\/revisions\/203"}],"wp:featuredmedia":[{"embeddable":true,"href":"https:\/\/www.muzeum.klodzko.pl\/n\/wp-json\/wp\/v2\/media\/81"}],"wp:attachment":[{"href":"https:\/\/www.muzeum.klodzko.pl\/n\/wp-json\/wp\/v2\/media?parent=80"}],"curies":[{"name":"wp","href":"https:\/\/api.w.org\/{rel}","templated":true}]}}