{"id":849,"date":"2025-04-03T10:15:51","date_gmt":"2025-04-03T08:15:51","guid":{"rendered":"https:\/\/www.muzeum.klodzko.pl\/n\/?page_id=849"},"modified":"2025-04-03T10:15:51","modified_gmt":"2025-04-03T08:15:51","slug":"zeszyty-muzeum-ziemi-klodzkiej-nr-13","status":"publish","type":"page","link":"https:\/\/www.muzeum.klodzko.pl\/n\/nasze-publikacje-2\/zeszyty-muzeum-ziemi-klodzkiej\/zeszyty-muzeum-ziemi-klodzkiej-nr-13\/","title":{"rendered":"Zeszyty Muzeum Ziemi K\u0142odzkiej nr 13"},"content":{"rendered":"\n<p><strong>Zeszyty Muzeum Ziemi K\u0142odzkie\u201d nr 13<\/strong><br>K\u0142odzko 2015, s. 313, 17\u00d724 cm., <br><br>cena : 28 z\u0142<\/p>\n\n\n\n<p>W 13 tomie <strong>Zeszyt\u00f3w Muzeum Ziemi K\u0142odzkiej<\/strong> mo\u017cemy przeczyta\u0107 mi\u0119dzy innymi o dziejach k\u0142odzkiej synagogi (Tamara W\u0142odarczyk), o gin\u0105cej tkance ikonograficznej K\u0142odzka oraz pr\u00f3bach identyfikacji i interpretacji detali architektonicznych k\u0142odzkich budynk\u00f3w wobec ich post\u0119puj\u0105cej degradacji (Joanna Stoklasek-Michalak), o czeskich organmistrzach na Ziemi K\u0142odzkiej (Andrzej Prasa\u0142), o studentach ze wsi Ziemi K\u0142odzkiej na Kr\u00f3lewskim \u015al\u0105skim Uniwersytecie we Wroc\u0142awiu (Grzegorz Pisarski), a tak\u017ce o ks. Emanuelu Zimmerze (Andrzej Behan) i nieznanym kontrakcie budowlanym dot. historii budowy ko\u015bcio\u0142a parafialnego w L\u0105dku Zdroju (Jacek Gernat). Jak zwykle w \u201eZeszytach\u201d jest te\u017c szeroka oferta najnowszej literatury zwi\u0105zanej z K\u0142odzczyzn\u0105 (recenzje i przegl\u0105d), kronika wydarze\u0144 kulturalnych i naukowych oraz nekrologi i sprawozdanie z pracy Muzeum Ziemi K\u0142odzkiej za lata 2013-2014.<\/p>\n","protected":false},"excerpt":{"rendered":"<p>Zeszyty Muzeum Ziemi K\u0142odzkie\u201d nr 13K\u0142odzko 2015, s. 313, 17\u00d724 cm., cena : 28 z\u0142 W 13 tomie Zeszyt\u00f3w Muzeum Ziemi K\u0142odzkiej mo\u017cemy przeczyta\u0107 mi\u0119dzy innymi o dziejach k\u0142odzkiej synagogi (Tamara W\u0142odarczyk), o gin\u0105cej tkance ikonograficznej K\u0142odzka oraz pr\u00f3bach identyfikacji i interpretacji detali architektonicznych k\u0142odzkich budynk\u00f3w wobec ich post\u0119puj\u0105cej degradacji (Joanna Stoklasek-Michalak), o czeskich organmistrzach&hellip;&nbsp;<a href=\"https:\/\/www.muzeum.klodzko.pl\/n\/nasze-publikacje-2\/zeszyty-muzeum-ziemi-klodzkiej\/zeszyty-muzeum-ziemi-klodzkiej-nr-13\/\" rel=\"bookmark\">Dowiedz si\u0119 wi\u0119cej &raquo;<span class=\"screen-reader-text\">Zeszyty Muzeum Ziemi K\u0142odzkiej nr 13<\/span><\/a><\/p>\n","protected":false},"author":3,"featured_media":0,"parent":840,"menu_order":0,"comment_status":"closed","ping_status":"closed","template":"","meta":{"neve_meta_sidebar":"","neve_meta_container":"","neve_meta_enable_content_width":"","neve_meta_content_width":0,"neve_meta_title_alignment":"","neve_meta_author_avatar":"","neve_post_elements_order":"","neve_meta_disable_header":"","neve_meta_disable_footer":"","neve_meta_disable_title":"","footnotes":""},"class_list":["post-849","page","type-page","status-publish","hentry"],"_links":{"self":[{"href":"https:\/\/www.muzeum.klodzko.pl\/n\/wp-json\/wp\/v2\/pages\/849","targetHints":{"allow":["GET"]}}],"collection":[{"href":"https:\/\/www.muzeum.klodzko.pl\/n\/wp-json\/wp\/v2\/pages"}],"about":[{"href":"https:\/\/www.muzeum.klodzko.pl\/n\/wp-json\/wp\/v2\/types\/page"}],"author":[{"embeddable":true,"href":"https:\/\/www.muzeum.klodzko.pl\/n\/wp-json\/wp\/v2\/users\/3"}],"replies":[{"embeddable":true,"href":"https:\/\/www.muzeum.klodzko.pl\/n\/wp-json\/wp\/v2\/comments?post=849"}],"version-history":[{"count":1,"href":"https:\/\/www.muzeum.klodzko.pl\/n\/wp-json\/wp\/v2\/pages\/849\/revisions"}],"predecessor-version":[{"id":851,"href":"https:\/\/www.muzeum.klodzko.pl\/n\/wp-json\/wp\/v2\/pages\/849\/revisions\/851"}],"up":[{"embeddable":true,"href":"https:\/\/www.muzeum.klodzko.pl\/n\/wp-json\/wp\/v2\/pages\/840"}],"wp:attachment":[{"href":"https:\/\/www.muzeum.klodzko.pl\/n\/wp-json\/wp\/v2\/media?parent=849"}],"curies":[{"name":"wp","href":"https:\/\/api.w.org\/{rel}","templated":true}]}}

Zeszyty Muzeum Ziemi Kłodzkiej nr 13

<p><strong>Zeszyty Muzeum Ziemi Kłodzkie” nr 13</strong><br>Kłodzko 2015, s. 313, 17×24 cm., <br><br>cena : 28 zł</p>



<p>W 13 tomie <strong>Zeszytów Muzeum Ziemi Kłodzkiej</strong> możemy przeczytać między innymi o dziejach kłodzkiej synagogi (Tamara Włodarczyk), o ginącej tkance ikonograficznej Kłodzka oraz próbach identyfikacji i interpretacji detali architektonicznych kłodzkich budynków wobec ich postępującej degradacji (Joanna Stoklasek-Michalak), o czeskich organmistrzach na Ziemi Kłodzkiej (Andrzej Prasał), o studentach ze wsi Ziemi Kłodzkiej na Królewskim Śląskim Uniwersytecie we Wrocławiu (Grzegorz Pisarski), a także o ks. Emanuelu Zimmerze (Andrzej Behan) i nieznanym kontrakcie budowlanym dot. historii budowy kościoła parafialnego w Lądku Zdroju (Jacek Gernat). Jak zwykle w „Zeszytach” jest też szeroka oferta najnowszej literatury związanej z Kłodzczyzną (recenzje i przegląd), kronika wydarzeń kulturalnych i naukowych oraz nekrologi i sprawozdanie z pracy Muzeum Ziemi Kłodzkiej za lata 2013-2014.</p>

<p>Zeszyty Muzeum Ziemi Kłodzkie” nr 13Kłodzko 2015, s. 313, 17×24 cm., cena : 28 zł W 13 tomie Zeszytów Muzeum Ziemi Kłodzkiej możemy przeczytać między innymi o dziejach kłodzkiej synagogi (Tamara Włodarczyk), o ginącej tkance ikonograficznej Kłodzka oraz próbach identyfikacji i interpretacji detali architektonicznych kłodzkich budynków wobec ich postępującej degradacji (Joanna Stoklasek-Michalak), o czeskich organmistrzach&hellip;&nbsp;<a href="https://www.muzeum.klodzko.pl/n/nasze-publikacje-2/zeszyty-muzeum-ziemi-klodzkiej/zeszyty-muzeum-ziemi-klodzkiej-nr-13/" rel="bookmark">Dowiedz się więcej &raquo;<span class="screen-reader-text">Zeszyty Muzeum Ziemi Kłodzkiej nr 13</span></a></p>
