{"id":865,"date":"2025-04-03T10:27:25","date_gmt":"2025-04-03T08:27:25","guid":{"rendered":"https:\/\/www.muzeum.klodzko.pl\/n\/?page_id=865"},"modified":"2025-04-03T13:11:34","modified_gmt":"2025-04-03T11:11:34","slug":"zeszyty-muzeum-ziemi-klodzkiej-nr-5","status":"publish","type":"page","link":"https:\/\/www.muzeum.klodzko.pl\/n\/nasze-publikacje-2\/zeszyty-muzeum-ziemi-klodzkiej\/zeszyty-muzeum-ziemi-klodzkiej-nr-5\/","title":{"rendered":"Zeszyty Muzeum Ziemi K\u0142odzkiej nr 5"},"content":{"rendered":"\n<p><strong>Zeszyty Muzeum Ziemi K\u0142odzkiej nr 5 <\/strong><\/p>\n\n\n\n<p>Red. <strong>Zyta Kwieci\u0144ska<\/strong>. K\u0142odzko 1994, ss. 223, 17\u00d724 cm<br><br>cena: 10 z\u0142<\/p>\n\n\n\n<p>W 5 tomie<strong> Zeszyt\u00f3w Muzeum Ziemi K\u0142odzkiej<\/strong> znajdziemy mi\u0119dzy innymi:<\/p>\n\n\n\n<p>ARTYKU\u0141Y<\/p>\n\n\n\n<p>-Mateusz Goli\u0144ski \u2013 Pstr\u0105\u017cna. Z przesz\u0142o\u015bci \u201ezak\u0105tka czeskiego\u201d Ziemi K\u0142odzkiej<br>Artur Galas \u2013 K\u0142odzko w czasie wojny siedmioletniej (1756-1763)<br>-Ryszard Kincel \u2013 Marce k\u0142odzkiej Tawerny<br>-Iwona Rybka-Ceglecka \u2013 Ko\u015bci\u00f3\u0142 MNP w Nowej Wsi<\/p>\n\n\n\n<p>MATERIA\u0141Y I DOKUMENTY<br>-Grzegorz Pisarski \u2013 Drzewo genealogiczne rodu Althann\u00f3w<br>-Krystyna Oniszczuk-Awi\u017ce\u0144 \u2013 Pedagodzy polskiego pochodzenia w gimnazjum k\u0142odzkim (2 po\u0142 XIX w. i 1 po\u0142. XX w.) w \u015bwietle \u201eRocznych Sprawozda\u0144 Szkolnych\u201d<br>-Lech Ruga\u0142a \u2013 W 110 lat od wydania polskiego przewodnika po L\u0105dku Aleksandra Ostrowicza<br>-Zenon Szymankiewicz \u2013 Z dzia\u0142alno\u015bci wywiadu ofensywnego Armii Krajowej w K\u0142odzku<\/p>\n\n\n\n<p>RECENZJE * OM\u00d3WIENIA * POLEMIKI<br>-Rze\u017aba barokowa w hrabstwie k\u0142odzkim. Na marginesie Katalogu rze\u017aby barokowej na <em>\u015al\u0105sku \u2013 Bogus\u0142aw Czechowicz<\/em><br><em>-Studia z dziej\u00f3w Ziemi K\u0142odzkiej, pod red. R. G\u0142adkiewicza \u2013 Jerzy Lodowski<\/em><br><em>-Informator Krajoznawczy Oddzia\u0142u Wroc\u0142awskiego PTTK \u2013 Krzysztof R. Mazurski<\/em><br><em>-Hans Richard Schittny, 600 Jahre Mohren Apotheke Glatz \u2013 Historische Erz\u00e4hlung \u2013 <\/em>Zbigniew Domos\u0142awski<br>W. Ci\u0119\u017ckowski, L\u0105dek-Zdr\u00f3j \u2013 Andrzej Grodzicki<\/p>\n","protected":false},"excerpt":{"rendered":"<p>Zeszyty Muzeum Ziemi K\u0142odzkiej nr 5 Red. Zyta Kwieci\u0144ska. K\u0142odzko 1994, ss. 223, 17\u00d724 cm cena: 10 z\u0142 W 5 tomie Zeszyt\u00f3w Muzeum Ziemi K\u0142odzkiej znajdziemy mi\u0119dzy innymi: ARTYKU\u0141Y -Mateusz Goli\u0144ski \u2013 Pstr\u0105\u017cna. Z przesz\u0142o\u015bci \u201ezak\u0105tka czeskiego\u201d Ziemi K\u0142odzkiejArtur Galas \u2013 K\u0142odzko w czasie wojny siedmioletniej (1756-1763)-Ryszard Kincel \u2013 Marce k\u0142odzkiej Tawerny-Iwona Rybka-Ceglecka \u2013 Ko\u015bci\u00f3\u0142&hellip;&nbsp;<a href=\"https:\/\/www.muzeum.klodzko.pl\/n\/nasze-publikacje-2\/zeszyty-muzeum-ziemi-klodzkiej\/zeszyty-muzeum-ziemi-klodzkiej-nr-5\/\" rel=\"bookmark\">Dowiedz si\u0119 wi\u0119cej &raquo;<span class=\"screen-reader-text\">Zeszyty Muzeum Ziemi K\u0142odzkiej nr 5<\/span><\/a><\/p>\n","protected":false},"author":3,"featured_media":874,"parent":840,"menu_order":0,"comment_status":"closed","ping_status":"closed","template":"","meta":{"neve_meta_sidebar":"","neve_meta_container":"","neve_meta_enable_content_width":"","neve_meta_content_width":0,"neve_meta_title_alignment":"","neve_meta_author_avatar":"","neve_post_elements_order":"","neve_meta_disable_header":"","neve_meta_disable_footer":"","neve_meta_disable_title":"","footnotes":""},"class_list":["post-865","page","type-page","status-publish","has-post-thumbnail","hentry"],"_links":{"self":[{"href":"https:\/\/www.muzeum.klodzko.pl\/n\/wp-json\/wp\/v2\/pages\/865","targetHints":{"allow":["GET"]}}],"collection":[{"href":"https:\/\/www.muzeum.klodzko.pl\/n\/wp-json\/wp\/v2\/pages"}],"about":[{"href":"https:\/\/www.muzeum.klodzko.pl\/n\/wp-json\/wp\/v2\/types\/page"}],"author":[{"embeddable":true,"href":"https:\/\/www.muzeum.klodzko.pl\/n\/wp-json\/wp\/v2\/users\/3"}],"replies":[{"embeddable":true,"href":"https:\/\/www.muzeum.klodzko.pl\/n\/wp-json\/wp\/v2\/comments?post=865"}],"version-history":[{"count":2,"href":"https:\/\/www.muzeum.klodzko.pl\/n\/wp-json\/wp\/v2\/pages\/865\/revisions"}],"predecessor-version":[{"id":919,"href":"https:\/\/www.muzeum.klodzko.pl\/n\/wp-json\/wp\/v2\/pages\/865\/revisions\/919"}],"up":[{"embeddable":true,"href":"https:\/\/www.muzeum.klodzko.pl\/n\/wp-json\/wp\/v2\/pages\/840"}],"wp:featuredmedia":[{"embeddable":true,"href":"https:\/\/www.muzeum.klodzko.pl\/n\/wp-json\/wp\/v2\/media\/874"}],"wp:attachment":[{"href":"https:\/\/www.muzeum.klodzko.pl\/n\/wp-json\/wp\/v2\/media?parent=865"}],"curies":[{"name":"wp","href":"https:\/\/api.w.org\/{rel}","templated":true}]}}

Zeszyty Muzeum Ziemi Kłodzkiej nr 5

<p><strong>Zeszyty Muzeum Ziemi Kłodzkiej nr 5 </strong></p>



<p>Red. <strong>Zyta Kwiecińska</strong>. Kłodzko 1994, ss. 223, 17×24 cm<br><br>cena: 10 zł</p>



<p>W 5 tomie<strong> Zeszytów Muzeum Ziemi Kłodzkiej</strong> znajdziemy między innymi:</p>



<p>ARTYKUŁY</p>



<p>-Mateusz Goliński – Pstrążna. Z przeszłości „zakątka czeskiego” Ziemi Kłodzkiej<br>Artur Galas – Kłodzko w czasie wojny siedmioletniej (1756-1763)<br>-Ryszard Kincel – Marce kłodzkiej Tawerny<br>-Iwona Rybka-Ceglecka – Kościół MNP w Nowej Wsi</p>



<p>MATERIAŁY I DOKUMENTY<br>-Grzegorz Pisarski – Drzewo genealogiczne rodu Althannów<br>-Krystyna Oniszczuk-Awiżeń – Pedagodzy polskiego pochodzenia w gimnazjum kłodzkim (2 poł XIX w. i 1 poł. XX w.) w świetle „Rocznych Sprawozdań Szkolnych”<br>-Lech Rugała – W 110 lat od wydania polskiego przewodnika po Lądku Aleksandra Ostrowicza<br>-Zenon Szymankiewicz – Z działalności wywiadu ofensywnego Armii Krajowej w Kłodzku</p>



<p>RECENZJE * OMÓWIENIA * POLEMIKI<br>-Rzeźba barokowa w hrabstwie kłodzkim. Na marginesie Katalogu rzeźby barokowej na <em>Śląsku – Bogusław Czechowicz</em><br><em>-Studia z dziejów Ziemi Kłodzkiej, pod red. R. Gładkiewicza – Jerzy Lodowski</em><br><em>-Informator Krajoznawczy Oddziału Wrocławskiego PTTK – Krzysztof R. Mazurski</em><br><em>-Hans Richard Schittny, 600 Jahre Mohren Apotheke Glatz – Historische Erzählung – </em>Zbigniew Domosławski<br>W. Ciężkowski, Lądek-Zdrój – Andrzej Grodzicki</p>

<p>Zeszyty Muzeum Ziemi Kłodzkiej nr 5 Red. Zyta Kwiecińska. Kłodzko 1994, ss. 223, 17×24 cm cena: 10 zł W 5 tomie Zeszytów Muzeum Ziemi Kłodzkiej znajdziemy między innymi: ARTYKUŁY -Mateusz Goliński – Pstrążna. Z przeszłości „zakątka czeskiego” Ziemi KłodzkiejArtur Galas – Kłodzko w czasie wojny siedmioletniej (1756-1763)-Ryszard Kincel – Marce kłodzkiej Tawerny-Iwona Rybka-Ceglecka – Kościół&hellip;&nbsp;<a href="https://www.muzeum.klodzko.pl/n/nasze-publikacje-2/zeszyty-muzeum-ziemi-klodzkiej/zeszyty-muzeum-ziemi-klodzkiej-nr-5/" rel="bookmark">Dowiedz się więcej &raquo;<span class="screen-reader-text">Zeszyty Muzeum Ziemi Kłodzkiej nr 5</span></a></p>
