{"id":868,"date":"2025-04-03T10:29:46","date_gmt":"2025-04-03T08:29:46","guid":{"rendered":"https:\/\/www.muzeum.klodzko.pl\/n\/?page_id=868"},"modified":"2025-04-03T10:29:46","modified_gmt":"2025-04-03T08:29:46","slug":"zeszyty-muzeum-ziemi-klodzkiej-nr-7","status":"publish","type":"page","link":"https:\/\/www.muzeum.klodzko.pl\/n\/nasze-publikacje-2\/zeszyty-muzeum-ziemi-klodzkiej\/zeszyty-muzeum-ziemi-klodzkiej-nr-7\/","title":{"rendered":"Zeszyty Muzeum Ziemi K\u0142odzkiej nr 7"},"content":{"rendered":"\n<p><strong>Zeszyty Muzeum Ziemi K\u0142odzkiej nr 7<\/strong><br>Red. <strong>Zyta Kwieci\u0144ska. K\u0142odzko<\/strong> 2001, ss. 212, 17\u00d724 cm <br><br>cena: 15 z\u0142 <\/p>\n\n\n\n<p>W 7 tomie <strong>Zeszyt\u00f3w Muzeum Ziemi K\u0142odzkiej<\/strong> znajdziemy mi\u0119dzy innymi:<\/p>\n\n\n\n<p>ARTYKU\u0141Y<br>-Bogus\u0142aw Czechowicz \u2013 Andrea Carove \u2013 budowniczy doby wczesnego baroku na Ziemi K\u0142odzkiej<br>-Piotr Pregiel \u2013 Pruska polityka ko\u015bcielna w hrabstwie k\u0142odzkim za panowania Fryderyka II<br>-S\u0142awomir Borucki \u2013 Fresk F. A. Schefflera na plafonie refektarza klasztoru Franciszkan\u00f3w w K\u0142odzku \u2013 opis i analiza stylistyczna Krystyna Oniszczuk-Awi\u017ce\u0144 \u2013 \u017bycie kulturalne K\u0142odzka po II wojnie \u015bwiatowej<\/p>\n\n\n\n<p>MATERIA\u0141Y I DOKUMENTY<br>-Jan Sakwerda \u2013 Ziemia K\u0142odzka w medalierstwie dawnym i wsp\u00f3\u0142czesnym. Materia\u0142y do katalogu<br>-Teresa Bogacz \u2013 Miejsce Ziemi K\u0142odzkiej w podziale \u015bl\u0105skiej przestrzeni (na przyk\u0142adzie XVIII-wiecznych przewodnik\u00f3w po regionie).<br>-Adam Organisty \u2013 Barokowa rze\u017aba Chrystusa Ukrzy\u017cowanego w Muzeum Sprz\u0119tu Gospodarstwa Domowego w Zi\u0119bicach<br>-Pawe\u0142 Bana\u015b \u2013 \u201eLekcja rachunk\u00f3w\u201d<br>-Andrzej Behan \u2013 Joseph Wittig \u2013 teolog i kronikarz Nowej Rudy<br>-Ryszard G\u0142adkiewicz \u2013 Niepublikowane materia\u0142y do dziej\u00f3w Ziemi K\u0142odzkiej w zbiorach Biblioteki Naukowej Muzeum Ziemi K\u0142odzkiej .<\/p>\n\n\n\n<p><em>RECENZJE * OM\u00d3WIENIA * POLEMIKI<\/em><br>-Irena Klimaszewska \u2013 <em>Przegl\u0105d publikacji regionalnych z lat 1997-2001 (wyb\u00f3r)<\/em><br>-K. Demidziuk, <em>Archiwalia archeologiczne z Ziemi K\u0142odzkiej do 1945 roku <\/em><em>(Kreisy Glatz i Habelschwerdt)<\/em> \u2013 Jerzy Lodowski<br>-Z. Hledikov\u00e1, J. Zachov\u00e1, <em>\u017divot Arno\u0161ta z Pardubic podle Valentina Krautwalda <\/em>\u2013 Jana Eli\u00e1\u0161ov\u00e1<br>-K\u0142odzko. Dzieje miasta \u2013 Radek Fukala<\/p>\n\n\n\n<p>KRONIKA<br>-Kalendarium spo\u0142eczno-kulturalne 1996-1999 \u2013 Rados\u0142aw Gryga<br>-Dzia\u0142alno\u015b\u0107 Muzeum Ziemi K\u0142odzkiej w latach 1996-1999 \u2013 Lucyna Swist<\/p>\n\n\n\n<p>NEKROLOGI<br>-Krystyna S\u0142oniewska-Janota (1932-2000) \u2013 Zofia Mirska<br>-Jan Micha\u0142 Kulka (1937-2000) \u2013 Beata Bogus\u0142awska<br>-Zenon Szymankiewicz (1930-2001) \u2013 Halina Laudowicz-Szymankiewicz<br>-Ziemowit Martynowski (1950-2001) \u2013 Krystyna Toczy\u0144ska-Rudysz<\/p>\n","protected":false},"excerpt":{"rendered":"<p>Zeszyty Muzeum Ziemi K\u0142odzkiej nr 7Red. Zyta Kwieci\u0144ska. K\u0142odzko 2001, ss. 212, 17\u00d724 cm cena: 15 z\u0142 W 7 tomie Zeszyt\u00f3w Muzeum Ziemi K\u0142odzkiej znajdziemy mi\u0119dzy innymi: ARTYKU\u0141Y-Bogus\u0142aw Czechowicz \u2013 Andrea Carove \u2013 budowniczy doby wczesnego baroku na Ziemi K\u0142odzkiej-Piotr Pregiel \u2013 Pruska polityka ko\u015bcielna w hrabstwie k\u0142odzkim za panowania Fryderyka II-S\u0142awomir Borucki \u2013 Fresk&hellip;&nbsp;<a href=\"https:\/\/www.muzeum.klodzko.pl\/n\/nasze-publikacje-2\/zeszyty-muzeum-ziemi-klodzkiej\/zeszyty-muzeum-ziemi-klodzkiej-nr-7\/\" rel=\"bookmark\">Dowiedz si\u0119 wi\u0119cej &raquo;<span class=\"screen-reader-text\">Zeszyty Muzeum Ziemi K\u0142odzkiej nr 7<\/span><\/a><\/p>\n","protected":false},"author":3,"featured_media":0,"parent":840,"menu_order":0,"comment_status":"closed","ping_status":"closed","template":"","meta":{"neve_meta_sidebar":"","neve_meta_container":"","neve_meta_enable_content_width":"","neve_meta_content_width":0,"neve_meta_title_alignment":"","neve_meta_author_avatar":"","neve_post_elements_order":"","neve_meta_disable_header":"","neve_meta_disable_footer":"","neve_meta_disable_title":"","footnotes":""},"class_list":["post-868","page","type-page","status-publish","hentry"],"_links":{"self":[{"href":"https:\/\/www.muzeum.klodzko.pl\/n\/wp-json\/wp\/v2\/pages\/868","targetHints":{"allow":["GET"]}}],"collection":[{"href":"https:\/\/www.muzeum.klodzko.pl\/n\/wp-json\/wp\/v2\/pages"}],"about":[{"href":"https:\/\/www.muzeum.klodzko.pl\/n\/wp-json\/wp\/v2\/types\/page"}],"author":[{"embeddable":true,"href":"https:\/\/www.muzeum.klodzko.pl\/n\/wp-json\/wp\/v2\/users\/3"}],"replies":[{"embeddable":true,"href":"https:\/\/www.muzeum.klodzko.pl\/n\/wp-json\/wp\/v2\/comments?post=868"}],"version-history":[{"count":1,"href":"https:\/\/www.muzeum.klodzko.pl\/n\/wp-json\/wp\/v2\/pages\/868\/revisions"}],"predecessor-version":[{"id":869,"href":"https:\/\/www.muzeum.klodzko.pl\/n\/wp-json\/wp\/v2\/pages\/868\/revisions\/869"}],"up":[{"embeddable":true,"href":"https:\/\/www.muzeum.klodzko.pl\/n\/wp-json\/wp\/v2\/pages\/840"}],"wp:attachment":[{"href":"https:\/\/www.muzeum.klodzko.pl\/n\/wp-json\/wp\/v2\/media?parent=868"}],"curies":[{"name":"wp","href":"https:\/\/api.w.org\/{rel}","templated":true}]}}

Zeszyty Muzeum Ziemi Kłodzkiej nr 7

<p><strong>Zeszyty Muzeum Ziemi Kłodzkiej nr 7</strong><br>Red. <strong>Zyta Kwiecińska. Kłodzko</strong> 2001, ss. 212, 17×24 cm <br><br>cena: 15 zł </p>



<p>W 7 tomie <strong>Zeszytów Muzeum Ziemi Kłodzkiej</strong> znajdziemy między innymi:</p>



<p>ARTYKUŁY<br>-Bogusław Czechowicz – Andrea Carove – budowniczy doby wczesnego baroku na Ziemi Kłodzkiej<br>-Piotr Pregiel – Pruska polityka kościelna w hrabstwie kłodzkim za panowania Fryderyka II<br>-Sławomir Borucki – Fresk F. A. Schefflera na plafonie refektarza klasztoru Franciszkanów w Kłodzku – opis i analiza stylistyczna Krystyna Oniszczuk-Awiżeń – Życie kulturalne Kłodzka po II wojnie światowej</p>



<p>MATERIAŁY I DOKUMENTY<br>-Jan Sakwerda – Ziemia Kłodzka w medalierstwie dawnym i współczesnym. Materiały do katalogu<br>-Teresa Bogacz – Miejsce Ziemi Kłodzkiej w podziale śląskiej przestrzeni (na przykładzie XVIII-wiecznych przewodników po regionie).<br>-Adam Organisty – Barokowa rzeźba Chrystusa Ukrzyżowanego w Muzeum Sprzętu Gospodarstwa Domowego w Ziębicach<br>-Paweł Banaś – „Lekcja rachunków”<br>-Andrzej Behan – Joseph Wittig – teolog i kronikarz Nowej Rudy<br>-Ryszard Gładkiewicz – Niepublikowane materiały do dziejów Ziemi Kłodzkiej w zbiorach Biblioteki Naukowej Muzeum Ziemi Kłodzkiej .</p>



<p><em>RECENZJE * OMÓWIENIA * POLEMIKI</em><br>-Irena Klimaszewska – <em>Przegląd publikacji regionalnych z lat 1997-2001 (wybór)</em><br>-K. Demidziuk, <em>Archiwalia archeologiczne z Ziemi Kłodzkiej do 1945 roku </em><em>(Kreisy Glatz i Habelschwerdt)</em> – Jerzy Lodowski<br>-Z. Hlediková, J. Zachová, <em>Život Arnošta z Pardubic podle Valentina Krautwalda </em>– Jana Eliášová<br>-Kłodzko. Dzieje miasta – Radek Fukala</p>



<p>KRONIKA<br>-Kalendarium społeczno-kulturalne 1996-1999 – Radosław Gryga<br>-Działalność Muzeum Ziemi Kłodzkiej w latach 1996-1999 – Lucyna Swist</p>



<p>NEKROLOGI<br>-Krystyna Słoniewska-Janota (1932-2000) – Zofia Mirska<br>-Jan Michał Kulka (1937-2000) – Beata Bogusławska<br>-Zenon Szymankiewicz (1930-2001) – Halina Laudowicz-Szymankiewicz<br>-Ziemowit Martynowski (1950-2001) – Krystyna Toczyńska-Rudysz</p>

<p>Zeszyty Muzeum Ziemi Kłodzkiej nr 7Red. Zyta Kwiecińska. Kłodzko 2001, ss. 212, 17×24 cm cena: 15 zł W 7 tomie Zeszytów Muzeum Ziemi Kłodzkiej znajdziemy między innymi: ARTYKUŁY-Bogusław Czechowicz – Andrea Carove – budowniczy doby wczesnego baroku na Ziemi Kłodzkiej-Piotr Pregiel – Pruska polityka kościelna w hrabstwie kłodzkim za panowania Fryderyka II-Sławomir Borucki – Fresk&hellip;&nbsp;<a href="https://www.muzeum.klodzko.pl/n/nasze-publikacje-2/zeszyty-muzeum-ziemi-klodzkiej/zeszyty-muzeum-ziemi-klodzkiej-nr-7/" rel="bookmark">Dowiedz się więcej &raquo;<span class="screen-reader-text">Zeszyty Muzeum Ziemi Kłodzkiej nr 7</span></a></p>
