{"id":870,"date":"2025-04-03T10:31:18","date_gmt":"2025-04-03T08:31:18","guid":{"rendered":"https:\/\/www.muzeum.klodzko.pl\/n\/?page_id=870"},"modified":"2025-04-03T10:31:18","modified_gmt":"2025-04-03T08:31:18","slug":"zeszyty-muzeum-ziemi-klodzkiej-nr-8-9","status":"publish","type":"page","link":"https:\/\/www.muzeum.klodzko.pl\/n\/nasze-publikacje-2\/zeszyty-muzeum-ziemi-klodzkiej\/zeszyty-muzeum-ziemi-klodzkiej-nr-8-9\/","title":{"rendered":"Zeszyty Muzeum Ziemi K\u0142odzkiej nr 8-9"},"content":{"rendered":"\n<p><strong>Zeszyty Muzeum Ziemi K\u0142odzkiej nr 8-9<\/strong><br> Red. <strong>Ryszard G\u0142adkiewicz<\/strong>. K\u0142odzko 2007, ss. 296, 17\u00d724 cm <br><br>cena: 25 z\u0142<\/p>\n\n\n\n<p>W Z<strong>eszytach Muzeum Ziemi K\u0142odzkiej<\/strong> nr 8-9 znajdziemy mi\u0119dzy innymi:<\/p>\n\n\n\n<p>ARTYKU\u0141Y<br>-Dom w zwierciadle minionego czasu Lucyna Bia\u0142y \u2013 \u017bycie spo\u0142eczno-kulturalne mieszczan k\u0142odzkich na prze\u0142omie XVIII i XIX wieku w \u015bwietle prasy lokalnej<br>-Barbara Prasa\u0142 \u2013 Kultura muzyczna K\u0142odzka na prze\u0142omie XIX i XX wieku<br>-Rainer Sachs \u2013 Arty\u015bci i tw\u00f3rcy rzemios\u0142a artystycznego w K\u0142odzku na prze\u0142omie XIX i XX wieku Hanna Grzeszczuk-Brendel \u2013 Komfort mieszkania i otoczenia. Dom pozna\u0144ski na pocz\u0105tku XX wieku<br>-Krystyna Toczy\u0144ska-Rudysz \u2013 Od \u201eOczu czasu\u201d do \u201eDomu na prze\u0142omie XIX i XX wieku\u201d. Dwadzie\u015bcia lat do\u015bwiadcze\u0144 w dziedzinie wystawiennictwa muzealnego (1981-2001)<br>-Ond\u0159ej Felcman \u2013 Herb dynastii Podiebrad\u00f3w na czeskich zabytkach architektury<br>-Petr Vorel \u2013 Hrabstwo K\u0142odzkie i polityka finansowa kr\u00f3la Ferdynanda I od lat trzydziestych do sze\u015b\u0107dziesi\u0105tych XVI wieku.<\/p>\n\n\n\n<p>MATERIA\u0141Y I DOKUMENTY<br>-Dariusz Galewski \u2013 Barokizacja ko\u015bcio\u0142a Jezuit\u00f3w w K\u0142odzku w \u015bwietle najnowszych bada\u0144 archiwalnych<br>-Grzegorz Podruczny \u2013 Budynki garnizonu k\u0142odzkiego w latach 1740-1906<br>-Andrzej Behan \u2013 Katastrofa g\u00f3rnicza w Jugowie na szybie \u201eKurt\u201d kopalni \u201eWenzeslaus\u201d w 1930 roku i jej spo\u0142eczne nast\u0119pstwa<br>-Waldemar Zieli\u0144ski \u2013 Pocz\u0105tki fotografii na ziemi k\u0142odzkiej (1839-1865). Cz\u0119\u015b\u0107 1 (1839-1857)<br>-Jan Sakwerda \u2013 Ziemia k\u0142odzka w medalierstwie dawnym i wsp\u00f3\u0142czesnym. Materia\u0142y do katalogu (uzupe\u0142nienie)<br>-Jaroslav \u0160\u016fla \u2013 Rola ziemi k\u0142odzkiej w nazistowskim planie germanizacji i zag\u0142ady narodu czeskiego w latach 1938-1945<br>-Joanna Hytrek-Hryciuk \u2013 \u201ePseudo-Czesi\u201d. Ludno\u015b\u0107 niemiecka pochodzenia czeskiego w dokumentach Powiatowych Urz\u0119d\u00f3w Bezpiecze\u0144stwa Publicznego w K\u0142odzku i Bystrzycy K\u0142odzkiej<br>-Maria Strycharz \u2013 Wspomnienia o dyrektorach Szko\u0142y Podstawowej nr 7 w K\u0142odzku \u2013 Marianie Jackowiaku (1929-1999) i Danucie Nowickiej (1936-1995)<br>-Tomasz Olichwer, Janusz \u0141ach \u2013 Z bada\u0144 nad hydrogeologi\u0105 i hydromorfologi\u0105 ziemi k\u0142odzkiej<\/p>\n","protected":false},"excerpt":{"rendered":"<p>Zeszyty Muzeum Ziemi K\u0142odzkiej nr 8-9 Red. Ryszard G\u0142adkiewicz. K\u0142odzko 2007, ss. 296, 17\u00d724 cm cena: 25 z\u0142 W Zeszytach Muzeum Ziemi K\u0142odzkiej nr 8-9 znajdziemy mi\u0119dzy innymi: ARTYKU\u0141Y-Dom w zwierciadle minionego czasu Lucyna Bia\u0142y \u2013 \u017bycie spo\u0142eczno-kulturalne mieszczan k\u0142odzkich na prze\u0142omie XVIII i XIX wieku w \u015bwietle prasy lokalnej-Barbara Prasa\u0142 \u2013 Kultura muzyczna K\u0142odzka&hellip;&nbsp;<a href=\"https:\/\/www.muzeum.klodzko.pl\/n\/nasze-publikacje-2\/zeszyty-muzeum-ziemi-klodzkiej\/zeszyty-muzeum-ziemi-klodzkiej-nr-8-9\/\" rel=\"bookmark\">Dowiedz si\u0119 wi\u0119cej &raquo;<span class=\"screen-reader-text\">Zeszyty Muzeum Ziemi K\u0142odzkiej nr 8-9<\/span><\/a><\/p>\n","protected":false},"author":3,"featured_media":0,"parent":840,"menu_order":0,"comment_status":"closed","ping_status":"closed","template":"","meta":{"neve_meta_sidebar":"","neve_meta_container":"","neve_meta_enable_content_width":"","neve_meta_content_width":0,"neve_meta_title_alignment":"","neve_meta_author_avatar":"","neve_post_elements_order":"","neve_meta_disable_header":"","neve_meta_disable_footer":"","neve_meta_disable_title":"","footnotes":""},"class_list":["post-870","page","type-page","status-publish","hentry"],"_links":{"self":[{"href":"https:\/\/www.muzeum.klodzko.pl\/n\/wp-json\/wp\/v2\/pages\/870","targetHints":{"allow":["GET"]}}],"collection":[{"href":"https:\/\/www.muzeum.klodzko.pl\/n\/wp-json\/wp\/v2\/pages"}],"about":[{"href":"https:\/\/www.muzeum.klodzko.pl\/n\/wp-json\/wp\/v2\/types\/page"}],"author":[{"embeddable":true,"href":"https:\/\/www.muzeum.klodzko.pl\/n\/wp-json\/wp\/v2\/users\/3"}],"replies":[{"embeddable":true,"href":"https:\/\/www.muzeum.klodzko.pl\/n\/wp-json\/wp\/v2\/comments?post=870"}],"version-history":[{"count":1,"href":"https:\/\/www.muzeum.klodzko.pl\/n\/wp-json\/wp\/v2\/pages\/870\/revisions"}],"predecessor-version":[{"id":871,"href":"https:\/\/www.muzeum.klodzko.pl\/n\/wp-json\/wp\/v2\/pages\/870\/revisions\/871"}],"up":[{"embeddable":true,"href":"https:\/\/www.muzeum.klodzko.pl\/n\/wp-json\/wp\/v2\/pages\/840"}],"wp:attachment":[{"href":"https:\/\/www.muzeum.klodzko.pl\/n\/wp-json\/wp\/v2\/media?parent=870"}],"curies":[{"name":"wp","href":"https:\/\/api.w.org\/{rel}","templated":true}]}}