{"id":95,"date":"2025-01-09T18:01:33","date_gmt":"2025-01-09T17:01:33","guid":{"rendered":"https:\/\/www.muzeum.klodzko.pl\/n\/?page_id=95"},"modified":"2026-02-19T10:00:31","modified_gmt":"2026-02-19T09:00:31","slug":"lekcje-dla-najmlodszych","status":"publish","type":"page","link":"https:\/\/www.muzeum.klodzko.pl\/n\/lekcje-dla-najmlodszych\/","title":{"rendered":"Lekcje dla najm\u0142odszych"},"content":{"rendered":"\n<p><strong>Lekcje i warsztaty muzealne realizowane s\u0105 dla grup zorganizowanych powy\u017cej 8 os\u00f3b i nie wi\u0119cej ni\u017c dla 25 os\u00f3b. <br>Rezerwacji nale\u017cy dokona\u0107 co najmniej tydzie\u0144 przed planowanym terminem: <br>mailowo pod adresem: dno@muzeum.klodzko.pl  <br>pod numerem telefonu: 74 867 35 70 wewn\u0119trzny 23  <br>lub w plac\u00f3wce Muzeum <br><br>Zapraszamy!<\/strong><\/p>\n\n\n\n<p><\/p>\n\n\n\n<p><\/p>\n\n\n\n<p><strong>Moje pierwsze spotkanie ze sztuk\u0105<br><\/strong>Lekcja dla najm\u0142odszych. Uczestnicy dowiedz\u0105 si\u0119 co to s\u0105 eksponaty, rze\u017aby czy dzie\u0142a sztuki.<br>Wst\u0119p &#8211; <strong>15 z\u0142<\/strong>. Czas trwania: 45 minut.<\/p>\n\n\n\n<p><strong>Zosta\u0144 skrzatem<br><\/strong>Zabawa dla najm\u0142odszych. Zaczarujemy dzieci w skrzaty i spr\u00f3bujemy spe\u0142ni\u0107 bardzo wa\u017cn\u0105 misj\u0119&#8230; Czy skrzatom uda si\u0119 przej\u015b\u0107 labirynt i odczarowa\u0107 znikaj\u0105ce eksponaty?<br>Wst\u0119p &#8211; <strong>15 z\u0142<\/strong>. Czas trwania: 60 &#8211; 120 minut.<\/p>\n\n\n\n<figure class=\"wp-block-image size-large\"><img loading=\"lazy\" decoding=\"async\" width=\"1024\" height=\"461\" src=\"https:\/\/www.muzeum.klodzko.pl\/n\/wp-content\/uploads\/2025\/02\/469084631_1405127847413839_199132834991017293_n-1-1024x461.jpg\" alt=\"\" class=\"wp-image-397\" srcset=\"https:\/\/www.muzeum.klodzko.pl\/n\/wp-content\/uploads\/2025\/02\/469084631_1405127847413839_199132834991017293_n-1-1024x461.jpg 1024w, https:\/\/www.muzeum.klodzko.pl\/n\/wp-content\/uploads\/2025\/02\/469084631_1405127847413839_199132834991017293_n-1-300x135.jpg 300w, https:\/\/www.muzeum.klodzko.pl\/n\/wp-content\/uploads\/2025\/02\/469084631_1405127847413839_199132834991017293_n-1-768x346.jpg 768w, https:\/\/www.muzeum.klodzko.pl\/n\/wp-content\/uploads\/2025\/02\/469084631_1405127847413839_199132834991017293_n-1-1536x692.jpg 1536w, https:\/\/www.muzeum.klodzko.pl\/n\/wp-content\/uploads\/2025\/02\/469084631_1405127847413839_199132834991017293_n-1.jpg 2048w\" sizes=\"auto, (max-width: 1024px) 100vw, 1024px\" \/><\/figure>\n\n\n\n<p><\/p>\n","protected":false},"excerpt":{"rendered":"<p>Lekcje i warsztaty muzealne realizowane s\u0105 dla grup zorganizowanych powy\u017cej 8 os\u00f3b i nie wi\u0119cej ni\u017c dla 25 os\u00f3b. Rezerwacji nale\u017cy dokona\u0107 co najmniej tydzie\u0144 przed planowanym terminem: mailowo pod adresem: dno@muzeum.klodzko.pl pod numerem telefonu: 74 867 35 70 wewn\u0119trzny 23 lub w plac\u00f3wce Muzeum Zapraszamy! Moje pierwsze spotkanie ze sztuk\u0105Lekcja dla najm\u0142odszych. Uczestnicy dowiedz\u0105&hellip;&nbsp;<a href=\"https:\/\/www.muzeum.klodzko.pl\/n\/lekcje-dla-najmlodszych\/\" rel=\"bookmark\">Dowiedz si\u0119 wi\u0119cej &raquo;<span class=\"screen-reader-text\">Lekcje dla najm\u0142odszych<\/span><\/a><\/p>\n","protected":false},"author":1,"featured_media":135,"parent":0,"menu_order":0,"comment_status":"closed","ping_status":"closed","template":"","meta":{"neve_meta_sidebar":"","neve_meta_container":"","neve_meta_enable_content_width":"","neve_meta_content_width":0,"neve_meta_title_alignment":"","neve_meta_author_avatar":"","neve_post_elements_order":"","neve_meta_disable_header":"","neve_meta_disable_footer":"","neve_meta_disable_title":"","footnotes":""},"class_list":["post-95","page","type-page","status-publish","has-post-thumbnail","hentry"],"_links":{"self":[{"href":"https:\/\/www.muzeum.klodzko.pl\/n\/wp-json\/wp\/v2\/pages\/95","targetHints":{"allow":["GET"]}}],"collection":[{"href":"https:\/\/www.muzeum.klodzko.pl\/n\/wp-json\/wp\/v2\/pages"}],"about":[{"href":"https:\/\/www.muzeum.klodzko.pl\/n\/wp-json\/wp\/v2\/types\/page"}],"author":[{"embeddable":true,"href":"https:\/\/www.muzeum.klodzko.pl\/n\/wp-json\/wp\/v2\/users\/1"}],"replies":[{"embeddable":true,"href":"https:\/\/www.muzeum.klodzko.pl\/n\/wp-json\/wp\/v2\/comments?post=95"}],"version-history":[{"count":3,"href":"https:\/\/www.muzeum.klodzko.pl\/n\/wp-json\/wp\/v2\/pages\/95\/revisions"}],"predecessor-version":[{"id":3728,"href":"https:\/\/www.muzeum.klodzko.pl\/n\/wp-json\/wp\/v2\/pages\/95\/revisions\/3728"}],"wp:featuredmedia":[{"embeddable":true,"href":"https:\/\/www.muzeum.klodzko.pl\/n\/wp-json\/wp\/v2\/media\/135"}],"wp:attachment":[{"href":"https:\/\/www.muzeum.klodzko.pl\/n\/wp-json\/wp\/v2\/media?parent=95"}],"curies":[{"name":"wp","href":"https:\/\/api.w.org\/{rel}","templated":true}]}}