{"id":955,"date":"2025-04-03T14:04:06","date_gmt":"2025-04-03T12:04:06","guid":{"rendered":"https:\/\/www.muzeum.klodzko.pl\/n\/?page_id=955"},"modified":"2025-04-03T14:04:07","modified_gmt":"2025-04-03T12:04:07","slug":"wspolczesne-klodzkie-szklo-artystyczne-na-tle-tradycji-szklarstwa-ziemi-klodzkiej","status":"publish","type":"page","link":"https:\/\/www.muzeum.klodzko.pl\/n\/nasze-publikacje-2\/wspolczesne-klodzkie-szklo-artystyczne-na-tle-tradycji-szklarstwa-ziemi-klodzkiej\/","title":{"rendered":"Wsp\u00f3\u0142czesne k\u0142odzkie szk\u0142o artystyczne na tle tradycji szklarstwa Ziemi K\u0142odzkiej"},"content":{"rendered":"\n<p><strong><em>Wsp\u00f3\u0142czesne k\u0142odzkie szk\u0142o artystyczne na tle tradycji szklarstwa Ziemi K\u0142odzkiej<\/em>. <\/strong><\/p>\n\n\n\n<p>K\u0142odzko 1997, ss. 145, 26\u00d721 cm.<\/p>\n\n\n\n<p>Nak\u0142ad wyczerpany.<\/p>\n\n\n\n<p>Bogato ilustrowana publikacja towarzysz\u0105ca wystawie pod tym samym tytu\u0142em zawiera, w cz\u0119\u015bci zasadniczej, katalog muzealnej kolekcji wsp\u00f3\u0142czesnego szk\u0142a artystycznego, gdzie opr\u00f3cz opis\u00f3w prac znajdziemy noty biograficzne wszystkich autor\u00f3w obiekt\u00f3w prezentowanych na wystawie. Cz\u0119\u015b\u0107 katalogow\u0105 poprzedza obszerne wprowadzenie omawiaj\u0105ce rol\u0119 szk\u0142a w kulturze europejskiej, dzieje szklarstwa na ziem i k\u0142odzkiej i opis kolekcji wyrob\u00f3w ze szk\u0142a gromadzonych przez k\u0142odzkie muzeum.<\/p>\n\n\n\n<figure class=\"wp-block-image size-full\"><img loading=\"lazy\" decoding=\"async\" width=\"227\" height=\"300\" src=\"https:\/\/www.muzeum.klodzko.pl\/n\/wp-content\/uploads\/2025\/04\/8c5bcdb8424dbe1fe8c1a7df0c77.jpg\" alt=\"\" class=\"wp-image-956\"\/><figcaption class=\"wp-element-caption\">e2b9b485ba11557d64da4d03e09ddb71e9e17f3f92b6d0106ab80c8223765bff2bb5c94bd3e89612ed710221c0d1e3392babb7747191a099d4376923d237aa5dc6f4b7374e9853d37be0f5c3ab7a3f85<\/figcaption><\/figure>\n","protected":false},"excerpt":{"rendered":"<p>Wsp\u00f3\u0142czesne k\u0142odzkie szk\u0142o artystyczne na tle tradycji szklarstwa Ziemi K\u0142odzkiej. K\u0142odzko 1997, ss. 145, 26\u00d721 cm. Nak\u0142ad wyczerpany. Bogato ilustrowana publikacja towarzysz\u0105ca wystawie pod tym samym tytu\u0142em zawiera, w cz\u0119\u015bci zasadniczej, katalog muzealnej kolekcji wsp\u00f3\u0142czesnego szk\u0142a artystycznego, gdzie opr\u00f3cz opis\u00f3w prac znajdziemy noty biograficzne wszystkich autor\u00f3w obiekt\u00f3w prezentowanych na wystawie. Cz\u0119\u015b\u0107 katalogow\u0105 poprzedza obszerne wprowadzenie&hellip;&nbsp;<a href=\"https:\/\/www.muzeum.klodzko.pl\/n\/nasze-publikacje-2\/wspolczesne-klodzkie-szklo-artystyczne-na-tle-tradycji-szklarstwa-ziemi-klodzkiej\/\" rel=\"bookmark\">Dowiedz si\u0119 wi\u0119cej &raquo;<span class=\"screen-reader-text\">Wsp\u00f3\u0142czesne k\u0142odzkie szk\u0142o artystyczne na tle tradycji szklarstwa Ziemi K\u0142odzkiej<\/span><\/a><\/p>\n","protected":false},"author":3,"featured_media":957,"parent":655,"menu_order":0,"comment_status":"closed","ping_status":"closed","template":"","meta":{"neve_meta_sidebar":"","neve_meta_container":"","neve_meta_enable_content_width":"","neve_meta_content_width":0,"neve_meta_title_alignment":"","neve_meta_author_avatar":"","neve_post_elements_order":"","neve_meta_disable_header":"","neve_meta_disable_footer":"","neve_meta_disable_title":"","footnotes":""},"class_list":["post-955","page","type-page","status-publish","has-post-thumbnail","hentry"],"_links":{"self":[{"href":"https:\/\/www.muzeum.klodzko.pl\/n\/wp-json\/wp\/v2\/pages\/955","targetHints":{"allow":["GET"]}}],"collection":[{"href":"https:\/\/www.muzeum.klodzko.pl\/n\/wp-json\/wp\/v2\/pages"}],"about":[{"href":"https:\/\/www.muzeum.klodzko.pl\/n\/wp-json\/wp\/v2\/types\/page"}],"author":[{"embeddable":true,"href":"https:\/\/www.muzeum.klodzko.pl\/n\/wp-json\/wp\/v2\/users\/3"}],"replies":[{"embeddable":true,"href":"https:\/\/www.muzeum.klodzko.pl\/n\/wp-json\/wp\/v2\/comments?post=955"}],"version-history":[{"count":1,"href":"https:\/\/www.muzeum.klodzko.pl\/n\/wp-json\/wp\/v2\/pages\/955\/revisions"}],"predecessor-version":[{"id":958,"href":"https:\/\/www.muzeum.klodzko.pl\/n\/wp-json\/wp\/v2\/pages\/955\/revisions\/958"}],"up":[{"embeddable":true,"href":"https:\/\/www.muzeum.klodzko.pl\/n\/wp-json\/wp\/v2\/pages\/655"}],"wp:featuredmedia":[{"embeddable":true,"href":"https:\/\/www.muzeum.klodzko.pl\/n\/wp-json\/wp\/v2\/media\/957"}],"wp:attachment":[{"href":"https:\/\/www.muzeum.klodzko.pl\/n\/wp-json\/wp\/v2\/media?parent=955"}],"curies":[{"name":"wp","href":"https:\/\/api.w.org\/{rel}","templated":true}]}}