{"id":97,"date":"2025-01-09T18:02:54","date_gmt":"2025-01-09T17:02:54","guid":{"rendered":"https:\/\/www.muzeum.klodzko.pl\/n\/?page_id=97"},"modified":"2026-02-19T10:04:53","modified_gmt":"2026-02-19T09:04:53","slug":"warsztaty-muzealne","status":"publish","type":"page","link":"https:\/\/www.muzeum.klodzko.pl\/n\/warsztaty-muzealne\/","title":{"rendered":"Warsztaty muzealne"},"content":{"rendered":"\n<p><strong>Lekcje i warsztaty muzealne realizowane s\u0105 dla grup zorganizowanych powy\u017cej 8 os\u00f3b i nie wi\u0119cej ni\u017c dla 25 os\u00f3b. <br>Rezerwacji nale\u017cy dokona\u0107 co najmniej tydzie\u0144 przed planowanym terminem: <br>mailowo pod adresem: dno@muzeum.klodzko.pl  <br>pod numerem telefonu: 74 867 35 70 wewn\u0119trzny 23  <br>lub w plac\u00f3wce Muzeum <br><br>Zapraszamy!<\/strong> <br><br>  <br>  <br><\/p>\n\n\n\n<p><\/p>\n\n\n\n<p><strong>Akcja &#8211; konserwacja<br><\/strong>Zabawa we wn\u0119trzach muzealnych, w kt\u00f3rej grupa m\u0142odych detektyw\u00f3w dokonuje fascynuj\u0105cych odkry\u0107 zg\u0142\u0119biaj\u0105c wiedz\u0119 dotycz\u0105c\u0105 sposob\u00f3w ratowania zabytk\u00f3w.<br>Wst\u0119p &#8211; <strong>30 z\u0142<\/strong>. Czas trwania: 60 &#8211; 120 minut.<\/p>\n\n\n\n<figure class=\"wp-block-image size-large is-resized\"><img loading=\"lazy\" decoding=\"async\" width=\"754\" height=\"1024\" src=\"https:\/\/www.muzeum.klodzko.pl\/n\/wp-content\/uploads\/2025\/02\/327308938_881711909747274_5573792410507383999_n-754x1024.jpg\" alt=\"\" class=\"wp-image-388\" style=\"width:252px;height:auto\" srcset=\"https:\/\/www.muzeum.klodzko.pl\/n\/wp-content\/uploads\/2025\/02\/327308938_881711909747274_5573792410507383999_n-754x1024.jpg 754w, https:\/\/www.muzeum.klodzko.pl\/n\/wp-content\/uploads\/2025\/02\/327308938_881711909747274_5573792410507383999_n-221x300.jpg 221w, https:\/\/www.muzeum.klodzko.pl\/n\/wp-content\/uploads\/2025\/02\/327308938_881711909747274_5573792410507383999_n-768x1043.jpg 768w, https:\/\/www.muzeum.klodzko.pl\/n\/wp-content\/uploads\/2025\/02\/327308938_881711909747274_5573792410507383999_n-1131x1536.jpg 1131w, https:\/\/www.muzeum.klodzko.pl\/n\/wp-content\/uploads\/2025\/02\/327308938_881711909747274_5573792410507383999_n.jpg 1304w\" sizes=\"auto, (max-width: 754px) 100vw, 754px\" \/><\/figure>\n\n\n\n<p><\/p>\n\n\n\n<p><strong>Malowanie na szkle<br><\/strong>Uczestnicy poznaj\u0105 dawn\u0105 sztuk\u0119 malowania obraz\u00f3w na szkle i odkryj\u0105 technologi\u0119 ich powstawania na Ziemi K\u0142odzkiej. Na pami\u0105tk\u0119 ka\u017cdy zabierze swoj\u0105 prac\u0119.<br>Zapisy z dwutygodniowym wyprzedzeniem.<br>Grupy do 25 os\u00f3b. Wst\u0119p &#8211; <strong>30 z\u0142<\/strong>. Czas trwania: 90 &#8211; 120 minut.<\/p>\n\n\n\n<figure class=\"wp-block-image size-full is-resized\"><img loading=\"lazy\" decoding=\"async\" width=\"206\" height=\"206\" src=\"https:\/\/www.muzeum.klodzko.pl\/n\/wp-content\/uploads\/2025\/02\/293305850_1919615854875750_82369138194115926_n.jpg\" alt=\"\" class=\"wp-image-416\" style=\"width:271px;height:auto\" srcset=\"https:\/\/www.muzeum.klodzko.pl\/n\/wp-content\/uploads\/2025\/02\/293305850_1919615854875750_82369138194115926_n.jpg 206w, https:\/\/www.muzeum.klodzko.pl\/n\/wp-content\/uploads\/2025\/02\/293305850_1919615854875750_82369138194115926_n-150x150.jpg 150w\" sizes=\"auto, (max-width: 206px) 100vw, 206px\" \/><\/figure>\n\n\n\n<p><\/p>\n\n\n\n<p><strong>Monotypia na weso\u0142o<br><\/strong>Warsztaty tworzenia niepowtarzalnych grafik inspirowanych technik\u0105 monotypii. Podczas zaj\u0119\u0107 wykonamy prace przedstawiaj\u0105ce mi\u0119dzy innymi k\u0142odzkie zabytki, fantazyjne kompozycje czy abstrakcje.<br>Grupy do 20 os\u00f3b. Wst\u0119p <strong>20 z\u0142<\/strong>. Czas trwania: 45-60 minut.<\/p>\n\n\n\n<figure class=\"wp-block-image size-large is-resized\"><img loading=\"lazy\" decoding=\"async\" width=\"1024\" height=\"768\" src=\"https:\/\/www.muzeum.klodzko.pl\/n\/wp-content\/uploads\/2025\/02\/Monotypia01-mini-1024x768.jpg\" alt=\"\" class=\"wp-image-384\" style=\"width:364px;height:auto\" srcset=\"https:\/\/www.muzeum.klodzko.pl\/n\/wp-content\/uploads\/2025\/02\/Monotypia01-mini-1024x768.jpg 1024w, https:\/\/www.muzeum.klodzko.pl\/n\/wp-content\/uploads\/2025\/02\/Monotypia01-mini-300x225.jpg 300w, https:\/\/www.muzeum.klodzko.pl\/n\/wp-content\/uploads\/2025\/02\/Monotypia01-mini-768x576.jpg 768w, https:\/\/www.muzeum.klodzko.pl\/n\/wp-content\/uploads\/2025\/02\/Monotypia01-mini-1536x1152.jpg 1536w, https:\/\/www.muzeum.klodzko.pl\/n\/wp-content\/uploads\/2025\/02\/Monotypia01-mini-2048x1536.jpg 2048w\" sizes=\"auto, (max-width: 1024px) 100vw, 1024px\" \/><\/figure>\n\n\n\n<p><strong>Muzealne \u0142amig\u0142\u00f3wki<br><\/strong>Uczestnicy zwiedzaj\u0105c wszystkie sta\u0142e ekspozycje muzeum zmierz\u0105 si\u0119 z rozwi\u0105zywaniem rebus\u00f3w, zagadek, labirynt\u00f3w i innych zada\u0144 dotycz\u0105cych naszych zbior\u00f3w oraz regionu.<br>Wst\u0119p &#8211; <strong>20 z\u0142<\/strong>. Czas trwania: 90 &#8211; 120 minut.<\/p>\n\n\n\n<p><strong>K\u0105cik ma\u0142ego jubilera<br><\/strong>Warsztaty tworzenia bi\u017cuterii i dekoracji z motywem K\u0142odzka, przy u\u017cyciu gliny.<br>Wst\u0119p &#8211; <strong>30 z\u0142<\/strong>. Czas trwania: 60 &#8211; 120 minut.<\/p>\n\n\n\n<figure class=\"wp-block-image size-large is-resized\"><img loading=\"lazy\" decoding=\"async\" width=\"1024\" height=\"791\" src=\"https:\/\/www.muzeum.klodzko.pl\/n\/wp-content\/uploads\/2025\/02\/327510700_538633138254742_5481865789429160045_n-1024x791.jpg\" alt=\"\" class=\"wp-image-392\" style=\"width:370px;height:auto\" srcset=\"https:\/\/www.muzeum.klodzko.pl\/n\/wp-content\/uploads\/2025\/02\/327510700_538633138254742_5481865789429160045_n-1024x791.jpg 1024w, https:\/\/www.muzeum.klodzko.pl\/n\/wp-content\/uploads\/2025\/02\/327510700_538633138254742_5481865789429160045_n-300x232.jpg 300w, https:\/\/www.muzeum.klodzko.pl\/n\/wp-content\/uploads\/2025\/02\/327510700_538633138254742_5481865789429160045_n-768x593.jpg 768w, https:\/\/www.muzeum.klodzko.pl\/n\/wp-content\/uploads\/2025\/02\/327510700_538633138254742_5481865789429160045_n-1536x1186.jpg 1536w, https:\/\/www.muzeum.klodzko.pl\/n\/wp-content\/uploads\/2025\/02\/327510700_538633138254742_5481865789429160045_n.jpg 1948w\" sizes=\"auto, (max-width: 1024px) 100vw, 1024px\" \/><\/figure>\n\n\n\n<p><strong>KoLekcja w Muzeum<br><\/strong>Uczestnicy poznaj\u0105 zbiory muzealne oraz korzystaj\u0105c z zeszytu kolekcjonera rozwi\u0105zuj\u0105 zadania zwi\u0105zane z prezentowanymi na wystawach eksponatami.<br>Wst\u0119p &#8211; <strong>20 z\u0142<\/strong>, Czas trwania: 60 &#8211; 90 minut.<\/p>\n\n\n\n<p><strong>Pami\u0105tka z K\u0142odzka<br><\/strong>Uczestnicy warsztat\u00f3w dowiedz\u0105 si\u0119, jakie pami\u0105tki z podr\u00f3\u017cy przywozili pierwsi tury\u015bci i samodzielnie stworz\u0105 pami\u0105tk\u0119 z K\u0142odzka.<br>Wst\u0119p &#8211; <strong>20 z\u0142<\/strong>. Czas trwania: 45 &#8211; 60 minut.<\/p>\n\n\n\n<p><strong>Pozdrowienia z\u2026, czyli poczt\u00f3wkowy zawr\u00f3t g\u0142owy<br><\/strong>Lekcja przybli\u017caj\u0105ca histori\u0119 kartek pocztowych, po\u0142\u0105czona z prezentacj\u0105 multimedialn\u0105 i warsztatami tworzenia poczt\u00f3wek stylizowanych na tzw. grussy, popularne na pocz\u0105tku XIX i XX w. poczt\u00f3wki opatrzone napisem &#8222;Pozdrowienia z&#8230;&#8221;, przedstawiaj\u0105ce najcz\u0119\u015bciej panoramy miejscowo\u015bci oraz ich najciekawsze obiekty.<br>Grupy do 20 os\u00f3b. Wst\u0119p &#8211; <strong>20 z\u0142<\/strong>. Czas trwania: 60 &#8211; 90 minut.<\/p>\n\n\n\n<figure class=\"wp-block-image size-full is-resized\"><img loading=\"lazy\" decoding=\"async\" width=\"843\" height=\"522\" src=\"https:\/\/www.muzeum.klodzko.pl\/n\/wp-content\/uploads\/2025\/02\/449641558_1279381993321759_1519220573828458777_n.jpg\" alt=\"\" class=\"wp-image-399\" style=\"width:390px;height:auto\" srcset=\"https:\/\/www.muzeum.klodzko.pl\/n\/wp-content\/uploads\/2025\/02\/449641558_1279381993321759_1519220573828458777_n.jpg 843w, https:\/\/www.muzeum.klodzko.pl\/n\/wp-content\/uploads\/2025\/02\/449641558_1279381993321759_1519220573828458777_n-300x186.jpg 300w, https:\/\/www.muzeum.klodzko.pl\/n\/wp-content\/uploads\/2025\/02\/449641558_1279381993321759_1519220573828458777_n-768x476.jpg 768w\" sizes=\"auto, (max-width: 843px) 100vw, 843px\" \/><\/figure>\n\n\n\n<p><strong>Szk\u0142o kolorowe<br><\/strong>Po\u0142\u0105czenie lekcji, zabawy oraz warsztat\u00f3w plastycznych pozwalaj\u0105ce na odkrywanie pi\u0119kna szklanych przedmiot\u00f3w prezentowanych na wystawie pt. \u201eKruche pi\u0119kno\u201d<br>Wst\u0119p &#8211; <strong>20z\u0142<\/strong>, <strong>30 z\u0142<\/strong>. Czas trwania: 60 &#8211; 90 minut.<\/p>\n\n\n\n<figure class=\"wp-block-image size-large is-resized\"><img loading=\"lazy\" decoding=\"async\" width=\"1024\" height=\"755\" src=\"https:\/\/www.muzeum.klodzko.pl\/n\/wp-content\/uploads\/2025\/02\/420193957_1158037435456216_4554237287186836011_n-1024x755.jpg\" alt=\"\" class=\"wp-image-405\" style=\"width:386px;height:auto\" srcset=\"https:\/\/www.muzeum.klodzko.pl\/n\/wp-content\/uploads\/2025\/02\/420193957_1158037435456216_4554237287186836011_n-1024x755.jpg 1024w, https:\/\/www.muzeum.klodzko.pl\/n\/wp-content\/uploads\/2025\/02\/420193957_1158037435456216_4554237287186836011_n-300x221.jpg 300w, https:\/\/www.muzeum.klodzko.pl\/n\/wp-content\/uploads\/2025\/02\/420193957_1158037435456216_4554237287186836011_n-768x566.jpg 768w, https:\/\/www.muzeum.klodzko.pl\/n\/wp-content\/uploads\/2025\/02\/420193957_1158037435456216_4554237287186836011_n-1536x1133.jpg 1536w, https:\/\/www.muzeum.klodzko.pl\/n\/wp-content\/uploads\/2025\/02\/420193957_1158037435456216_4554237287186836011_n.jpg 1654w\" sizes=\"auto, (max-width: 1024px) 100vw, 1024px\" \/><\/figure>\n\n\n\n<p><strong>W trybach czasu<br><\/strong>Zwiedzanie wystawy<em> Oczy czasu&#8230;<\/em>, oraz tworzenie i zdobienie w\u0142asnych, zegar\u00f3w z kwarcowym mechanizm, inspirowanych kolekcj\u0105 muzealn\u0105.<br>Zapisy z dwutygodniowym wyprzedzeniem.<br>Grupy do 25 os\u00f3b. Wst\u0119p &#8211; <strong>30 z\u0142<\/strong>. Czas trwania: 90 &#8211; 120 minut.<\/p>\n\n\n\n<p> <strong>Wypu\u015bcimy was z torbami, czyli folk dla wszystkich<br><\/strong>Prelekcja o wykorzystywaniu element\u00f3w tradycyjnego stroju ludowego w polskiej i \u015bwiatowej modzie, a nast\u0119pnie zdobienie toreb papierowych lub materia\u0142owych przy pomocy piecz\u0105tek inspirowanych haftami ludowymi,<br>Zapisy z dwutygodniowym wyprzedzeniem.<br>Grupy do 25 os\u00f3b. Wst\u0119p &#8211; <strong>30 z\u0142<\/strong>. Czas trwania: 45 &#8211; 60 minut.<\/p>\n\n\n\n<p><strong>Zielnik k\u0142odzki<br><\/strong>Lekcja po\u015bwi\u0119cona historii k\u0142odzkich ogrod\u00f3w klasztornych, hodowanych w nich ro\u015blinach oraz uzdrawiaj\u0105cych specyfikach wytwarzanych w K\u0142odzku.<br>Wst\u0119p &#8211; <strong>15 z\u0142<\/strong>. Czas trwania: 45 &#8211; 90 minut.<\/p>\n\n\n\n<figure class=\"wp-block-image size-large is-resized\"><img loading=\"lazy\" decoding=\"async\" width=\"871\" height=\"1024\" src=\"https:\/\/www.muzeum.klodzko.pl\/n\/wp-content\/uploads\/2025\/02\/20210817_101732-1-871x1024.jpg\" alt=\"\" class=\"wp-image-379\" style=\"width:265px;height:auto\" srcset=\"https:\/\/www.muzeum.klodzko.pl\/n\/wp-content\/uploads\/2025\/02\/20210817_101732-1-871x1024.jpg 871w, https:\/\/www.muzeum.klodzko.pl\/n\/wp-content\/uploads\/2025\/02\/20210817_101732-1-255x300.jpg 255w, https:\/\/www.muzeum.klodzko.pl\/n\/wp-content\/uploads\/2025\/02\/20210817_101732-1-768x903.jpg 768w, https:\/\/www.muzeum.klodzko.pl\/n\/wp-content\/uploads\/2025\/02\/20210817_101732-1-1307x1536.jpg 1307w, https:\/\/www.muzeum.klodzko.pl\/n\/wp-content\/uploads\/2025\/02\/20210817_101732-1.jpg 1536w\" sizes=\"auto, (max-width: 871px) 100vw, 871px\" \/><\/figure>\n\n\n\n<p><strong>Zosta\u0144 skryb\u0105<br><\/strong>Uczestnicy w strojach mnich\u00f3w poznaj\u0105 kr\u00f3j pisma pochodz\u0105cy z Psa\u0142terza Floria\u0144skiego, spos\u00f3b ozdabiania r\u0119kopis\u00f3w w okresie gotyku oraz wykonaj\u0105 w\u0142asny barwny inicja\u0142.<br>Grupy do 25 os\u00f3b. Wst\u0119p &#8211; <strong>30 z\u0142<\/strong>. Czas trwania: 90 &#8211; 120 minut.<\/p>\n\n\n\n<figure class=\"wp-block-image size-full is-resized\"><img loading=\"lazy\" decoding=\"async\" width=\"206\" height=\"206\" src=\"https:\/\/www.muzeum.klodzko.pl\/n\/wp-content\/uploads\/2025\/02\/480475961_1463360834923873_4800883231954577057_n.jpg\" alt=\"\" class=\"wp-image-418\" style=\"width:270px;height:auto\" srcset=\"https:\/\/www.muzeum.klodzko.pl\/n\/wp-content\/uploads\/2025\/02\/480475961_1463360834923873_4800883231954577057_n.jpg 206w, https:\/\/www.muzeum.klodzko.pl\/n\/wp-content\/uploads\/2025\/02\/480475961_1463360834923873_4800883231954577057_n-150x150.jpg 150w\" sizes=\"auto, (max-width: 206px) 100vw, 206px\" \/><\/figure>\n\n\n\n<p><\/p>\n","protected":false},"excerpt":{"rendered":"<p>Lekcje i warsztaty muzealne realizowane s\u0105 dla grup zorganizowanych powy\u017cej 8 os\u00f3b i nie wi\u0119cej ni\u017c dla 25 os\u00f3b. Rezerwacji nale\u017cy dokona\u0107 co najmniej tydzie\u0144 przed planowanym terminem: mailowo pod adresem: dno@muzeum.klodzko.pl pod numerem telefonu: 74 867 35 70 wewn\u0119trzny 23 lub w plac\u00f3wce Muzeum Zapraszamy! Akcja &#8211; konserwacjaZabawa we wn\u0119trzach muzealnych, w kt\u00f3rej grupa&hellip;&nbsp;<a href=\"https:\/\/www.muzeum.klodzko.pl\/n\/warsztaty-muzealne\/\" rel=\"bookmark\">Dowiedz si\u0119 wi\u0119cej &raquo;<span class=\"screen-reader-text\">Warsztaty muzealne<\/span><\/a><\/p>\n","protected":false},"author":1,"featured_media":72,"parent":0,"menu_order":0,"comment_status":"closed","ping_status":"closed","template":"","meta":{"neve_meta_sidebar":"","neve_meta_container":"","neve_meta_enable_content_width":"","neve_meta_content_width":0,"neve_meta_title_alignment":"","neve_meta_author_avatar":"","neve_post_elements_order":"","neve_meta_disable_header":"","neve_meta_disable_footer":"","neve_meta_disable_title":"","footnotes":""},"class_list":["post-97","page","type-page","status-publish","has-post-thumbnail","hentry"],"_links":{"self":[{"href":"https:\/\/www.muzeum.klodzko.pl\/n\/wp-json\/wp\/v2\/pages\/97","targetHints":{"allow":["GET"]}}],"collection":[{"href":"https:\/\/www.muzeum.klodzko.pl\/n\/wp-json\/wp\/v2\/pages"}],"about":[{"href":"https:\/\/www.muzeum.klodzko.pl\/n\/wp-json\/wp\/v2\/types\/page"}],"author":[{"embeddable":true,"href":"https:\/\/www.muzeum.klodzko.pl\/n\/wp-json\/wp\/v2\/users\/1"}],"replies":[{"embeddable":true,"href":"https:\/\/www.muzeum.klodzko.pl\/n\/wp-json\/wp\/v2\/comments?post=97"}],"version-history":[{"count":17,"href":"https:\/\/www.muzeum.klodzko.pl\/n\/wp-json\/wp\/v2\/pages\/97\/revisions"}],"predecessor-version":[{"id":3736,"href":"https:\/\/www.muzeum.klodzko.pl\/n\/wp-json\/wp\/v2\/pages\/97\/revisions\/3736"}],"wp:featuredmedia":[{"embeddable":true,"href":"https:\/\/www.muzeum.klodzko.pl\/n\/wp-json\/wp\/v2\/media\/72"}],"wp:attachment":[{"href":"https:\/\/www.muzeum.klodzko.pl\/n\/wp-json\/wp\/v2\/media?parent=97"}],"curies":[{"name":"wp","href":"https:\/\/api.w.org\/{rel}","templated":true}]}}